{"id":2555,"date":"2017-09-19T08:38:32","date_gmt":"2017-09-19T06:38:32","guid":{"rendered":"https:\/\/pre.lavillarroel.cat\/ex\/\/la-funcion-por-hacer\/"},"modified":"2017-09-19T08:38:32","modified_gmt":"2017-09-19T06:38:32","slug":"la-funcion-por-hacer","status":"publish","type":"ex","link":"https:\/\/www.lavillarroel.cat\/ca\/ex\/la-funcion-por-hacer\/","title":{"rendered":"La funci\u00f3n por hacer"},"content":{"rendered":"","protected":false},"excerpt":{"rendered":"","protected":false},"author":2,"featured_media":0,"comment_status":"closed","ping_status":"open","template":"","class_list":["post-2555","ex","type-ex","status-publish","hentry","season-2009-10"],"acf":{"txt_synopsis":"<p align=\"justify\">Una catifa quadrada al voltant de la qual se situen els espectadors, un cavallet amb una tela i una bancada malmesa s\u00f3n els \u00fanics elements escenogr\u00e0fics d\u2019una funci\u00f3 que es recolza exclusivament sobre el text, el treball de direcci\u00f3 i els int\u00e8rprets. Sis actors que deixen at\u00f2nits als espectadors fent-los pensar, riure i emocionar-se sense parar i sense deixar-los de sorprendre.<\/p>","main_buy_link":"#","main_buy_links":"","group_buy_link":"","show_language":"","show_duration":"","show_start_date":"20100303000000","show_end_date":"20100328000000","show_sort_date":"20100303000000","txt_custom_show_dates":"del 3 al 28 de mar\u00e7 de 2010","show_disciplines":"","show_ultimes_funcions":false,"hide_tarifes_especials":false,"show_properament":false,"txt_additional_info":"","txt_present":"","show_season":[56],"txt_season":"[\"2009\/10\"]","txt_cycle":"","txt_claim":"","txt_cast_excerpt":"","txt_cast":"","txt_reviews":"<p align=\"justify\">\u201cInnovadora i espaterrant versi\u00f3 dels immortals <em>Sis personatges en busca d\u2019autor<\/em> de Pirandello. Di\u00e0legs tenyits d\u2019actualitat i humor en un pols interpretatiu d\u2019alt\u00edssim voltatge. Atrapa al p\u00fablic\u201d. Francesc Massip. <strong>Avui<\/strong><\/p>\n<p align=\"justify\">\u201cEl excelente reparto pone la guinda a un montaje interesante y provocador.\u201d Antonio J. Navarro. <strong>La Gu\u00eda del Ocio<br \/><br \/><\/strong>\u201cVariaci\u00f3 lliure sobre l\u2019obra de Pirandello plena d\u2019energia, idees brillants desenvolupades amb for\u00e7a imaginaci\u00f3 i un notable sentit de l\u2019humor. Proposta estimulant i bons actors en un l\u00fadic engranatge.\u201d Ram\u00f3n Oliver. <strong>Qu\u00e8 Fem? La Vanguardia<\/strong><br \/><br \/>\u201cRica en matisos i emocions, amb uns int\u00e8rprets espl\u00e8ndids que hi atorguen una for\u00e7a que no decau en cap moment\u201d. Carme Tierz. <strong>Time Out<\/strong><\/p>\n<p align=\"justify\">\u201cEspect\u00e1culo fresco, din\u00e1mico y de una arquitectura dram\u00e1tica perfecta. Interpretaci\u00f3n homog\u00e9nea y muy verdadera. Llega al espectador y merece recomendarse\u201d. Santiago Fondevila. <strong>La Vanguardia<\/strong><\/p>\n<p align=\"justify\">\u201cTrepidant, directe, apassionat, sorprenent. Realitat i ficci\u00f3 es barregen a la perfecci\u00f3 i els int\u00e8rprets traspuen veritat. Tots estan molt b\u00e9\u201d. C\u00e9sar L\u00f3pez Rosell. <strong>El Peri\u00f3dico de Catalunya<\/strong><\/p>\n<p align=\"justify\">\u201cMeravellosa dramat\u00fargia i direcci\u00f3. Jovial evocaci\u00f3 del teatre dins el teatre. El conjunt \u00e9s d\u2019una emotiva i fant\u00e0stica alegria. La implicaci\u00f3 dels actors \u00e9s total, transpiren honestedat i passi\u00f3, actuen de meravella i s\u00f3n d\u2019una sensacional veritat, pertorben, diverteixen i abasten definitivament el p\u00fablic. Espectacle brillant, intens, un plaer\u201d. Joaquim Armengol. <strong>El Punt<\/strong><\/p>\n<p align=\"justify\">\u201cEspectacle immens i demolidor, que creix minut a minut, amb una progressi\u00f3 dram\u00e0tica tan mesurada i ben dosificada com a contundent, fins a assolir un cl\u00edmax pertorbador de tan potent i versemblant\u201d. Javier Matesanz. <strong>Diari de Balears<\/strong><\/p>\n<p align=\"justify\">\u201cUna de les versions m\u00e9s n\u00edtides i clarividents sobre el cl\u00e0ssic de Pirandello. Algunes escenes acaben fent posar la pell de gallina\u201d. Andreu Sotorra. <strong>Clip de Teatre<\/strong><br \/><\/p>","hashtag":"","have_promo":"","slogan":"","id_exhibicio":597,"id_versio":466,"id_local":4,"txt_seo_desc":"","data_images":"[{\"localizer\":\"VERS_IMATGE_ESPECTACLE\",\"url\":\"media\/ftespect\/3112B\/01_020_00008658\/gal05.jpg\",\"thumb_url\":\"media\/ftespect\/3112B\/01_020_00008658\/gal05_thumb.jpg\",\"title\":\"La funci\u00f3n por hacer\",\"description\":\"La funci\u00f3n por hacer\",\"copyright\":\"\",\"order\":-1},{\"localizer\":\"VERS_IMATGE_ESPECTACLE\",\"url\":\"media\/ftespect\/3112B\/01_020_00008657\/gal04.jpg\",\"thumb_url\":\"media\/ftespect\/3112B\/01_020_00008657\/gal04_thumb.jpg\",\"title\":\"La funci\u00f3n por hacer\",\"description\":\"La funci\u00f3n por hacer\",\"copyright\":\"\",\"order\":-1},{\"localizer\":\"VERS_IMATGE_ESPECTACLE\",\"url\":\"media\/ftespect\/3112B\/01_020_00008656\/gal03.jpg\",\"thumb_url\":\"media\/ftespect\/3112B\/01_020_00008656\/gal03_thumb.jpg\",\"title\":\"La funci\u00f3n por hacer\",\"description\":\"La funci\u00f3n por hacer\",\"copyright\":\"\",\"order\":-1},{\"localizer\":\"VERS_PORTADA_TEATRE\",\"url\":\"media\/obraporttea\/3112A\/01_017_00008287\/portada01.jpg\",\"thumb_url\":\"\",\"title\":\"La funci\u00f3n por hacer\",\"description\":\"La funci\u00f3n por hacer\",\"copyright\":\"\",\"order\":-1},{\"localizer\":\"VERS_IMATGE_ESPECTACLE\",\"url\":\"media\/ftespect\/3112B\/01_020_00008655\/gal02.jpg\",\"thumb_url\":\"media\/ftespect\/3112B\/01_020_00008655\/gal02_thumb.jpg\",\"title\":\"La funci\u00f3n por hacer\",\"description\":\"La funci\u00f3n por hacer\",\"copyright\":\"\",\"order\":-1},{\"localizer\":\"VERS_PORTADA_ESPECTACLE\",\"url\":\"media\/obraport\/3112A\/01_014_00008299\/list02.jpg\",\"thumb_url\":\"\",\"title\":\"La funci\u00f3n por hacer\",\"description\":\"La funci\u00f3n por hacer\",\"copyright\":\"\",\"order\":-1},{\"localizer\":\"VERS_IMATGE_ESPECTACLE\",\"url\":\"media\/ftespect\/3112B\/01_020_00008654\/gal01.jpg\",\"thumb_url\":\"media\/ftespect\/3112B\/01_020_00008654\/gal01_thumb.jpg\",\"title\":\"La funci\u00f3n por hacer\",\"description\":\"La funci\u00f3n por hacer\",\"copyright\":\"\",\"order\":-1}]","material__texto_intro":"","data_material":null,"data_gallery":"","data_discounts":"[{\"InfoAddicional\":\"<p><strong>Tarifa especial:<\/strong> Majors de 65 anys, menors de 14 anys, Club Tr3sC i Carnet Jove.<\/p><p><strong>Descomptes per a grups i escoles<br \/><\/strong>Tel. 93 309 70 04<br \/><\/p>\",\"Url\":\"http:\/\/www.promentrada.com\",\"Codi\":\"0\",\"LogoUrl\":\"\"}]","contract_is_open":false,"in_tour":false},"yoast_head":"<!-- This site is optimized with the Yoast SEO plugin v27.4 - https:\/\/yoast.com\/product\/yoast-seo-wordpress\/ -->\n<title>La funci\u00f3n por hacer - La Villarroel<\/title>\n<meta name=\"robots\" content=\"index, follow, max-snippet:-1, max-image-preview:large, max-video-preview:-1\" \/>\n<link rel=\"canonical\" href=\"https:\/\/www.lavillarroel.cat\/ca\/ex\/la-funcion-por-hacer\/\" \/>\n<script type=\"application\/ld+json\" class=\"yoast-schema-graph\">{\"@context\":\"https:\\\/\\\/schema.org\",\"@graph\":[{\"@type\":\"WebPage\",\"@id\":\"https:\\\/\\\/www.lavillarroel.cat\\\/ca\\\/ex\\\/la-funcion-por-hacer\\\/\",\"url\":\"https:\\\/\\\/www.lavillarroel.cat\\\/ca\\\/ex\\\/la-funcion-por-hacer\\\/\",\"name\":\"La funci\u00f3n por hacer - La Villarroel\",\"isPartOf\":{\"@id\":\"https:\\\/\\\/www.lavillarroel.cat\\\/ca\\\/#website\"},\"datePublished\":\"2017-09-19T06:38:32+00:00\",\"breadcrumb\":{\"@id\":\"https:\\\/\\\/www.lavillarroel.cat\\\/ca\\\/ex\\\/la-funcion-por-hacer\\\/#breadcrumb\"},\"inLanguage\":\"ca\",\"potentialAction\":[{\"@type\":\"ReadAction\",\"target\":[\"https:\\\/\\\/www.lavillarroel.cat\\\/ca\\\/ex\\\/la-funcion-por-hacer\\\/\"]}]},{\"@type\":\"BreadcrumbList\",\"@id\":\"https:\\\/\\\/www.lavillarroel.cat\\\/ca\\\/ex\\\/la-funcion-por-hacer\\\/#breadcrumb\",\"itemListElement\":[{\"@type\":\"ListItem\",\"position\":1,\"name\":\"Inici\",\"item\":\"https:\\\/\\\/www.lavillarroel.cat\\\/ca\\\/\"},{\"@type\":\"ListItem\",\"position\":2,\"name\":\"Espectacles\",\"item\":\"https:\\\/\\\/www.lavillarroel.cat\\\/ca\\\/ex\\\/\"},{\"@type\":\"ListItem\",\"position\":3,\"name\":\"La funci\u00f3n por hacer\"}]},{\"@type\":\"WebSite\",\"@id\":\"https:\\\/\\\/www.lavillarroel.cat\\\/ca\\\/#website\",\"url\":\"https:\\\/\\\/www.lavillarroel.cat\\\/ca\\\/\",\"name\":\"La Villarroel\",\"description\":\"\",\"publisher\":{\"@id\":\"https:\\\/\\\/www.lavillarroel.cat\\\/ca\\\/#organization\"},\"potentialAction\":[{\"@type\":\"SearchAction\",\"target\":{\"@type\":\"EntryPoint\",\"urlTemplate\":\"https:\\\/\\\/www.lavillarroel.cat\\\/ca\\\/?s={search_term_string}\"},\"query-input\":{\"@type\":\"PropertyValueSpecification\",\"valueRequired\":true,\"valueName\":\"search_term_string\"}}],\"inLanguage\":\"ca\"},{\"@type\":\"Organization\",\"@id\":\"https:\\\/\\\/www.lavillarroel.cat\\\/ca\\\/#organization\",\"name\":\"La Villarroel\",\"url\":\"https:\\\/\\\/www.lavillarroel.cat\\\/ca\\\/\",\"logo\":{\"@type\":\"ImageObject\",\"inLanguage\":\"ca\",\"@id\":\"https:\\\/\\\/www.lavillarroel.cat\\\/ca\\\/#\\\/schema\\\/logo\\\/image\\\/\",\"url\":\"https:\\\/\\\/www.lavillarroel.cat\\\/wp-content\\\/uploads\\\/sites\\\/5\\\/2017\\\/09\\\/teatre-villaroel-logo.svg\",\"contentUrl\":\"https:\\\/\\\/www.lavillarroel.cat\\\/wp-content\\\/uploads\\\/sites\\\/5\\\/2017\\\/09\\\/teatre-villaroel-logo.svg\",\"width\":1,\"height\":1,\"caption\":\"La Villarroel\"},\"image\":{\"@id\":\"https:\\\/\\\/www.lavillarroel.cat\\\/ca\\\/#\\\/schema\\\/logo\\\/image\\\/\"},\"sameAs\":[\"http:\\\/\\\/www.facebook.com\\\/TeatreVillarroel\",\"https:\\\/\\\/x.com\\\/la_villarroel\",\"http:\\\/\\\/instagram.com\\\/la_villarroel\",\"http:\\\/\\\/www.youtube.com\\\/user\\\/LaVillarroel#p\\\/u\"]}]}<\/script>\n<!-- \/ Yoast SEO plugin. -->","yoast_head_json":{"title":"La funci\u00f3n por hacer - La Villarroel","robots":{"index":"index","follow":"follow","max-snippet":"max-snippet:-1","max-image-preview":"max-image-preview:large","max-video-preview":"max-video-preview:-1"},"canonical":"https:\/\/www.lavillarroel.cat\/ca\/ex\/la-funcion-por-hacer\/","schema":{"@context":"https:\/\/schema.org","@graph":[{"@type":"WebPage","@id":"https:\/\/www.lavillarroel.cat\/ca\/ex\/la-funcion-por-hacer\/","url":"https:\/\/www.lavillarroel.cat\/ca\/ex\/la-funcion-por-hacer\/","name":"La funci\u00f3n por hacer - La Villarroel","isPartOf":{"@id":"https:\/\/www.lavillarroel.cat\/ca\/#website"},"datePublished":"2017-09-19T06:38:32+00:00","breadcrumb":{"@id":"https:\/\/www.lavillarroel.cat\/ca\/ex\/la-funcion-por-hacer\/#breadcrumb"},"inLanguage":"ca","potentialAction":[{"@type":"ReadAction","target":["https:\/\/www.lavillarroel.cat\/ca\/ex\/la-funcion-por-hacer\/"]}]},{"@type":"BreadcrumbList","@id":"https:\/\/www.lavillarroel.cat\/ca\/ex\/la-funcion-por-hacer\/#breadcrumb","itemListElement":[{"@type":"ListItem","position":1,"name":"Inici","item":"https:\/\/www.lavillarroel.cat\/ca\/"},{"@type":"ListItem","position":2,"name":"Espectacles","item":"https:\/\/www.lavillarroel.cat\/ca\/ex\/"},{"@type":"ListItem","position":3,"name":"La funci\u00f3n por hacer"}]},{"@type":"WebSite","@id":"https:\/\/www.lavillarroel.cat\/ca\/#website","url":"https:\/\/www.lavillarroel.cat\/ca\/","name":"La Villarroel","description":"","publisher":{"@id":"https:\/\/www.lavillarroel.cat\/ca\/#organization"},"potentialAction":[{"@type":"SearchAction","target":{"@type":"EntryPoint","urlTemplate":"https:\/\/www.lavillarroel.cat\/ca\/?s={search_term_string}"},"query-input":{"@type":"PropertyValueSpecification","valueRequired":true,"valueName":"search_term_string"}}],"inLanguage":"ca"},{"@type":"Organization","@id":"https:\/\/www.lavillarroel.cat\/ca\/#organization","name":"La Villarroel","url":"https:\/\/www.lavillarroel.cat\/ca\/","logo":{"@type":"ImageObject","inLanguage":"ca","@id":"https:\/\/www.lavillarroel.cat\/ca\/#\/schema\/logo\/image\/","url":"https:\/\/www.lavillarroel.cat\/wp-content\/uploads\/sites\/5\/2017\/09\/teatre-villaroel-logo.svg","contentUrl":"https:\/\/www.lavillarroel.cat\/wp-content\/uploads\/sites\/5\/2017\/09\/teatre-villaroel-logo.svg","width":1,"height":1,"caption":"La Villarroel"},"image":{"@id":"https:\/\/www.lavillarroel.cat\/ca\/#\/schema\/logo\/image\/"},"sameAs":["http:\/\/www.facebook.com\/TeatreVillarroel","https:\/\/x.com\/la_villarroel","http:\/\/instagram.com\/la_villarroel","http:\/\/www.youtube.com\/user\/LaVillarroel#p\/u"]}]}},"translations":[{"id":2555,"locale":"ca"},{"id":2760,"locale":"es"}],"_links":{"self":[{"href":"https:\/\/www.lavillarroel.cat\/ca\/wp-json\/wp\/v2\/ex\/2555","targetHints":{"allow":["GET"]}}],"collection":[{"href":"https:\/\/www.lavillarroel.cat\/ca\/wp-json\/wp\/v2\/ex"}],"about":[{"href":"https:\/\/www.lavillarroel.cat\/ca\/wp-json\/wp\/v2\/types\/ex"}],"author":[{"embeddable":true,"href":"https:\/\/www.lavillarroel.cat\/ca\/wp-json\/wp\/v2\/users\/2"}],"replies":[{"embeddable":true,"href":"https:\/\/www.lavillarroel.cat\/ca\/wp-json\/wp\/v2\/comments?post=2555"}],"acf:term":[{"embeddable":true,"taxonomy":"season","href":"https:\/\/www.lavillarroel.cat\/ca\/wp-json\/wp\/v2\/season\/56"}],"wp:attachment":[{"href":"https:\/\/www.lavillarroel.cat\/ca\/wp-json\/wp\/v2\/media?parent=2555"}],"curies":[{"name":"wp","href":"https:\/\/api.w.org\/{rel}","templated":true}]}}

La función por hacer

<p align="justify">Una catifa quadrada al voltant de la qual se situen els espectadors, un cavallet amb una tela i una bancada malmesa són els únics elements escenogràfics d’una funció que es recolza exclusivament sobre el text, el treball de direcció i els intèrprets. Sis actors que deixen atònits als espectadors fent-los pensar, riure i emocionar-se sense parar i sense deixar-los de sorprendre.</p>

del 3 al 28 de març de 2010

<p align="justify">“Innovadora i espaterrant versió dels immortals <em>Sis personatges en busca d’autor</em> de Pirandello. Diàlegs tenyits d’actualitat i humor en un pols interpretatiu d’altíssim voltatge. Atrapa al públic”. Francesc Massip. <strong>Avui</strong></p>
<p align="justify">“El excelente reparto pone la guinda a un montaje interesante y provocador.” Antonio J. Navarro. <strong>La Guía del Ocio<br /><br /></strong>“Variació lliure sobre l’obra de Pirandello plena d’energia, idees brillants desenvolupades amb força imaginació i un notable sentit de l’humor. Proposta estimulant i bons actors en un lúdic engranatge.” Ramón Oliver. <strong>Què Fem? La Vanguardia</strong><br /><br />“Rica en matisos i emocions, amb uns intèrprets esplèndids que hi atorguen una força que no decau en cap moment”. Carme Tierz. <strong>Time Out</strong></p>
<p align="justify">“Espectáculo fresco, dinámico y de una arquitectura dramática perfecta. Interpretación homogénea y muy verdadera. Llega al espectador y merece recomendarse”. Santiago Fondevila. <strong>La Vanguardia</strong></p>
<p align="justify">“Trepidant, directe, apassionat, sorprenent. Realitat i ficció es barregen a la perfecció i els intèrprets traspuen veritat. Tots estan molt bé”. César López Rosell. <strong>El Periódico de Catalunya</strong></p>
<p align="justify">“Meravellosa dramatúrgia i direcció. Jovial evocació del teatre dins el teatre. El conjunt és d’una emotiva i fantàstica alegria. La implicació dels actors és total, transpiren honestedat i passió, actuen de meravella i són d’una sensacional veritat, pertorben, diverteixen i abasten definitivament el públic. Espectacle brillant, intens, un plaer”. Joaquim Armengol. <strong>El Punt</strong></p>
<p align="justify">“Espectacle immens i demolidor, que creix minut a minut, amb una progressió dramàtica tan mesurada i ben dosificada com a contundent, fins a assolir un clímax pertorbador de tan potent i versemblant”. Javier Matesanz. <strong>Diari de Balears</strong></p>
<p align="justify">“Una de les versions més nítides i clarividents sobre el clàssic de Pirandello. Algunes escenes acaben fent posar la pell de gallina”. Andreu Sotorra. <strong>Clip de Teatre</strong><br /></p>

[{"localizer":"VERS_IMATGE_ESPECTACLE","url":"media/ftespect/3112B/01_020_00008658/gal05.jpg","thumb_url":"media/ftespect/3112B/01_020_00008658/gal05_thumb.jpg","title":"La función por hacer","description":"La función por hacer","copyright":"","order":-1},{"localizer":"VERS_IMATGE_ESPECTACLE","url":"media/ftespect/3112B/01_020_00008657/gal04.jpg","thumb_url":"media/ftespect/3112B/01_020_00008657/gal04_thumb.jpg","title":"La función por hacer","description":"La función por hacer","copyright":"","order":-1},{"localizer":"VERS_IMATGE_ESPECTACLE","url":"media/ftespect/3112B/01_020_00008656/gal03.jpg","thumb_url":"media/ftespect/3112B/01_020_00008656/gal03_thumb.jpg","title":"La función por hacer","description":"La función por hacer","copyright":"","order":-1},{"localizer":"VERS_PORTADA_TEATRE","url":"media/obraporttea/3112A/01_017_00008287/portada01.jpg","thumb_url":"","title":"La función por hacer","description":"La función por hacer","copyright":"","order":-1},{"localizer":"VERS_IMATGE_ESPECTACLE","url":"media/ftespect/3112B/01_020_00008655/gal02.jpg","thumb_url":"media/ftespect/3112B/01_020_00008655/gal02_thumb.jpg","title":"La función por hacer","description":"La función por hacer","copyright":"","order":-1},{"localizer":"VERS_PORTADA_ESPECTACLE","url":"media/obraport/3112A/01_014_00008299/list02.jpg","thumb_url":"","title":"La función por hacer","description":"La función por hacer","copyright":"","order":-1},{"localizer":"VERS_IMATGE_ESPECTACLE","url":"media/ftespect/3112B/01_020_00008654/gal01.jpg","thumb_url":"media/ftespect/3112B/01_020_00008654/gal01_thumb.jpg","title":"La función por hacer","description":"La función por hacer","copyright":"","order":-1}]

<!-- This site is optimized with the Yoast SEO plugin v27.4 - https://yoast.com/product/yoast-seo-wordpress/ -->
<title>La función por hacer - La Villarroel</title>
<meta name="robots" content="index, follow, max-snippet:-1, max-image-preview:large, max-video-preview:-1" />
<link rel="canonical" href="https://www.lavillarroel.cat/ca/ex/la-funcion-por-hacer/" />
<script type="application/ld+json" class="yoast-schema-graph">{"@context":"https:\/\/schema.org","@graph":[{"@type":"WebPage","@id":"https:\/\/www.lavillarroel.cat\/ca\/ex\/la-funcion-por-hacer\/","url":"https:\/\/www.lavillarroel.cat\/ca\/ex\/la-funcion-por-hacer\/","name":"La función por hacer - La Villarroel","isPartOf":{"@id":"https:\/\/www.lavillarroel.cat\/ca\/#website"},"datePublished":"2017-09-19T06:38:32+00:00","breadcrumb":{"@id":"https:\/\/www.lavillarroel.cat\/ca\/ex\/la-funcion-por-hacer\/#breadcrumb"},"inLanguage":"ca","potentialAction":[{"@type":"ReadAction","target":["https:\/\/www.lavillarroel.cat\/ca\/ex\/la-funcion-por-hacer\/"]}]},{"@type":"BreadcrumbList","@id":"https:\/\/www.lavillarroel.cat\/ca\/ex\/la-funcion-por-hacer\/#breadcrumb","itemListElement":[{"@type":"ListItem","position":1,"name":"Inici","item":"https:\/\/www.lavillarroel.cat\/ca\/"},{"@type":"ListItem","position":2,"name":"Espectacles","item":"https:\/\/www.lavillarroel.cat\/ca\/ex\/"},{"@type":"ListItem","position":3,"name":"La función por hacer"}]},{"@type":"WebSite","@id":"https:\/\/www.lavillarroel.cat\/ca\/#website","url":"https:\/\/www.lavillarroel.cat\/ca\/","name":"La Villarroel","description":"","publisher":{"@id":"https:\/\/www.lavillarroel.cat\/ca\/#organization"},"potentialAction":[{"@type":"SearchAction","target":{"@type":"EntryPoint","urlTemplate":"https:\/\/www.lavillarroel.cat\/ca\/?s={search_term_string}"},"query-input":{"@type":"PropertyValueSpecification","valueRequired":true,"valueName":"search_term_string"}}],"inLanguage":"ca"},{"@type":"Organization","@id":"https:\/\/www.lavillarroel.cat\/ca\/#organization","name":"La Villarroel","url":"https:\/\/www.lavillarroel.cat\/ca\/","logo":{"@type":"ImageObject","inLanguage":"ca","@id":"https:\/\/www.lavillarroel.cat\/ca\/#\/schema\/logo\/image\/","url":"https:\/\/www.lavillarroel.cat\/wp-content\/uploads\/sites\/5\/2017\/09\/teatre-villaroel-logo.svg","contentUrl":"https:\/\/www.lavillarroel.cat\/wp-content\/uploads\/sites\/5\/2017\/09\/teatre-villaroel-logo.svg","width":1,"height":1,"caption":"La Villarroel"},"image":{"@id":"https:\/\/www.lavillarroel.cat\/ca\/#\/schema\/logo\/image\/"},"sameAs":["http:\/\/www.facebook.com\/TeatreVillarroel","https:\/\/x.com\/la_villarroel","http:\/\/instagram.com\/la_villarroel","http:\/\/www.youtube.com\/user\/LaVillarroel#p\/u"]}]}</script>
<!-- / Yoast SEO plugin. -->

La función por hacer - La Villarroel
