{"id":2563,"date":"2017-09-19T08:38:38","date_gmt":"2017-09-19T06:38:38","guid":{"rendered":"https:\/\/pre.lavillarroel.cat\/ex\/\/lilla-dels-monzons\/"},"modified":"2017-09-19T08:38:38","modified_gmt":"2017-09-19T06:38:38","slug":"lilla-dels-monzons","status":"publish","type":"ex","link":"https:\/\/www.lavillarroel.cat\/ca\/ex\/lilla-dels-monzons\/","title":{"rendered":"L&#8217;illa dels monzons"},"content":{"rendered":"","protected":false},"excerpt":{"rendered":"","protected":false},"author":2,"featured_media":0,"comment_status":"closed","ping_status":"open","template":"","class_list":["post-2563","ex","type-ex","status-publish","hentry","season-2010-11"],"acf":{"txt_synopsis":"<p align=\"justify\">Una n\u00e0ufrag en una illa deserta espera, en va, a ser rescatat. <br \/>Un grup de naturistes il\u00b7luminats desembarquen amb \u00e0nsies de refundar el m\u00f3n i fugir del fums i les enveges de la civilitzaci\u00f3 occidental.<br \/>Per l\u2019illa desfilen una galeria de pr\u00ednceps blaus fracassats, parelles que s\u2019esfondren, gripaus encantats, gnoms de la sort i conductors amb tics psic\u00f2tics, tots amb els seus desitjos i les seves frustracions, tots il\u00b7luminats amb un humor sarc\u00e0stic i tendre, ir\u00f2nic i surrealista. <br \/>Una suma de l\u00facids fragments de les obsessions de la contemporane\u00eftat en un conte per adults on res no \u00e9s de la manera que s'havia apr\u00e8s o pensat.<br \/><\/p>","main_buy_link":"#","main_buy_links":"","group_buy_link":"","show_language":"","show_duration":"","show_start_date":"20101001000000","show_end_date":"20101101000000","show_sort_date":"20101001000000","txt_custom_show_dates":"de l'1 d'octubre a l'1 de novembre de 2010","show_disciplines":"","show_ultimes_funcions":false,"hide_tarifes_especials":false,"show_properament":false,"txt_additional_info":"","txt_present":"","show_season":[57],"txt_season":"[\"2010\/11\"]","txt_cycle":"","txt_claim":"","txt_cast_excerpt":"","txt_cast":"","txt_reviews":"","hashtag":"","have_promo":"","slogan":"","id_exhibicio":637,"id_versio":501,"id_local":4,"txt_seo_desc":"","data_images":"[{\"localizer\":\"VERS_PDF_GIRES\",\"url\":\"media\/pressdoc\/31133\/01_021_00011900\/F_T_Lilla_dels_monzons.pdf\",\"thumb_url\":\"\",\"title\":\"L'illa dels monzons.\",\"description\":\"Fitxa t\u00e8cnica\",\"copyright\":\"\",\"order\":1},{\"localizer\":\"VERS_PDF_GIRES\",\"url\":\"media\/pressdoc\/31133\/01_021_00011842\/dossier_pag_a_pag.pdf\",\"thumb_url\":\"\",\"title\":\"L'illa dels monzons.\",\"description\":\"Dossier de premsa\",\"copyright\":\"\",\"order\":2},{\"localizer\":\"VERS_IMATGE_ESPECTACLE\",\"url\":\"media\/ftespect\/31132\/01_020_00011420\/gal06.jpg\",\"thumb_url\":\"media\/ftespect\/31132\/01_020_00011420\/gal06_thumb.jpg\",\"title\":\"L'illa dels monzons\",\"description\":\"L'illa dels monzons\",\"copyright\":\"Copyright Paco Amate\",\"order\":-1},{\"localizer\":\"VERS_IMATGE_ESPECTACLE\",\"url\":\"media\/ftespect\/31132\/01_020_00011419\/gal05.jpg\",\"thumb_url\":\"media\/ftespect\/31132\/01_020_00011419\/gal05_thumb.jpg\",\"title\":\"L'illa dels monzons\",\"description\":\"L'illa dels monzons\",\"copyright\":\"Copyright Paco Amate\",\"order\":-1},{\"localizer\":\"VERS_IMATGE_ESPECTACLE\",\"url\":\"media\/ftespect\/31132\/01_020_00011418\/gal04.jpg\",\"thumb_url\":\"media\/ftespect\/31132\/01_020_00011418\/gal04_thumb.jpg\",\"title\":\"L'illa dels monzons\",\"description\":\"L'illa dels monzons\",\"copyright\":\"Copyright Paco Amate\",\"order\":-1},{\"localizer\":\"VERS_IMATGE_ESPECTACLE\",\"url\":\"media\/ftespect\/31132\/01_020_00011416\/gal02.jpg\",\"thumb_url\":\"media\/ftespect\/31132\/01_020_00011416\/gal02_thumb.jpg\",\"title\":\"L'illa dels monzons\",\"description\":\"L'illa dels monzons\",\"copyright\":\"Copyright Paco Amate\",\"order\":-1},{\"localizer\":\"VERS_IMATGE_ESPECTACLE\",\"url\":\"media\/ftespect\/31132\/01_020_00011415\/gal01.jpg\",\"thumb_url\":\"media\/ftespect\/31132\/01_020_00011415\/gal01_thumb.jpg\",\"title\":\"L'illa dels monzons\",\"description\":\"L'illa dels monzons\",\"copyright\":\"Copyright Paco Amate\",\"order\":-1},{\"localizer\":\"VERS_PORTADA_ESPECTACLE\",\"url\":\"media\/obraport\/31131\/01_014_00011226\/list.jpg\",\"thumb_url\":\"\",\"title\":\"L'illa dels monzons\",\"description\":\"L'illa dels monzons\",\"copyright\":\"\",\"order\":-1},{\"localizer\":\"VERS_PORTADA_TEATRE\",\"url\":\"media\/obraporttea\/31131\/01_017_00011227\/port.jpg\",\"thumb_url\":\"\",\"title\":\"L'illa dels monzons\",\"description\":\"L'illa dels monzons\",\"copyright\":\"\",\"order\":-1},{\"localizer\":\"VERS_IMATGE_ESPECTACLE\",\"url\":\"media\/ftespect\/31132\/01_020_00011421\/gal07.jpg\",\"thumb_url\":\"media\/ftespect\/31132\/01_020_00011421\/gal07_thumb.jpg\",\"title\":\"L'illa dels monzons\",\"description\":\"L'illa dels monzons\",\"copyright\":\"Copyright Paco Amate\",\"order\":-1},{\"localizer\":\"VERS_IMATGE_ESPECTACLE\",\"url\":\"media\/ftespect\/31132\/01_020_00011422\/gal08.jpg\",\"thumb_url\":\"media\/ftespect\/31132\/01_020_00011422\/gal08_thumb.jpg\",\"title\":\"L'illa dels monzons\",\"description\":\"L'illa dels monzons\",\"copyright\":\"Copyright Paco Amate\",\"order\":-1},{\"localizer\":\"VERS_IMATGE_ESPECTACLE\",\"url\":\"media\/ftespect\/31132\/01_020_00011417\/gal03.jpg\",\"thumb_url\":\"media\/ftespect\/31132\/01_020_00011417\/gal03_thumb.jpg\",\"title\":\"L'illa dels monzons\",\"description\":\"L'illa dels monzons\",\"copyright\":\"Copyright Paco Amate\",\"order\":-1}]","material__texto_intro":"","data_material":null,"data_gallery":"","data_discounts":"[{\"InfoAddicional\":\"<p><strong>Tarifa especial:<\/strong> Majors de 65 anys, menors de 14 anys, Club Tr3sC i Carnet Jove.<\/p><p><strong>Descomptes per a grups i escoles<br \/><\/strong>Tel. 93 309 70 04<br \/><\/p>\",\"Url\":\"http:\/\/www.promentrada.com\",\"Codi\":\"0\",\"LogoUrl\":\"\"}]","contract_is_open":false,"in_tour":false},"yoast_head":"<!-- This site is optimized with the Yoast SEO plugin v27.5 - https:\/\/yoast.com\/product\/yoast-seo-wordpress\/ -->\n<title>L&#039;illa dels monzons - La Villarroel<\/title>\n<meta name=\"robots\" content=\"index, follow, max-snippet:-1, max-image-preview:large, max-video-preview:-1\" \/>\n<link rel=\"canonical\" href=\"https:\/\/www.lavillarroel.cat\/ca\/ex\/lilla-dels-monzons\/\" \/>\n<script type=\"application\/ld+json\" class=\"yoast-schema-graph\">{\"@context\":\"https:\\\/\\\/schema.org\",\"@graph\":[{\"@type\":\"WebPage\",\"@id\":\"https:\\\/\\\/www.lavillarroel.cat\\\/ca\\\/ex\\\/lilla-dels-monzons\\\/\",\"url\":\"https:\\\/\\\/www.lavillarroel.cat\\\/ca\\\/ex\\\/lilla-dels-monzons\\\/\",\"name\":\"L'illa dels monzons - La Villarroel\",\"isPartOf\":{\"@id\":\"https:\\\/\\\/www.lavillarroel.cat\\\/ca\\\/#website\"},\"datePublished\":\"2017-09-19T06:38:38+00:00\",\"breadcrumb\":{\"@id\":\"https:\\\/\\\/www.lavillarroel.cat\\\/ca\\\/ex\\\/lilla-dels-monzons\\\/#breadcrumb\"},\"inLanguage\":\"ca\",\"potentialAction\":[{\"@type\":\"ReadAction\",\"target\":[\"https:\\\/\\\/www.lavillarroel.cat\\\/ca\\\/ex\\\/lilla-dels-monzons\\\/\"]}]},{\"@type\":\"BreadcrumbList\",\"@id\":\"https:\\\/\\\/www.lavillarroel.cat\\\/ca\\\/ex\\\/lilla-dels-monzons\\\/#breadcrumb\",\"itemListElement\":[{\"@type\":\"ListItem\",\"position\":1,\"name\":\"Inici\",\"item\":\"https:\\\/\\\/www.lavillarroel.cat\\\/ca\\\/\"},{\"@type\":\"ListItem\",\"position\":2,\"name\":\"Espectacles\",\"item\":\"https:\\\/\\\/www.lavillarroel.cat\\\/ca\\\/ex\\\/\"},{\"@type\":\"ListItem\",\"position\":3,\"name\":\"L&#8217;illa dels monzons\"}]},{\"@type\":\"WebSite\",\"@id\":\"https:\\\/\\\/www.lavillarroel.cat\\\/ca\\\/#website\",\"url\":\"https:\\\/\\\/www.lavillarroel.cat\\\/ca\\\/\",\"name\":\"La Villarroel\",\"description\":\"\",\"publisher\":{\"@id\":\"https:\\\/\\\/www.lavillarroel.cat\\\/ca\\\/#organization\"},\"potentialAction\":[{\"@type\":\"SearchAction\",\"target\":{\"@type\":\"EntryPoint\",\"urlTemplate\":\"https:\\\/\\\/www.lavillarroel.cat\\\/ca\\\/?s={search_term_string}\"},\"query-input\":{\"@type\":\"PropertyValueSpecification\",\"valueRequired\":true,\"valueName\":\"search_term_string\"}}],\"inLanguage\":\"ca\"},{\"@type\":\"Organization\",\"@id\":\"https:\\\/\\\/www.lavillarroel.cat\\\/ca\\\/#organization\",\"name\":\"La Villarroel\",\"url\":\"https:\\\/\\\/www.lavillarroel.cat\\\/ca\\\/\",\"logo\":{\"@type\":\"ImageObject\",\"inLanguage\":\"ca\",\"@id\":\"https:\\\/\\\/www.lavillarroel.cat\\\/ca\\\/#\\\/schema\\\/logo\\\/image\\\/\",\"url\":\"https:\\\/\\\/www.lavillarroel.cat\\\/wp-content\\\/uploads\\\/sites\\\/5\\\/2017\\\/09\\\/teatre-villaroel-logo.svg\",\"contentUrl\":\"https:\\\/\\\/www.lavillarroel.cat\\\/wp-content\\\/uploads\\\/sites\\\/5\\\/2017\\\/09\\\/teatre-villaroel-logo.svg\",\"width\":1,\"height\":1,\"caption\":\"La Villarroel\"},\"image\":{\"@id\":\"https:\\\/\\\/www.lavillarroel.cat\\\/ca\\\/#\\\/schema\\\/logo\\\/image\\\/\"},\"sameAs\":[\"http:\\\/\\\/www.facebook.com\\\/TeatreVillarroel\",\"https:\\\/\\\/x.com\\\/la_villarroel\",\"http:\\\/\\\/instagram.com\\\/la_villarroel\",\"http:\\\/\\\/www.youtube.com\\\/user\\\/LaVillarroel#p\\\/u\"]}]}<\/script>\n<!-- \/ Yoast SEO plugin. -->","yoast_head_json":{"title":"L'illa dels monzons - La Villarroel","robots":{"index":"index","follow":"follow","max-snippet":"max-snippet:-1","max-image-preview":"max-image-preview:large","max-video-preview":"max-video-preview:-1"},"canonical":"https:\/\/www.lavillarroel.cat\/ca\/ex\/lilla-dels-monzons\/","schema":{"@context":"https:\/\/schema.org","@graph":[{"@type":"WebPage","@id":"https:\/\/www.lavillarroel.cat\/ca\/ex\/lilla-dels-monzons\/","url":"https:\/\/www.lavillarroel.cat\/ca\/ex\/lilla-dels-monzons\/","name":"L'illa dels monzons - La Villarroel","isPartOf":{"@id":"https:\/\/www.lavillarroel.cat\/ca\/#website"},"datePublished":"2017-09-19T06:38:38+00:00","breadcrumb":{"@id":"https:\/\/www.lavillarroel.cat\/ca\/ex\/lilla-dels-monzons\/#breadcrumb"},"inLanguage":"ca","potentialAction":[{"@type":"ReadAction","target":["https:\/\/www.lavillarroel.cat\/ca\/ex\/lilla-dels-monzons\/"]}]},{"@type":"BreadcrumbList","@id":"https:\/\/www.lavillarroel.cat\/ca\/ex\/lilla-dels-monzons\/#breadcrumb","itemListElement":[{"@type":"ListItem","position":1,"name":"Inici","item":"https:\/\/www.lavillarroel.cat\/ca\/"},{"@type":"ListItem","position":2,"name":"Espectacles","item":"https:\/\/www.lavillarroel.cat\/ca\/ex\/"},{"@type":"ListItem","position":3,"name":"L&#8217;illa dels monzons"}]},{"@type":"WebSite","@id":"https:\/\/www.lavillarroel.cat\/ca\/#website","url":"https:\/\/www.lavillarroel.cat\/ca\/","name":"La Villarroel","description":"","publisher":{"@id":"https:\/\/www.lavillarroel.cat\/ca\/#organization"},"potentialAction":[{"@type":"SearchAction","target":{"@type":"EntryPoint","urlTemplate":"https:\/\/www.lavillarroel.cat\/ca\/?s={search_term_string}"},"query-input":{"@type":"PropertyValueSpecification","valueRequired":true,"valueName":"search_term_string"}}],"inLanguage":"ca"},{"@type":"Organization","@id":"https:\/\/www.lavillarroel.cat\/ca\/#organization","name":"La Villarroel","url":"https:\/\/www.lavillarroel.cat\/ca\/","logo":{"@type":"ImageObject","inLanguage":"ca","@id":"https:\/\/www.lavillarroel.cat\/ca\/#\/schema\/logo\/image\/","url":"https:\/\/www.lavillarroel.cat\/wp-content\/uploads\/sites\/5\/2017\/09\/teatre-villaroel-logo.svg","contentUrl":"https:\/\/www.lavillarroel.cat\/wp-content\/uploads\/sites\/5\/2017\/09\/teatre-villaroel-logo.svg","width":1,"height":1,"caption":"La Villarroel"},"image":{"@id":"https:\/\/www.lavillarroel.cat\/ca\/#\/schema\/logo\/image\/"},"sameAs":["http:\/\/www.facebook.com\/TeatreVillarroel","https:\/\/x.com\/la_villarroel","http:\/\/instagram.com\/la_villarroel","http:\/\/www.youtube.com\/user\/LaVillarroel#p\/u"]}]}},"translations":[{"id":2563,"locale":"ca"},{"id":2768,"locale":"es"}],"_links":{"self":[{"href":"https:\/\/www.lavillarroel.cat\/ca\/wp-json\/wp\/v2\/ex\/2563","targetHints":{"allow":["GET"]}}],"collection":[{"href":"https:\/\/www.lavillarroel.cat\/ca\/wp-json\/wp\/v2\/ex"}],"about":[{"href":"https:\/\/www.lavillarroel.cat\/ca\/wp-json\/wp\/v2\/types\/ex"}],"author":[{"embeddable":true,"href":"https:\/\/www.lavillarroel.cat\/ca\/wp-json\/wp\/v2\/users\/2"}],"replies":[{"embeddable":true,"href":"https:\/\/www.lavillarroel.cat\/ca\/wp-json\/wp\/v2\/comments?post=2563"}],"acf:term":[{"embeddable":true,"taxonomy":"season","href":"https:\/\/www.lavillarroel.cat\/ca\/wp-json\/wp\/v2\/season\/57"}],"wp:attachment":[{"href":"https:\/\/www.lavillarroel.cat\/ca\/wp-json\/wp\/v2\/media?parent=2563"}],"curies":[{"name":"wp","href":"https:\/\/api.w.org\/{rel}","templated":true}]}}

<p align="justify">Una nàufrag en una illa deserta espera, en va, a ser rescatat. <br />Un grup de naturistes il·luminats desembarquen amb ànsies de refundar el món i fugir del fums i les enveges de la civilització occidental.<br />Per l’illa desfilen una galeria de prínceps blaus fracassats, parelles que s’esfondren, gripaus encantats, gnoms de la sort i conductors amb tics psicòtics, tots amb els seus desitjos i les seves frustracions, tots il·luminats amb un humor sarcàstic i tendre, irònic i surrealista. <br />Una suma de lúcids fragments de les obsessions de la contemporaneïtat en un conte per adults on res no és de la manera que s'havia après o pensat.<br /></p>

[{"localizer":"VERS_PDF_GIRES","url":"media/pressdoc/31133/01_021_00011900/F_T_Lilla_dels_monzons.pdf","thumb_url":"","title":"L'illa dels monzons.","description":"Fitxa tècnica","copyright":"","order":1},{"localizer":"VERS_PDF_GIRES","url":"media/pressdoc/31133/01_021_00011842/dossier_pag_a_pag.pdf","thumb_url":"","title":"L'illa dels monzons.","description":"Dossier de premsa","copyright":"","order":2},{"localizer":"VERS_IMATGE_ESPECTACLE","url":"media/ftespect/31132/01_020_00011420/gal06.jpg","thumb_url":"media/ftespect/31132/01_020_00011420/gal06_thumb.jpg","title":"L'illa dels monzons","description":"L'illa dels monzons","copyright":"Copyright Paco Amate","order":-1},{"localizer":"VERS_IMATGE_ESPECTACLE","url":"media/ftespect/31132/01_020_00011419/gal05.jpg","thumb_url":"media/ftespect/31132/01_020_00011419/gal05_thumb.jpg","title":"L'illa dels monzons","description":"L'illa dels monzons","copyright":"Copyright Paco Amate","order":-1},{"localizer":"VERS_IMATGE_ESPECTACLE","url":"media/ftespect/31132/01_020_00011418/gal04.jpg","thumb_url":"media/ftespect/31132/01_020_00011418/gal04_thumb.jpg","title":"L'illa dels monzons","description":"L'illa dels monzons","copyright":"Copyright Paco Amate","order":-1},{"localizer":"VERS_IMATGE_ESPECTACLE","url":"media/ftespect/31132/01_020_00011416/gal02.jpg","thumb_url":"media/ftespect/31132/01_020_00011416/gal02_thumb.jpg","title":"L'illa dels monzons","description":"L'illa dels monzons","copyright":"Copyright Paco Amate","order":-1},{"localizer":"VERS_IMATGE_ESPECTACLE","url":"media/ftespect/31132/01_020_00011415/gal01.jpg","thumb_url":"media/ftespect/31132/01_020_00011415/gal01_thumb.jpg","title":"L'illa dels monzons","description":"L'illa dels monzons","copyright":"Copyright Paco Amate","order":-1},{"localizer":"VERS_PORTADA_ESPECTACLE","url":"media/obraport/31131/01_014_00011226/list.jpg","thumb_url":"","title":"L'illa dels monzons","description":"L'illa dels monzons","copyright":"","order":-1},{"localizer":"VERS_PORTADA_TEATRE","url":"media/obraporttea/31131/01_017_00011227/port.jpg","thumb_url":"","title":"L'illa dels monzons","description":"L'illa dels monzons","copyright":"","order":-1},{"localizer":"VERS_IMATGE_ESPECTACLE","url":"media/ftespect/31132/01_020_00011421/gal07.jpg","thumb_url":"media/ftespect/31132/01_020_00011421/gal07_thumb.jpg","title":"L'illa dels monzons","description":"L'illa dels monzons","copyright":"Copyright Paco Amate","order":-1},{"localizer":"VERS_IMATGE_ESPECTACLE","url":"media/ftespect/31132/01_020_00011422/gal08.jpg","thumb_url":"media/ftespect/31132/01_020_00011422/gal08_thumb.jpg","title":"L'illa dels monzons","description":"L'illa dels monzons","copyright":"Copyright Paco Amate","order":-1},{"localizer":"VERS_IMATGE_ESPECTACLE","url":"media/ftespect/31132/01_020_00011417/gal03.jpg","thumb_url":"media/ftespect/31132/01_020_00011417/gal03_thumb.jpg","title":"L'illa dels monzons","description":"L'illa dels monzons","copyright":"Copyright Paco Amate","order":-1}]
