{"id":2598,"date":"2017-09-19T08:39:08","date_gmt":"2017-09-19T06:39:08","guid":{"rendered":"https:\/\/pre.lavillarroel.cat\/ex\/\/el-loco-y-la-camisa\/"},"modified":"2017-09-19T08:39:08","modified_gmt":"2017-09-19T06:39:08","slug":"el-loco-y-la-camisa","status":"publish","type":"ex","link":"https:\/\/www.lavillarroel.cat\/ca\/ex\/el-loco-y-la-camisa\/","title":{"rendered":"El loco y la camisa"},"content":{"rendered":"","protected":false},"excerpt":{"rendered":"","protected":false},"author":2,"featured_media":0,"comment_status":"closed","ping_status":"open","template":"","class_list":["post-2598","ex","type-ex","status-publish","hentry","season-2012-13"],"acf":{"txt_synopsis":"<p align=\"justify\">\u201cEl loco y la camisa\u201d \u00e9s una pe\u00e7a naturalista on la dramat\u00fargia aborda de manera realista i mitjan\u00e7ant la construcci\u00f3 de personatges arquet\u00edpics, diversos eixos tem\u00e0tics que van entrella\u00e7ant-se: la bogeria, la conviv\u00e8ncia familiar, la revelaci\u00f3 de la veritat i la viol\u00e8ncia dom\u00e8stica. <br \/>Diu el director, Nelson Valente: \u201cUna fam\u00edlia amaga al seu boig de totes les maneres possibles. L\u2019amaguen del que hi ha a fora i dins. Suprimir-lo seria l\u2019ideal. El boig es desenvolupa amorf i monstru\u00f3s en un cos dins d\u2019un cosset. La seva habilitat \u2013 condemna \u00e9s dir el que veu sense filtres. En \u201cEl loco y la camisa\u201d el quelcom subjectiu, quan ha estat unit al concepte de bogeria, es torna potser objectiu. Qui s\u00f3n els bojos i qui s\u00f3n els sans? No existeix bogeria m\u00e9s gran que la de viure en la cont\u00ednua mentida. La irrealitat embogeix i perverteix. I la maldat... que s\u2019alimenta a ella mateixa sense descans\u201d. <\/p>\n<p align=\"justify\">Originalment, el lloc de representaci\u00f3 va ser un pis on els actors desenvolupaven les seves accions per 20 espectadors que estaven inclosos en l\u2019escena (els seients-butaques estan disposats dins l\u2019espai de la representaci\u00f3). La realitzaci\u00f3 de l\u2019obra en un espai real i la proximitat dels espectadors amb els actors profunditzaven el desenvolupament de la pe\u00e7a al voltant d\u2019una est\u00e8tica naturalista. <br \/><strong><\/strong><br \/><\/p>","main_buy_link":"","main_buy_links":"","group_buy_link":"","show_language":"Espectacle en castell\u00e0","show_duration":"","show_start_date":"20130702000000","show_end_date":"20130707000000","show_sort_date":"20130702000000","txt_custom_show_dates":"del 2 al 7 de juliol de 2013","show_disciplines":"","show_ultimes_funcions":false,"hide_tarifes_especials":false,"show_properament":false,"txt_additional_info":"","txt_present":"","show_season":[59],"txt_season":"[\"2012\/13\"]","txt_cycle":"","txt_claim":"","txt_cast_excerpt":"<strong>AUTOR, DIRECCI\u00d3 I POSADA EN ESCENA:<\/strong> Nelson Valente","txt_cast":"<p><strong>AUTOR, DIRECCI\u00d3 I POSADA EN ESCENA:<\/strong> Nelson Valente <br \/><br \/><strong>REPARTIMENT: <br \/><\/strong>Compa\u00f1\u00eda Banfield Teatro Ensamble <br \/><br \/>Juli\u00e1n Paz Figueira (Beto, el hijo) <br \/>Lide Uranga (Matilde, la madre)<br \/>Ricardo Larrama (Jos\u00e9, el padre)<br \/>Soledad Bautista (Mar\u00eda P\u00eda, la hija)<br \/>Jos\u00e9 Pablo Su\u00e1rez (Mariano, el novio)<br \/><br \/><strong>PRODUCCI\u00d3:<\/strong> Banfield Teatro Ensamble <br \/><br \/><br \/><\/p>","txt_reviews":"","hashtag":"ElLocoYLaCamisa","have_promo":"","slogan":"","id_exhibicio":878,"id_versio":686,"id_local":4,"txt_seo_desc":"","data_images":"[{\"localizer\":\"V2EXHBCARTELL\",\"url\":\"media\/ver\/cartell\/312BB\/01_079_00029291\/list2.jpg\",\"thumb_url\":\"media\/ver\/cartell\/312BB\/01_079_00029291\/list2_thumb.jpg\",\"title\":\"El loco y la camisa\",\"description\":\"El loco y la camisa\",\"copyright\":\"\",\"order\":1},{\"localizer\":\"V2CARTELL\",\"url\":\"media\/ver\/cartell\/3125A\/01_079_00025603\/list2.jpg\",\"thumb_url\":\"media\/ver\/cartell\/3125A\/01_079_00025603\/list2_thumb.jpg\",\"title\":\"El loco y la camisa\",\"description\":\"El loco y la camisa\",\"copyright\":\"\",\"order\":4},{\"localizer\":\"VERS_IMATGE_ESPECTACLE\",\"url\":\"media\/ftespect\/312BC\/01_020_00029686\/gal01.jpg\",\"thumb_url\":\"media\/ftespect\/312BC\/01_020_00029686\/gal01_thumb.jpg\",\"title\":\"El loco y la camisa\",\"description\":\"El loco y la camisa\",\"copyright\":\"\",\"order\":22},{\"localizer\":\"VERS_IMATGE_ESPECTACLE\",\"url\":\"media\/ftespect\/312BC\/01_020_00029687\/gal02.jpg\",\"thumb_url\":\"media\/ftespect\/312BC\/01_020_00029687\/gal02_thumb.jpg\",\"title\":\"El loco y la camisa\",\"description\":\"El loco y la camisa\",\"copyright\":\"\",\"order\":23},{\"localizer\":\"VERS_IMATGE_ESPECTACLE\",\"url\":\"media\/ftespect\/312BC\/01_020_00029688\/gal03.jpg\",\"thumb_url\":\"media\/ftespect\/312BC\/01_020_00029688\/gal03_thumb.jpg\",\"title\":\"El loco y la camisa\",\"description\":\"El loco y la camisa\",\"copyright\":\"\",\"order\":24},{\"localizer\":\"V2PORTADA\",\"url\":\"media\/ver\/port\/312BE\/01_078_00030458\/port3.jpg\",\"thumb_url\":\"media\/ver\/port\/312BE\/01_078_00030458\/port3_thumb.jpg\",\"title\":\"El loco y la camisa\",\"description\":\"El loco y la camisa\",\"copyright\":\"\",\"order\":28},{\"localizer\":\"V3PORTADA\",\"url\":\"media\/ver\/port\/v3\/315DE\/01_084_00054139\/1-el-loco-y-la-camisa-la-villarroel-off-teatre.jpg\",\"thumb_url\":\"media\/ver\/port\/v3\/315DE\/01_084_00054139\/1-el-loco-y-la-camisa-la-villarroel-off-teatre_thumb.jpg\",\"title\":\"El loco y la camisa - La Villarroel\",\"description\":\"el loco y la camisa a la villarroel de barcelona\",\"copyright\":\"\",\"order\":29},{\"localizer\":\"V3SLIDE\",\"url\":\"media\/ftgalslide\/v3\/315DE\/01_086_00054248\/El_loco-5.jpg\",\"thumb_url\":\"media\/ftgalslide\/v3\/315DE\/01_086_00054248\/El_loco-5_thumb.jpg\",\"title\":\"El loco y la camisa - La Villarroel\",\"description\":\"el loco y la camisa a la villarroel de barcelona\",\"copyright\":\"https:\/\/www.youtube.com\/watch?v=_KtiSk4FyvI\",\"order\":30}]","material__texto_intro":"","data_material":null,"data_gallery":"","data_discounts":"[{\"InfoAddicional\":\"<p><strong>Descomptes per a grups i escoles<br \/><\/strong><\/p>\",\"Url\":\"https:\/\/www.promentrada.com\/ca\/product\/{#CODI#}\",\"Codi\":\"0\",\"LogoUrl\":\"media\/fimage\/31389\/01_005_00038530\/logo_prome_nuevo_v_web.jpg\",\"TitolBoto\":\"Descomptes per a grups i escoles\",\"Type\":\"discount\"},{\"InfoAddicional\":\"<p><strong>Descomptes per a particulars<br \/><\/strong><\/p>\",\"Url\":\"vip.promentrada.com\/ca\/product\/{#CODI#}\",\"Codi\":\"0\",\"LogoUrl\":\"media\/fimage\/31389\/01_005_00038559\/logo_prome_vip_v_web.jpg\",\"TitolBoto\":\"Descomptes per a particulars\",\"Type\":\"discount\"}]","contract_is_open":false,"in_tour":false},"yoast_head":"<!-- This site is optimized with the Yoast SEO plugin v27.5 - https:\/\/yoast.com\/product\/yoast-seo-wordpress\/ -->\n<title>El loco y la camisa - La Villarroel<\/title>\n<meta name=\"robots\" content=\"index, follow, max-snippet:-1, max-image-preview:large, max-video-preview:-1\" \/>\n<link rel=\"canonical\" href=\"https:\/\/www.lavillarroel.cat\/ca\/ex\/el-loco-y-la-camisa\/\" \/>\n<script type=\"application\/ld+json\" class=\"yoast-schema-graph\">{\"@context\":\"https:\\\/\\\/schema.org\",\"@graph\":[{\"@type\":\"WebPage\",\"@id\":\"https:\\\/\\\/www.lavillarroel.cat\\\/ca\\\/ex\\\/el-loco-y-la-camisa\\\/\",\"url\":\"https:\\\/\\\/www.lavillarroel.cat\\\/ca\\\/ex\\\/el-loco-y-la-camisa\\\/\",\"name\":\"El loco y la camisa - La Villarroel\",\"isPartOf\":{\"@id\":\"https:\\\/\\\/www.lavillarroel.cat\\\/ca\\\/#website\"},\"datePublished\":\"2017-09-19T06:39:08+00:00\",\"breadcrumb\":{\"@id\":\"https:\\\/\\\/www.lavillarroel.cat\\\/ca\\\/ex\\\/el-loco-y-la-camisa\\\/#breadcrumb\"},\"inLanguage\":\"ca\",\"potentialAction\":[{\"@type\":\"ReadAction\",\"target\":[\"https:\\\/\\\/www.lavillarroel.cat\\\/ca\\\/ex\\\/el-loco-y-la-camisa\\\/\"]}]},{\"@type\":\"BreadcrumbList\",\"@id\":\"https:\\\/\\\/www.lavillarroel.cat\\\/ca\\\/ex\\\/el-loco-y-la-camisa\\\/#breadcrumb\",\"itemListElement\":[{\"@type\":\"ListItem\",\"position\":1,\"name\":\"Inici\",\"item\":\"https:\\\/\\\/www.lavillarroel.cat\\\/ca\\\/\"},{\"@type\":\"ListItem\",\"position\":2,\"name\":\"Espectacles\",\"item\":\"https:\\\/\\\/www.lavillarroel.cat\\\/ca\\\/ex\\\/\"},{\"@type\":\"ListItem\",\"position\":3,\"name\":\"El loco y la camisa\"}]},{\"@type\":\"WebSite\",\"@id\":\"https:\\\/\\\/www.lavillarroel.cat\\\/ca\\\/#website\",\"url\":\"https:\\\/\\\/www.lavillarroel.cat\\\/ca\\\/\",\"name\":\"La Villarroel\",\"description\":\"\",\"publisher\":{\"@id\":\"https:\\\/\\\/www.lavillarroel.cat\\\/ca\\\/#organization\"},\"potentialAction\":[{\"@type\":\"SearchAction\",\"target\":{\"@type\":\"EntryPoint\",\"urlTemplate\":\"https:\\\/\\\/www.lavillarroel.cat\\\/ca\\\/?s={search_term_string}\"},\"query-input\":{\"@type\":\"PropertyValueSpecification\",\"valueRequired\":true,\"valueName\":\"search_term_string\"}}],\"inLanguage\":\"ca\"},{\"@type\":\"Organization\",\"@id\":\"https:\\\/\\\/www.lavillarroel.cat\\\/ca\\\/#organization\",\"name\":\"La Villarroel\",\"url\":\"https:\\\/\\\/www.lavillarroel.cat\\\/ca\\\/\",\"logo\":{\"@type\":\"ImageObject\",\"inLanguage\":\"ca\",\"@id\":\"https:\\\/\\\/www.lavillarroel.cat\\\/ca\\\/#\\\/schema\\\/logo\\\/image\\\/\",\"url\":\"https:\\\/\\\/www.lavillarroel.cat\\\/wp-content\\\/uploads\\\/sites\\\/5\\\/2017\\\/09\\\/teatre-villaroel-logo.svg\",\"contentUrl\":\"https:\\\/\\\/www.lavillarroel.cat\\\/wp-content\\\/uploads\\\/sites\\\/5\\\/2017\\\/09\\\/teatre-villaroel-logo.svg\",\"width\":1,\"height\":1,\"caption\":\"La Villarroel\"},\"image\":{\"@id\":\"https:\\\/\\\/www.lavillarroel.cat\\\/ca\\\/#\\\/schema\\\/logo\\\/image\\\/\"},\"sameAs\":[\"http:\\\/\\\/www.facebook.com\\\/TeatreVillarroel\",\"https:\\\/\\\/x.com\\\/la_villarroel\",\"http:\\\/\\\/instagram.com\\\/la_villarroel\",\"http:\\\/\\\/www.youtube.com\\\/user\\\/LaVillarroel#p\\\/u\"]}]}<\/script>\n<!-- \/ Yoast SEO plugin. -->","yoast_head_json":{"title":"El loco y la camisa - La Villarroel","robots":{"index":"index","follow":"follow","max-snippet":"max-snippet:-1","max-image-preview":"max-image-preview:large","max-video-preview":"max-video-preview:-1"},"canonical":"https:\/\/www.lavillarroel.cat\/ca\/ex\/el-loco-y-la-camisa\/","schema":{"@context":"https:\/\/schema.org","@graph":[{"@type":"WebPage","@id":"https:\/\/www.lavillarroel.cat\/ca\/ex\/el-loco-y-la-camisa\/","url":"https:\/\/www.lavillarroel.cat\/ca\/ex\/el-loco-y-la-camisa\/","name":"El loco y la camisa - La Villarroel","isPartOf":{"@id":"https:\/\/www.lavillarroel.cat\/ca\/#website"},"datePublished":"2017-09-19T06:39:08+00:00","breadcrumb":{"@id":"https:\/\/www.lavillarroel.cat\/ca\/ex\/el-loco-y-la-camisa\/#breadcrumb"},"inLanguage":"ca","potentialAction":[{"@type":"ReadAction","target":["https:\/\/www.lavillarroel.cat\/ca\/ex\/el-loco-y-la-camisa\/"]}]},{"@type":"BreadcrumbList","@id":"https:\/\/www.lavillarroel.cat\/ca\/ex\/el-loco-y-la-camisa\/#breadcrumb","itemListElement":[{"@type":"ListItem","position":1,"name":"Inici","item":"https:\/\/www.lavillarroel.cat\/ca\/"},{"@type":"ListItem","position":2,"name":"Espectacles","item":"https:\/\/www.lavillarroel.cat\/ca\/ex\/"},{"@type":"ListItem","position":3,"name":"El loco y la camisa"}]},{"@type":"WebSite","@id":"https:\/\/www.lavillarroel.cat\/ca\/#website","url":"https:\/\/www.lavillarroel.cat\/ca\/","name":"La Villarroel","description":"","publisher":{"@id":"https:\/\/www.lavillarroel.cat\/ca\/#organization"},"potentialAction":[{"@type":"SearchAction","target":{"@type":"EntryPoint","urlTemplate":"https:\/\/www.lavillarroel.cat\/ca\/?s={search_term_string}"},"query-input":{"@type":"PropertyValueSpecification","valueRequired":true,"valueName":"search_term_string"}}],"inLanguage":"ca"},{"@type":"Organization","@id":"https:\/\/www.lavillarroel.cat\/ca\/#organization","name":"La Villarroel","url":"https:\/\/www.lavillarroel.cat\/ca\/","logo":{"@type":"ImageObject","inLanguage":"ca","@id":"https:\/\/www.lavillarroel.cat\/ca\/#\/schema\/logo\/image\/","url":"https:\/\/www.lavillarroel.cat\/wp-content\/uploads\/sites\/5\/2017\/09\/teatre-villaroel-logo.svg","contentUrl":"https:\/\/www.lavillarroel.cat\/wp-content\/uploads\/sites\/5\/2017\/09\/teatre-villaroel-logo.svg","width":1,"height":1,"caption":"La Villarroel"},"image":{"@id":"https:\/\/www.lavillarroel.cat\/ca\/#\/schema\/logo\/image\/"},"sameAs":["http:\/\/www.facebook.com\/TeatreVillarroel","https:\/\/x.com\/la_villarroel","http:\/\/instagram.com\/la_villarroel","http:\/\/www.youtube.com\/user\/LaVillarroel#p\/u"]}]}},"translations":[{"id":2598,"locale":"ca"},{"id":2803,"locale":"es"}],"_links":{"self":[{"href":"https:\/\/www.lavillarroel.cat\/ca\/wp-json\/wp\/v2\/ex\/2598","targetHints":{"allow":["GET"]}}],"collection":[{"href":"https:\/\/www.lavillarroel.cat\/ca\/wp-json\/wp\/v2\/ex"}],"about":[{"href":"https:\/\/www.lavillarroel.cat\/ca\/wp-json\/wp\/v2\/types\/ex"}],"author":[{"embeddable":true,"href":"https:\/\/www.lavillarroel.cat\/ca\/wp-json\/wp\/v2\/users\/2"}],"replies":[{"embeddable":true,"href":"https:\/\/www.lavillarroel.cat\/ca\/wp-json\/wp\/v2\/comments?post=2598"}],"acf:term":[{"embeddable":true,"taxonomy":"season","href":"https:\/\/www.lavillarroel.cat\/ca\/wp-json\/wp\/v2\/season\/59"}],"wp:attachment":[{"href":"https:\/\/www.lavillarroel.cat\/ca\/wp-json\/wp\/v2\/media?parent=2598"}],"curies":[{"name":"wp","href":"https:\/\/api.w.org\/{rel}","templated":true}]}}

<p align="justify">“El loco y la camisa” és una peça naturalista on la dramatúrgia aborda de manera realista i mitjançant la construcció de personatges arquetípics, diversos eixos temàtics que van entrellaçant-se: la bogeria, la convivència familiar, la revelació de la veritat i la violència domèstica. <br />Diu el director, Nelson Valente: “Una família amaga al seu boig de totes les maneres possibles. L’amaguen del que hi ha a fora i dins. Suprimir-lo seria l’ideal. El boig es desenvolupa amorf i monstruós en un cos dins d’un cosset. La seva habilitat – condemna és dir el que veu sense filtres. En “El loco y la camisa” el quelcom subjectiu, quan ha estat unit al concepte de bogeria, es torna potser objectiu. Qui són els bojos i qui són els sans? No existeix bogeria més gran que la de viure en la contínua mentida. La irrealitat embogeix i perverteix. I la maldat... que s’alimenta a ella mateixa sense descans”. </p>
<p align="justify">Originalment, el lloc de representació va ser un pis on els actors desenvolupaven les seves accions per 20 espectadors que estaven inclosos en l’escena (els seients-butaques estan disposats dins l’espai de la representació). La realització de l’obra en un espai real i la proximitat dels espectadors amb els actors profunditzaven el desenvolupament de la peça al voltant d’una estètica naturalista. <br /><strong></strong><br /></p>

Espectacle en castellà

<strong>AUTOR, DIRECCIÓ I POSADA EN ESCENA:</strong> Nelson Valente

<p><strong>AUTOR, DIRECCIÓ I POSADA EN ESCENA:</strong> Nelson Valente <br /><br /><strong>REPARTIMENT: <br /></strong>Compañía Banfield Teatro Ensamble <br /><br />Julián Paz Figueira (Beto, el hijo) <br />Lide Uranga (Matilde, la madre)<br />Ricardo Larrama (José, el padre)<br />Soledad Bautista (María Pía, la hija)<br />José Pablo Suárez (Mariano, el novio)<br /><br /><strong>PRODUCCIÓ:</strong> Banfield Teatro Ensamble <br /><br /><br /></p>
