{"id":2627,"date":"2017-09-19T08:39:34","date_gmt":"2017-09-19T06:39:34","guid":{"rendered":"https:\/\/pre.lavillarroel.cat\/ex\/\/ricard-de-3r\/"},"modified":"2017-09-19T08:39:34","modified_gmt":"2017-09-19T06:39:34","slug":"ricard-de-3r","status":"publish","type":"ex","link":"https:\/\/www.lavillarroel.cat\/ca\/ex\/ricard-de-3r\/","title":{"rendered":"Ricard de 3r"},"content":{"rendered":"","protected":false},"excerpt":{"rendered":"","protected":false},"author":2,"featured_media":0,"comment_status":"closed","ping_status":"open","template":"","class_list":["post-2627","ex","type-ex","status-publish","hentry","season-2014-15"],"acf":{"txt_synopsis":"<p align=\"justify\">Aquesta \u00e9s la hist\u00f2ria d'en Ricard, un adolescent t\u00edmid i introspectiu que passa hores tancat al garatge de casa seva, alimentant la quotidianitat que ell percep com a excloent, hostil i depriment. Un dia, gr\u00e0cies a un fet extraordinari que altera la monotonia, descobreix l'obra El Rei Ricard III de William Shakespeare. Els paral\u00b7lelismes que troba de Gloucester amb la seva pr\u00f2pia vida el porten a obsessionar-se amb el personatge que es converteix en l'exemple a seguir, utilitzant, com ell, la manipulaci\u00f3 i la viol\u00e8ncia per intentar canviar el seu trist dest\u00ed. <br \/><br \/>A <em>Ricard de 3r<\/em> l'espectador, convertit en voyeur de primera fila, observar\u00e0 amb detall la metamorfosi de l'adolescent, i no podr\u00e0 evitar preguntar-se si l'educaci\u00f3 i la societat tenen part de responsabilitat en casos com aquest.<\/p>","main_buy_link":"#","main_buy_links":"","group_buy_link":"","show_language":"","show_duration":"","show_start_date":"20150512000000","show_end_date":"20150528000000","show_sort_date":"20141002000000","txt_custom_show_dates":"del 12 al 28 de maig de 2015","show_disciplines":"","show_ultimes_funcions":false,"hide_tarifes_especials":false,"show_properament":false,"txt_additional_info":"","txt_present":"","show_season":[61],"txt_season":"[\"2014\/15\"]","txt_cycle":"","txt_claim":"","txt_cast_excerpt":"<p><strong>DRAMAT\u00daRGIA:<\/strong> Gerard Guix <br \/><strong>DIRECCI\u00d3:<\/strong> Montse Rodr\u00edguez <\/p>","txt_cast":"<p><strong>DRAMAT\u00daRGIA:<\/strong> Gerard Guix <br \/><strong>DIRECCI\u00d3:<\/strong> Montse Rodr\u00edguez <\/p>\n<p><strong>INTERPRETACI\u00d3:<\/strong> Quim \u00c0vila <br \/><br \/><strong>ESPAI ESC\u00c8NIC:<\/strong> Anna Alcubierre <br \/><strong>DISSENY DE LLUMS, SO I VESTUARI:<\/strong> \u00c0 trois teatre <br \/><strong>FOTOGRAFIES I VEU EN OFF:<\/strong> \u00c0gata Casanovas&nbsp;<br \/><strong>DISSENY DE CARTELL:<\/strong>&nbsp;Ricardo \u00c1vila <br \/><strong>V\u00cdDEO:<\/strong> Xef Vila<\/p>\n<p><strong>PRODUCCI\u00d3:<\/strong> \u00c0 trois teatre<\/p>","txt_reviews":"","hashtag":"","have_promo":"","slogan":"","id_exhibicio":1171,"id_versio":954,"id_local":4,"txt_seo_desc":"","data_images":"[{\"localizer\":\"V2CARTELL\",\"url\":\"media\/ver\/cartell\/31321\/01_079_00033746\/rIIIv01.jpg\",\"thumb_url\":\"media\/ver\/cartell\/31321\/01_079_00033746\/rIIIv01_thumb.jpg\",\"title\":\"Ricard de 3r\",\"description\":\"Ricard de 3r\",\"copyright\":\"\",\"order\":2},{\"localizer\":\"V2SLIDE\",\"url\":\"media\/ftgalslide\/31321\/01_076_00033811\/rIIIv01.jpg\",\"thumb_url\":\"media\/ftgalslide\/31321\/01_076_00033811\/rIIIv01_thumb.jpg\",\"title\":\"Ricard de 3r\",\"description\":\"Quim \u00c0vila\",\"copyright\":\"https:\/\/www.youtube.com\/watch?v=Sp97mznNIvE\",\"order\":3},{\"localizer\":\"V2PORTADA\",\"url\":\"media\/ver\/port\/31321\/01_078_00033870\/Portada_web_ricard_1.jpg\",\"thumb_url\":\"media\/ver\/port\/31321\/01_078_00033870\/Portada_web_ricard_1_thumb.jpg\",\"title\":\"Ricard de 3r\",\"description\":\"Ricard de 3r\",\"copyright\":\"\",\"order\":4}]","material__texto_intro":"","data_material":null,"data_gallery":"","data_discounts":"[{\"InfoAddicional\":\"<p><strong>Tarifa especial:<\/strong> Targeta Rosa, Targeta Discapacitat, Club TR3SC i Carnet Jove.*<\/p><p><em>*Descomptes Targeta Rosa i Targeta Discapacitat nom\u00e9s aplicables comprant a taquilla <\/em><\/p><p><strong>Descomptes per a grups i escoles<br \/><\/strong><\/p>\",\"Url\":\"http:\/\/www.promentrada.com\",\"Codi\":\"0\",\"LogoUrl\":\"media\/fimage\/31389\/01_005_00038530\/logo_prome_nuevo_v_web.jpg\"},{\"InfoAddicional\":\"<p><strong>Descomptes per a particulars<br \/><\/strong>Tel. 93 309 70 04<br \/><\/p>\",\"Url\":\"http:\/\/vip.promentrada.com\",\"Codi\":\"0\",\"LogoUrl\":\"media\/fimage\/31389\/01_005_00038531\/logo_prome_vip_v_web.jpg\"}]","contract_is_open":false,"in_tour":false},"yoast_head":"<!-- This site is optimized with the Yoast SEO plugin v27.5 - https:\/\/yoast.com\/product\/yoast-seo-wordpress\/ -->\n<title>Ricard de 3r - La Villarroel<\/title>\n<meta name=\"robots\" content=\"index, follow, max-snippet:-1, max-image-preview:large, max-video-preview:-1\" \/>\n<link rel=\"canonical\" href=\"https:\/\/www.lavillarroel.cat\/ca\/ex\/ricard-de-3r\/\" \/>\n<script type=\"application\/ld+json\" class=\"yoast-schema-graph\">{\"@context\":\"https:\\\/\\\/schema.org\",\"@graph\":[{\"@type\":\"WebPage\",\"@id\":\"https:\\\/\\\/www.lavillarroel.cat\\\/ca\\\/ex\\\/ricard-de-3r\\\/\",\"url\":\"https:\\\/\\\/www.lavillarroel.cat\\\/ca\\\/ex\\\/ricard-de-3r\\\/\",\"name\":\"Ricard de 3r - La Villarroel\",\"isPartOf\":{\"@id\":\"https:\\\/\\\/www.lavillarroel.cat\\\/ca\\\/#website\"},\"datePublished\":\"2017-09-19T06:39:34+00:00\",\"breadcrumb\":{\"@id\":\"https:\\\/\\\/www.lavillarroel.cat\\\/ca\\\/ex\\\/ricard-de-3r\\\/#breadcrumb\"},\"inLanguage\":\"ca\",\"potentialAction\":[{\"@type\":\"ReadAction\",\"target\":[\"https:\\\/\\\/www.lavillarroel.cat\\\/ca\\\/ex\\\/ricard-de-3r\\\/\"]}]},{\"@type\":\"BreadcrumbList\",\"@id\":\"https:\\\/\\\/www.lavillarroel.cat\\\/ca\\\/ex\\\/ricard-de-3r\\\/#breadcrumb\",\"itemListElement\":[{\"@type\":\"ListItem\",\"position\":1,\"name\":\"Inici\",\"item\":\"https:\\\/\\\/www.lavillarroel.cat\\\/ca\\\/\"},{\"@type\":\"ListItem\",\"position\":2,\"name\":\"Espectacles\",\"item\":\"https:\\\/\\\/www.lavillarroel.cat\\\/ca\\\/ex\\\/\"},{\"@type\":\"ListItem\",\"position\":3,\"name\":\"Ricard de 3r\"}]},{\"@type\":\"WebSite\",\"@id\":\"https:\\\/\\\/www.lavillarroel.cat\\\/ca\\\/#website\",\"url\":\"https:\\\/\\\/www.lavillarroel.cat\\\/ca\\\/\",\"name\":\"La Villarroel\",\"description\":\"\",\"publisher\":{\"@id\":\"https:\\\/\\\/www.lavillarroel.cat\\\/ca\\\/#organization\"},\"potentialAction\":[{\"@type\":\"SearchAction\",\"target\":{\"@type\":\"EntryPoint\",\"urlTemplate\":\"https:\\\/\\\/www.lavillarroel.cat\\\/ca\\\/?s={search_term_string}\"},\"query-input\":{\"@type\":\"PropertyValueSpecification\",\"valueRequired\":true,\"valueName\":\"search_term_string\"}}],\"inLanguage\":\"ca\"},{\"@type\":\"Organization\",\"@id\":\"https:\\\/\\\/www.lavillarroel.cat\\\/ca\\\/#organization\",\"name\":\"La Villarroel\",\"url\":\"https:\\\/\\\/www.lavillarroel.cat\\\/ca\\\/\",\"logo\":{\"@type\":\"ImageObject\",\"inLanguage\":\"ca\",\"@id\":\"https:\\\/\\\/www.lavillarroel.cat\\\/ca\\\/#\\\/schema\\\/logo\\\/image\\\/\",\"url\":\"https:\\\/\\\/www.lavillarroel.cat\\\/wp-content\\\/uploads\\\/sites\\\/5\\\/2017\\\/09\\\/teatre-villaroel-logo.svg\",\"contentUrl\":\"https:\\\/\\\/www.lavillarroel.cat\\\/wp-content\\\/uploads\\\/sites\\\/5\\\/2017\\\/09\\\/teatre-villaroel-logo.svg\",\"width\":1,\"height\":1,\"caption\":\"La Villarroel\"},\"image\":{\"@id\":\"https:\\\/\\\/www.lavillarroel.cat\\\/ca\\\/#\\\/schema\\\/logo\\\/image\\\/\"},\"sameAs\":[\"http:\\\/\\\/www.facebook.com\\\/TeatreVillarroel\",\"https:\\\/\\\/x.com\\\/la_villarroel\",\"http:\\\/\\\/instagram.com\\\/la_villarroel\",\"http:\\\/\\\/www.youtube.com\\\/user\\\/LaVillarroel#p\\\/u\"]}]}<\/script>\n<!-- \/ Yoast SEO plugin. -->","yoast_head_json":{"title":"Ricard de 3r - La Villarroel","robots":{"index":"index","follow":"follow","max-snippet":"max-snippet:-1","max-image-preview":"max-image-preview:large","max-video-preview":"max-video-preview:-1"},"canonical":"https:\/\/www.lavillarroel.cat\/ca\/ex\/ricard-de-3r\/","schema":{"@context":"https:\/\/schema.org","@graph":[{"@type":"WebPage","@id":"https:\/\/www.lavillarroel.cat\/ca\/ex\/ricard-de-3r\/","url":"https:\/\/www.lavillarroel.cat\/ca\/ex\/ricard-de-3r\/","name":"Ricard de 3r - La Villarroel","isPartOf":{"@id":"https:\/\/www.lavillarroel.cat\/ca\/#website"},"datePublished":"2017-09-19T06:39:34+00:00","breadcrumb":{"@id":"https:\/\/www.lavillarroel.cat\/ca\/ex\/ricard-de-3r\/#breadcrumb"},"inLanguage":"ca","potentialAction":[{"@type":"ReadAction","target":["https:\/\/www.lavillarroel.cat\/ca\/ex\/ricard-de-3r\/"]}]},{"@type":"BreadcrumbList","@id":"https:\/\/www.lavillarroel.cat\/ca\/ex\/ricard-de-3r\/#breadcrumb","itemListElement":[{"@type":"ListItem","position":1,"name":"Inici","item":"https:\/\/www.lavillarroel.cat\/ca\/"},{"@type":"ListItem","position":2,"name":"Espectacles","item":"https:\/\/www.lavillarroel.cat\/ca\/ex\/"},{"@type":"ListItem","position":3,"name":"Ricard de 3r"}]},{"@type":"WebSite","@id":"https:\/\/www.lavillarroel.cat\/ca\/#website","url":"https:\/\/www.lavillarroel.cat\/ca\/","name":"La Villarroel","description":"","publisher":{"@id":"https:\/\/www.lavillarroel.cat\/ca\/#organization"},"potentialAction":[{"@type":"SearchAction","target":{"@type":"EntryPoint","urlTemplate":"https:\/\/www.lavillarroel.cat\/ca\/?s={search_term_string}"},"query-input":{"@type":"PropertyValueSpecification","valueRequired":true,"valueName":"search_term_string"}}],"inLanguage":"ca"},{"@type":"Organization","@id":"https:\/\/www.lavillarroel.cat\/ca\/#organization","name":"La Villarroel","url":"https:\/\/www.lavillarroel.cat\/ca\/","logo":{"@type":"ImageObject","inLanguage":"ca","@id":"https:\/\/www.lavillarroel.cat\/ca\/#\/schema\/logo\/image\/","url":"https:\/\/www.lavillarroel.cat\/wp-content\/uploads\/sites\/5\/2017\/09\/teatre-villaroel-logo.svg","contentUrl":"https:\/\/www.lavillarroel.cat\/wp-content\/uploads\/sites\/5\/2017\/09\/teatre-villaroel-logo.svg","width":1,"height":1,"caption":"La Villarroel"},"image":{"@id":"https:\/\/www.lavillarroel.cat\/ca\/#\/schema\/logo\/image\/"},"sameAs":["http:\/\/www.facebook.com\/TeatreVillarroel","https:\/\/x.com\/la_villarroel","http:\/\/instagram.com\/la_villarroel","http:\/\/www.youtube.com\/user\/LaVillarroel#p\/u"]}]}},"translations":[{"id":2627,"locale":"ca"},{"id":2832,"locale":"es"}],"_links":{"self":[{"href":"https:\/\/www.lavillarroel.cat\/ca\/wp-json\/wp\/v2\/ex\/2627","targetHints":{"allow":["GET"]}}],"collection":[{"href":"https:\/\/www.lavillarroel.cat\/ca\/wp-json\/wp\/v2\/ex"}],"about":[{"href":"https:\/\/www.lavillarroel.cat\/ca\/wp-json\/wp\/v2\/types\/ex"}],"author":[{"embeddable":true,"href":"https:\/\/www.lavillarroel.cat\/ca\/wp-json\/wp\/v2\/users\/2"}],"replies":[{"embeddable":true,"href":"https:\/\/www.lavillarroel.cat\/ca\/wp-json\/wp\/v2\/comments?post=2627"}],"acf:term":[{"embeddable":true,"taxonomy":"season","href":"https:\/\/www.lavillarroel.cat\/ca\/wp-json\/wp\/v2\/season\/61"}],"wp:attachment":[{"href":"https:\/\/www.lavillarroel.cat\/ca\/wp-json\/wp\/v2\/media?parent=2627"}],"curies":[{"name":"wp","href":"https:\/\/api.w.org\/{rel}","templated":true}]}}

<p align="justify">Aquesta és la història d'en Ricard, un adolescent tímid i introspectiu que passa hores tancat al garatge de casa seva, alimentant la quotidianitat que ell percep com a excloent, hostil i depriment. Un dia, gràcies a un fet extraordinari que altera la monotonia, descobreix l'obra El Rei Ricard III de William Shakespeare. Els paral·lelismes que troba de Gloucester amb la seva pròpia vida el porten a obsessionar-se amb el personatge que es converteix en l'exemple a seguir, utilitzant, com ell, la manipulació i la violència per intentar canviar el seu trist destí. <br /><br />A <em>Ricard de 3r</em> l'espectador, convertit en voyeur de primera fila, observarà amb detall la metamorfosi de l'adolescent, i no podrà evitar preguntar-se si l'educació i la societat tenen part de responsabilitat en casos com aquest.</p>

<p><strong>DRAMATÚRGIA:</strong> Gerard Guix <br /><strong>DIRECCIÓ:</strong> Montse Rodríguez </p>

<p><strong>DRAMATÚRGIA:</strong> Gerard Guix <br /><strong>DIRECCIÓ:</strong> Montse Rodríguez </p>
<p><strong>INTERPRETACIÓ:</strong> Quim Àvila <br /><br /><strong>ESPAI ESCÈNIC:</strong> Anna Alcubierre <br /><strong>DISSENY DE LLUMS, SO I VESTUARI:</strong> À trois teatre <br /><strong>FOTOGRAFIES I VEU EN OFF:</strong> Àgata Casanovas&nbsp;<br /><strong>DISSENY DE CARTELL:</strong>&nbsp;Ricardo Ávila <br /><strong>VÍDEO:</strong> Xef Vila</p>
<p><strong>PRODUCCIÓ:</strong> À trois teatre</p>

[{"localizer":"V2CARTELL","url":"media/ver/cartell/31321/01_079_00033746/rIIIv01.jpg","thumb_url":"media/ver/cartell/31321/01_079_00033746/rIIIv01_thumb.jpg","title":"Ricard de 3r","description":"Ricard de 3r","copyright":"","order":2},{"localizer":"V2SLIDE","url":"media/ftgalslide/31321/01_076_00033811/rIIIv01.jpg","thumb_url":"media/ftgalslide/31321/01_076_00033811/rIIIv01_thumb.jpg","title":"Ricard de 3r","description":"Quim Àvila","copyright":"https://www.youtube.com/watch?v=Sp97mznNIvE","order":3},{"localizer":"V2PORTADA","url":"media/ver/port/31321/01_078_00033870/Portada_web_ricard_1.jpg","thumb_url":"media/ver/port/31321/01_078_00033870/Portada_web_ricard_1_thumb.jpg","title":"Ricard de 3r","description":"Ricard de 3r","copyright":"","order":4}]

[{"InfoAddicional":"<p><strong>Tarifa especial:</strong> Targeta Rosa, Targeta Discapacitat, Club TR3SC i Carnet Jove.*</p><p><em>*Descomptes Targeta Rosa i Targeta Discapacitat només aplicables comprant a taquilla </em></p><p><strong>Descomptes per a grups i escoles<br /></strong></p>","Url":"http://www.promentrada.com","Codi":"0","LogoUrl":"media/fimage/31389/01_005_00038530/logo_prome_nuevo_v_web.jpg"},{"InfoAddicional":"<p><strong>Descomptes per a particulars<br /></strong>Tel. 93 309 70 04<br /></p>","Url":"http://vip.promentrada.com","Codi":"0","LogoUrl":"media/fimage/31389/01_005_00038531/logo_prome_vip_v_web.jpg"}]
