{"id":2674,"date":"2018-09-06T08:25:49","date_gmt":"2018-09-06T06:25:49","guid":{"rendered":"https:\/\/pre.lavillarroel.cat\/ex\/\/if-lultim-desig\/"},"modified":"2018-09-06T08:25:49","modified_gmt":"2018-09-06T06:25:49","slug":"if-lultim-desig","status":"publish","type":"ex","link":"https:\/\/www.lavillarroel.cat\/ca\/ex\/if-lultim-desig\/","title":{"rendered":"IF (L&#8217;\u00faltim desig)"},"content":{"rendered":"","protected":false},"excerpt":{"rendered":"","protected":false},"author":2,"featured_media":0,"comment_status":"closed","ping_status":"open","template":"","class_list":["post-2674","ex","type-ex","status-publish","hentry","season-2018-19"],"acf":{"txt_synopsis":"Tres dones. Tres germanes tornen al c\u00e0mping on varen passar els estius de la seva infantesa amb un prop\u00f2sit, complir l\u2019\u00faltim desig de la seva mare: ser enterrada en el mateix c\u00e0mping on han compartit tants moments. Aquest prop\u00f2sit constitueix el pretext per mirar enrere i fer balan\u00e7.","main_buy_link":"https:\/\/www.4tickets.es\/LaVillarroel\/public\/janto\/?Nivel=Evento&idEvento=VILL76&Idioma=CA","main_buy_links":"","group_buy_link":"","show_language":"Espectacle en catal\u00e0 i castell\u00e0","show_duration":"80","show_start_date":"20190507000000","show_end_date":"20190528000000","show_sort_date":"20190507000000","txt_custom_show_dates":"del 7 al 28 de maig de 2019","show_disciplines":"","show_ultimes_funcions":false,"hide_tarifes_especials":false,"show_properament":false,"txt_additional_info":"","txt_present":"","show_season":[65],"txt_season":"[\"2018\/19\"]","txt_cycle":"","txt_claim":"","txt_cast_excerpt":"","txt_cast":"Inspirat en un text de <strong>Natza Farr\u00e9<\/strong><br \/>Adaptaci\u00f3: <strong>Cia. Vero Cendoya<\/strong><br \/>Direcci\u00f3: <strong>Vero Cendoya<\/strong><br \/>Amb: <strong>Alba Florejachs, Gloria Sirvent <\/strong>i <strong>Vero Cendoya<\/strong><br \/>Producci\u00f3: <strong>Vero Cendoya <\/strong>amb la col\u00b7laboraci\u00f3 de <strong>La Villarroel<\/strong>","txt_reviews":"Ester M. Gonz\u00e1lez|Espect\u00e1culosBCN|\"El text \u00e9s simplement impecable.\" \nAlba Cuenca|Recomana.cat|\"IF (L'\u00faltim desig) ens proposa respirar, contemplar el cel, demanar un desig a un estel fuga\u00e7 i sentir la m\u00e0gia del moment.\"","hashtag":"If\u00daltimDesig","have_promo":"","slogan":"","id_exhibicio":1587,"id_versio":1325,"id_local":4,"txt_seo_desc":"'IF (L'\u00faltim desig)', amb Alba Florejachs, Gloria Sirvent i Vero Cendoya, al cicle de teatre Off La Villarroel de Barcelona. Un viatge emocional on el cos i la paraula ens porten cap a un ambient s\u00f2rdid o on\u00edric","data_images":"[{\"localizer\":\"V3CARTELL\",\"url\":\"media\/ver\/cartell\/v3\/31450\/01_085_00045796\/cartellwebifoffvillarroelteatrebarcelona.jpg\",\"thumb_url\":\"media\/ver\/cartell\/v3\/31450\/01_085_00045796\/cartellwebifoffvillarroelteatrebarcelona_thumb.jpg\",\"title\":\"If (L'\u00faltim desig)\",\"description\":\"If (L'\u00faltim desig) teatre off la villarroel barcelona\",\"copyright\":\"\",\"order\":2},{\"localizer\":\"V3PORTADAWIDE\",\"url\":\"media\/ver\/port\/v3wide\/31450\/01_088_00045797\/0ifoffvillarroelteatrebarcelona.jpg\",\"thumb_url\":\"media\/ver\/port\/v3wide\/31450\/01_088_00045797\/0ifoffvillarroelteatrebarcelona_thumb.jpg\",\"title\":\"If (L'\u00faltim desig)\",\"description\":\"If (L'\u00faltim desig) teatre off la villarroel barcelona\",\"copyright\":\"\",\"order\":3},{\"localizer\":\"V3PORTADA\",\"url\":\"media\/ver\/port\/v3\/314B0\/01_084_00047901\/1-if-off-villarroel-teatre-barcelona.jpg\",\"thumb_url\":\"media\/ver\/port\/v3\/314B0\/01_084_00047901\/1-if-off-villarroel-teatre-barcelona_thumb.jpg\",\"title\":\"If (L'\u00faltim desig) - Off La Villarroel\",\"description\":\"if l'\u00faltim desig off la villarroel\",\"copyright\":\"\",\"order\":6}]","material__texto_intro":"","data_material":null,"data_gallery":"","data_discounts":"[{\"InfoAddicional\":\"<p><strong>Descomptes per a grups i escoles<br \/><\/strong><\/p>\",\"Url\":\"https:\/\/www.promentrada.com\/ca\/catalog\/\",\"Codi\":\"VILL76\",\"LogoUrl\":\"media\/fimage\/31389\/01_005_00038530\/logo_prome_nuevo_v_web.jpg\",\"TitolBoto\":\"Descomptes per a grups i escoles\",\"Type\":\"discount\"},{\"InfoAddicional\":\"<p><strong>Descomptes per a particulars<br \/><\/strong><\/p>\",\"Url\":\"http:\/\/vip.promentrada.com\",\"Codi\":\"VILL76\",\"LogoUrl\":\"media\/fimage\/31389\/01_005_00038559\/logo_prome_vip_v_web.jpg\",\"TitolBoto\":\"Descomptes per a particulars\",\"Type\":\"discount\"}]","contract_is_open":false,"in_tour":false},"yoast_head":"<!-- This site is optimized with the Yoast SEO plugin v27.5 - https:\/\/yoast.com\/product\/yoast-seo-wordpress\/ -->\n<title>IF (L&#039;\u00faltim desig) - La Villarroel<\/title>\n<meta name=\"robots\" content=\"index, follow, max-snippet:-1, max-image-preview:large, max-video-preview:-1\" \/>\n<link rel=\"canonical\" href=\"https:\/\/www.lavillarroel.cat\/ca\/ex\/if-lultim-desig\/\" \/>\n<script type=\"application\/ld+json\" class=\"yoast-schema-graph\">{\"@context\":\"https:\\\/\\\/schema.org\",\"@graph\":[{\"@type\":\"WebPage\",\"@id\":\"https:\\\/\\\/www.lavillarroel.cat\\\/ca\\\/ex\\\/if-lultim-desig\\\/\",\"url\":\"https:\\\/\\\/www.lavillarroel.cat\\\/ca\\\/ex\\\/if-lultim-desig\\\/\",\"name\":\"IF (L'\u00faltim desig) - La Villarroel\",\"isPartOf\":{\"@id\":\"https:\\\/\\\/www.lavillarroel.cat\\\/ca\\\/#website\"},\"datePublished\":\"2018-09-06T06:25:49+00:00\",\"breadcrumb\":{\"@id\":\"https:\\\/\\\/www.lavillarroel.cat\\\/ca\\\/ex\\\/if-lultim-desig\\\/#breadcrumb\"},\"inLanguage\":\"ca\",\"potentialAction\":[{\"@type\":\"ReadAction\",\"target\":[\"https:\\\/\\\/www.lavillarroel.cat\\\/ca\\\/ex\\\/if-lultim-desig\\\/\"]}]},{\"@type\":\"BreadcrumbList\",\"@id\":\"https:\\\/\\\/www.lavillarroel.cat\\\/ca\\\/ex\\\/if-lultim-desig\\\/#breadcrumb\",\"itemListElement\":[{\"@type\":\"ListItem\",\"position\":1,\"name\":\"Inici\",\"item\":\"https:\\\/\\\/www.lavillarroel.cat\\\/ca\\\/\"},{\"@type\":\"ListItem\",\"position\":2,\"name\":\"Espectacles\",\"item\":\"https:\\\/\\\/www.lavillarroel.cat\\\/ca\\\/ex\\\/\"},{\"@type\":\"ListItem\",\"position\":3,\"name\":\"IF (L&#8217;\u00faltim desig)\"}]},{\"@type\":\"WebSite\",\"@id\":\"https:\\\/\\\/www.lavillarroel.cat\\\/ca\\\/#website\",\"url\":\"https:\\\/\\\/www.lavillarroel.cat\\\/ca\\\/\",\"name\":\"La Villarroel\",\"description\":\"\",\"publisher\":{\"@id\":\"https:\\\/\\\/www.lavillarroel.cat\\\/ca\\\/#organization\"},\"potentialAction\":[{\"@type\":\"SearchAction\",\"target\":{\"@type\":\"EntryPoint\",\"urlTemplate\":\"https:\\\/\\\/www.lavillarroel.cat\\\/ca\\\/?s={search_term_string}\"},\"query-input\":{\"@type\":\"PropertyValueSpecification\",\"valueRequired\":true,\"valueName\":\"search_term_string\"}}],\"inLanguage\":\"ca\"},{\"@type\":\"Organization\",\"@id\":\"https:\\\/\\\/www.lavillarroel.cat\\\/ca\\\/#organization\",\"name\":\"La Villarroel\",\"url\":\"https:\\\/\\\/www.lavillarroel.cat\\\/ca\\\/\",\"logo\":{\"@type\":\"ImageObject\",\"inLanguage\":\"ca\",\"@id\":\"https:\\\/\\\/www.lavillarroel.cat\\\/ca\\\/#\\\/schema\\\/logo\\\/image\\\/\",\"url\":\"https:\\\/\\\/www.lavillarroel.cat\\\/wp-content\\\/uploads\\\/sites\\\/5\\\/2017\\\/09\\\/teatre-villaroel-logo.svg\",\"contentUrl\":\"https:\\\/\\\/www.lavillarroel.cat\\\/wp-content\\\/uploads\\\/sites\\\/5\\\/2017\\\/09\\\/teatre-villaroel-logo.svg\",\"width\":1,\"height\":1,\"caption\":\"La Villarroel\"},\"image\":{\"@id\":\"https:\\\/\\\/www.lavillarroel.cat\\\/ca\\\/#\\\/schema\\\/logo\\\/image\\\/\"},\"sameAs\":[\"http:\\\/\\\/www.facebook.com\\\/TeatreVillarroel\",\"https:\\\/\\\/x.com\\\/la_villarroel\",\"http:\\\/\\\/instagram.com\\\/la_villarroel\",\"http:\\\/\\\/www.youtube.com\\\/user\\\/LaVillarroel#p\\\/u\"]}]}<\/script>\n<!-- \/ Yoast SEO plugin. -->","yoast_head_json":{"title":"IF (L'\u00faltim desig) - La Villarroel","robots":{"index":"index","follow":"follow","max-snippet":"max-snippet:-1","max-image-preview":"max-image-preview:large","max-video-preview":"max-video-preview:-1"},"canonical":"https:\/\/www.lavillarroel.cat\/ca\/ex\/if-lultim-desig\/","schema":{"@context":"https:\/\/schema.org","@graph":[{"@type":"WebPage","@id":"https:\/\/www.lavillarroel.cat\/ca\/ex\/if-lultim-desig\/","url":"https:\/\/www.lavillarroel.cat\/ca\/ex\/if-lultim-desig\/","name":"IF (L'\u00faltim desig) - La Villarroel","isPartOf":{"@id":"https:\/\/www.lavillarroel.cat\/ca\/#website"},"datePublished":"2018-09-06T06:25:49+00:00","breadcrumb":{"@id":"https:\/\/www.lavillarroel.cat\/ca\/ex\/if-lultim-desig\/#breadcrumb"},"inLanguage":"ca","potentialAction":[{"@type":"ReadAction","target":["https:\/\/www.lavillarroel.cat\/ca\/ex\/if-lultim-desig\/"]}]},{"@type":"BreadcrumbList","@id":"https:\/\/www.lavillarroel.cat\/ca\/ex\/if-lultim-desig\/#breadcrumb","itemListElement":[{"@type":"ListItem","position":1,"name":"Inici","item":"https:\/\/www.lavillarroel.cat\/ca\/"},{"@type":"ListItem","position":2,"name":"Espectacles","item":"https:\/\/www.lavillarroel.cat\/ca\/ex\/"},{"@type":"ListItem","position":3,"name":"IF (L&#8217;\u00faltim desig)"}]},{"@type":"WebSite","@id":"https:\/\/www.lavillarroel.cat\/ca\/#website","url":"https:\/\/www.lavillarroel.cat\/ca\/","name":"La Villarroel","description":"","publisher":{"@id":"https:\/\/www.lavillarroel.cat\/ca\/#organization"},"potentialAction":[{"@type":"SearchAction","target":{"@type":"EntryPoint","urlTemplate":"https:\/\/www.lavillarroel.cat\/ca\/?s={search_term_string}"},"query-input":{"@type":"PropertyValueSpecification","valueRequired":true,"valueName":"search_term_string"}}],"inLanguage":"ca"},{"@type":"Organization","@id":"https:\/\/www.lavillarroel.cat\/ca\/#organization","name":"La Villarroel","url":"https:\/\/www.lavillarroel.cat\/ca\/","logo":{"@type":"ImageObject","inLanguage":"ca","@id":"https:\/\/www.lavillarroel.cat\/ca\/#\/schema\/logo\/image\/","url":"https:\/\/www.lavillarroel.cat\/wp-content\/uploads\/sites\/5\/2017\/09\/teatre-villaroel-logo.svg","contentUrl":"https:\/\/www.lavillarroel.cat\/wp-content\/uploads\/sites\/5\/2017\/09\/teatre-villaroel-logo.svg","width":1,"height":1,"caption":"La Villarroel"},"image":{"@id":"https:\/\/www.lavillarroel.cat\/ca\/#\/schema\/logo\/image\/"},"sameAs":["http:\/\/www.facebook.com\/TeatreVillarroel","https:\/\/x.com\/la_villarroel","http:\/\/instagram.com\/la_villarroel","http:\/\/www.youtube.com\/user\/LaVillarroel#p\/u"]}]}},"translations":[{"id":2674,"locale":"ca"},{"id":2879,"locale":"es"}],"_links":{"self":[{"href":"https:\/\/www.lavillarroel.cat\/ca\/wp-json\/wp\/v2\/ex\/2674","targetHints":{"allow":["GET"]}}],"collection":[{"href":"https:\/\/www.lavillarroel.cat\/ca\/wp-json\/wp\/v2\/ex"}],"about":[{"href":"https:\/\/www.lavillarroel.cat\/ca\/wp-json\/wp\/v2\/types\/ex"}],"author":[{"embeddable":true,"href":"https:\/\/www.lavillarroel.cat\/ca\/wp-json\/wp\/v2\/users\/2"}],"replies":[{"embeddable":true,"href":"https:\/\/www.lavillarroel.cat\/ca\/wp-json\/wp\/v2\/comments?post=2674"}],"acf:term":[{"embeddable":true,"taxonomy":"season","href":"https:\/\/www.lavillarroel.cat\/ca\/wp-json\/wp\/v2\/season\/65"}],"wp:attachment":[{"href":"https:\/\/www.lavillarroel.cat\/ca\/wp-json\/wp\/v2\/media?parent=2674"}],"curies":[{"name":"wp","href":"https:\/\/api.w.org\/{rel}","templated":true}]}}

IF (L&#8217;últim desig)

Tres dones. Tres germanes tornen al càmping on varen passar els estius de la seva infantesa amb un propòsit, complir l’últim desig de la seva mare: ser enterrada en el mateix càmping on han compartit tants moments. Aquest propòsit constitueix el pretext per mirar enrere i fer balanç.

Espectacle en català i castellà

Inspirat en un text de <strong>Natza Farré</strong><br />Adaptació: <strong>Cia. Vero Cendoya</strong><br />Direcció: <strong>Vero Cendoya</strong><br />Amb: <strong>Alba Florejachs, Gloria Sirvent </strong>i <strong>Vero Cendoya</strong><br />Producció: <strong>Vero Cendoya </strong>amb la col·laboració de <strong>La Villarroel</strong>

Ester M. González|EspectáculosBCN|"El text és simplement impecable." 
Alba Cuenca|Recomana.cat|"IF (L'últim desig) ens proposa respirar, contemplar el cel, demanar un desig a un estel fugaç i sentir la màgia del moment."

IfÚltimDesig

'IF (L'últim desig)', amb Alba Florejachs, Gloria Sirvent i Vero Cendoya, al cicle de teatre Off La Villarroel de Barcelona. Un viatge emocional on el cos i la paraula ens porten cap a un ambient sòrdid o oníric

[{"localizer":"V3CARTELL","url":"media/ver/cartell/v3/31450/01_085_00045796/cartellwebifoffvillarroelteatrebarcelona.jpg","thumb_url":"media/ver/cartell/v3/31450/01_085_00045796/cartellwebifoffvillarroelteatrebarcelona_thumb.jpg","title":"If (L'últim desig)","description":"If (L'últim desig) teatre off la villarroel barcelona","copyright":"","order":2},{"localizer":"V3PORTADAWIDE","url":"media/ver/port/v3wide/31450/01_088_00045797/0ifoffvillarroelteatrebarcelona.jpg","thumb_url":"media/ver/port/v3wide/31450/01_088_00045797/0ifoffvillarroelteatrebarcelona_thumb.jpg","title":"If (L'últim desig)","description":"If (L'últim desig) teatre off la villarroel barcelona","copyright":"","order":3},{"localizer":"V3PORTADA","url":"media/ver/port/v3/314B0/01_084_00047901/1-if-off-villarroel-teatre-barcelona.jpg","thumb_url":"media/ver/port/v3/314B0/01_084_00047901/1-if-off-villarroel-teatre-barcelona_thumb.jpg","title":"If (L'últim desig) - Off La Villarroel","description":"if l'últim desig off la villarroel","copyright":"","order":6}]

<!-- This site is optimized with the Yoast SEO plugin v27.5 - https://yoast.com/product/yoast-seo-wordpress/ -->
<title>IF (L&#039;últim desig) - La Villarroel</title>
<meta name="robots" content="index, follow, max-snippet:-1, max-image-preview:large, max-video-preview:-1" />
<link rel="canonical" href="https://www.lavillarroel.cat/ca/ex/if-lultim-desig/" />
<script type="application/ld+json" class="yoast-schema-graph">{"@context":"https:\/\/schema.org","@graph":[{"@type":"WebPage","@id":"https:\/\/www.lavillarroel.cat\/ca\/ex\/if-lultim-desig\/","url":"https:\/\/www.lavillarroel.cat\/ca\/ex\/if-lultim-desig\/","name":"IF (L'últim desig) - La Villarroel","isPartOf":{"@id":"https:\/\/www.lavillarroel.cat\/ca\/#website"},"datePublished":"2018-09-06T06:25:49+00:00","breadcrumb":{"@id":"https:\/\/www.lavillarroel.cat\/ca\/ex\/if-lultim-desig\/#breadcrumb"},"inLanguage":"ca","potentialAction":[{"@type":"ReadAction","target":["https:\/\/www.lavillarroel.cat\/ca\/ex\/if-lultim-desig\/"]}]},{"@type":"BreadcrumbList","@id":"https:\/\/www.lavillarroel.cat\/ca\/ex\/if-lultim-desig\/#breadcrumb","itemListElement":[{"@type":"ListItem","position":1,"name":"Inici","item":"https:\/\/www.lavillarroel.cat\/ca\/"},{"@type":"ListItem","position":2,"name":"Espectacles","item":"https:\/\/www.lavillarroel.cat\/ca\/ex\/"},{"@type":"ListItem","position":3,"name":"IF (L&#8217;últim desig)"}]},{"@type":"WebSite","@id":"https:\/\/www.lavillarroel.cat\/ca\/#website","url":"https:\/\/www.lavillarroel.cat\/ca\/","name":"La Villarroel","description":"","publisher":{"@id":"https:\/\/www.lavillarroel.cat\/ca\/#organization"},"potentialAction":[{"@type":"SearchAction","target":{"@type":"EntryPoint","urlTemplate":"https:\/\/www.lavillarroel.cat\/ca\/?s={search_term_string}"},"query-input":{"@type":"PropertyValueSpecification","valueRequired":true,"valueName":"search_term_string"}}],"inLanguage":"ca"},{"@type":"Organization","@id":"https:\/\/www.lavillarroel.cat\/ca\/#organization","name":"La Villarroel","url":"https:\/\/www.lavillarroel.cat\/ca\/","logo":{"@type":"ImageObject","inLanguage":"ca","@id":"https:\/\/www.lavillarroel.cat\/ca\/#\/schema\/logo\/image\/","url":"https:\/\/www.lavillarroel.cat\/wp-content\/uploads\/sites\/5\/2017\/09\/teatre-villaroel-logo.svg","contentUrl":"https:\/\/www.lavillarroel.cat\/wp-content\/uploads\/sites\/5\/2017\/09\/teatre-villaroel-logo.svg","width":1,"height":1,"caption":"La Villarroel"},"image":{"@id":"https:\/\/www.lavillarroel.cat\/ca\/#\/schema\/logo\/image\/"},"sameAs":["http:\/\/www.facebook.com\/TeatreVillarroel","https:\/\/x.com\/la_villarroel","http:\/\/instagram.com\/la_villarroel","http:\/\/www.youtube.com\/user\/LaVillarroel#p\/u"]}]}</script>
<!-- / Yoast SEO plugin. -->

IF (L'últim desig) - La Villarroel
