{"id":2704,"date":"2021-07-22T13:32:05","date_gmt":"2021-07-22T11:32:05","guid":{"rendered":"https:\/\/pre.lavillarroel.cat\/ex\/\/calma-3\/"},"modified":"2021-07-22T13:32:05","modified_gmt":"2021-07-22T11:32:05","slug":"calma-3","status":"publish","type":"ex","link":"https:\/\/www.lavillarroel.cat\/ca\/ex\/calma-3\/","title":{"rendered":"CALMA!"},"content":{"rendered":"","protected":false},"excerpt":{"rendered":"","protected":false},"author":2,"featured_media":0,"comment_status":"closed","ping_status":"open","template":"","class_list":["post-2704","ex","type-ex","status-publish","hentry","season-2021-22"],"acf":{"txt_synopsis":"<p>Guillem Alb\u00e0 ens explica, sol i sense paraules, un fet tan complex i alhora tan quotidi\u00e0: la pressa. Aquest \"corre tothora\" en el que vivim instal\u00b7lats.<\/p>\n<p>CALMA! porta l'espectador a gaudir d'una experi\u00e8ncia per moments c\u00f2mica, per moments po\u00e8tica. Amb el clown com a bandera i a trav\u00e9s dels titelles, el gest, les ombres o la m\u00fasica, far\u00e0 q\u00fcestionar-nos el dia a dia i el propi viatge vital. Si val la pena c\u00f3rrer tant, si estem fent el que realment ens omple, i en definitiva: si volem seguir aix\u00ed o volem canviar-ho.<\/p>\n<p>CALMA! \u00e9s pur Guillem Alb\u00e0. El seu clown salvatge hi \u00e9s present, la seva po\u00e8tica no hi falta i el seu missatge optimista i vital esdev\u00e9, finalment, cat\u00e0rtic.<\/p>","main_buy_link":"","main_buy_links":"","group_buy_link":"","show_language":"Sense text","show_duration":"60","show_start_date":"20211018000000","show_end_date":"20211114000000","show_sort_date":"20211018000000","txt_custom_show_dates":"del 18 d'octubre al 14 de novembre de 2021","show_disciplines":"","show_ultimes_funcions":false,"hide_tarifes_especials":false,"show_properament":false,"txt_additional_info":"","txt_present":"","show_season":[43],"txt_season":"[\"2021\/22\"]","txt_cycle":"","txt_claim":"","txt_cast_excerpt":"","txt_cast":"<p>Direcci\u00f3 i Interpretaci\u00f3: <strong>Guillem Alb\u00e0<\/strong><br \/>Creaci\u00f3: <strong>Al\u00edcia Serrat, Marc Angelet, Andreu Mart\u00ednez i&nbsp;Guillem Alb\u00e0<\/strong><br \/>M\u00fasica: <strong>Pep Pascual<\/strong><br \/>Dramat\u00fargia: <strong>Al\u00edcia Serrat i Marc Angelet<\/strong><br \/>Gest i Titelles: <strong>Andreu Mart\u00ednez<\/strong><br \/>Moviment: <strong>Ariadna Peya<\/strong><br \/>Visi\u00f3 externa: <strong>Sergio Mart\u00ednez i Joan Arqu\u00e9<\/strong><br \/>Disseny Il\u00b7luminaci\u00f3: <strong>Ganecha Gil<\/strong><br \/>Direcci\u00f3 T\u00e8cnica: <strong>Oriol Ib\u00e1\u00f1ez<\/strong><br \/>Construcci\u00f3: <strong>L\u2019Estaquirot Teatre, Alfred Casas i Xavi Arbon\u00e8s<br \/><\/strong>Vestuari: <strong>Irene Nen\u00e9 Fernandez<br \/><\/strong>Ajudant de Producci\u00f3: <strong>Berta Garc\u00eda<br \/><\/strong>Direcci\u00f3 de Producci\u00f3 i Management: <strong>Blai Rodr\u00edguez<br \/><br \/><\/strong>Premsa:<strong> Albert L\u00f3pez i Judit Hern\u00e1ndez<br \/><\/strong>M\u00e0rqueting i comunicaci\u00f3: <strong>Publispec<br \/><\/strong>Disseny gr\u00e0fic:<strong> Santi&Kco<br \/><\/strong><\/p>","txt_reviews":"Oriol Puig-Taul\u00e9|N\u00favol|\u201cCalma! t\u00e9 tots els n\u00fameros de triomfar all\u00e0 on vagi.\u201d\nJordi Bordes|El Punt Avui|\u201cEl p\u00fablic es deixa seduir per la personalitat immensa (i humana) d\u2019Alb\u00e0.\u201d\nMarcel Barrera|Zirk\u00f3lika|\u201cGuillem Alb\u00e0 demostr\u00f3 su talento, su sello y su capacidad de divertir en serio.\u201d\nMart\u00ed Rossell|Recomana.cat|\u201cEvoca tot el seu talent per enamorar i seduir a un p\u00fablic molt entregat, que de seguida somriu, riu i s\u2019emociona.\u201d","hashtag":"CALMAOff","have_promo":"","slogan":"","id_exhibicio":1832,"id_versio":1389,"id_local":4,"txt_seo_desc":"CALMA!, de Guillem Alb\u00e0, al Teatre La Villarroel de Barcelona.","data_images":"[{\"localizer\":\"V3SLIDE\",\"url\":\"media\/ftgalslide\/v3\/314B7\/01_086_00049944\/calma-off-teatre-la-villarroel-barcelona.JPG\",\"thumb_url\":\"media\/ftgalslide\/v3\/314B7\/01_086_00049944\/calma-off-teatre-la-villarroel-barcelona_thumb.jpg\",\"title\":\"Calma! - La Villarroel\",\"description\":\"calma teatre off la villarroel barcelona\",\"copyright\":\"https:\/\/www.youtube.com\/watch?v=QhizdwxYG3c&feature=youtu.be\",\"order\":1},{\"localizer\":\"V3SLIDE\",\"url\":\"media\/ftgalslide\/v3\/314B5\/01_086_00049160\/calma-off-teatre-la-villarroel-barcelona.jpg\",\"thumb_url\":\"media\/ftgalslide\/v3\/314B5\/01_086_00049160\/calma-off-teatre-la-villarroel-barcelona_thumb.jpg\",\"title\":\"CALMA! - La Villarroel\",\"description\":\"calma teatre la villarroel barcelona\",\"copyright\":\"\",\"order\":2},{\"localizer\":\"V3CARTELL\",\"url\":\"media\/ver\/cartell\/v3\/314B5\/01_085_00049169\/cartellweb-calma-off-la-villarroel-teatre-barcelona.jpg\",\"thumb_url\":\"media\/ver\/cartell\/v3\/314B5\/01_085_00049169\/cartellweb-calma-off-la-villarroel-teatre-barcelona_thumb.jpg\",\"title\":\"CALMA! - La Villarroel\",\"description\":\"calma teatre la villarroel barcelona\",\"copyright\":\"\",\"order\":3},{\"localizer\":\"V3PORTADA\",\"url\":\"media\/ver\/port\/v3\/314B7\/01_084_00049856\/1-calma-off-la-villarroel-teatre-barcelona.jpg\",\"thumb_url\":\"media\/ver\/port\/v3\/314B7\/01_084_00049856\/1-calma-off-la-villarroel-teatre-barcelona_thumb.jpg\",\"title\":\"Calma! - La Villarroel\",\"description\":\"calma teatre la villarroel barcelona\",\"copyright\":\"\",\"order\":5}]","material__texto_intro":"","data_material":null,"data_gallery":"","data_discounts":"[]","contract_is_open":false,"in_tour":false},"yoast_head":"<!-- This site is optimized with the Yoast SEO plugin v27.5 - https:\/\/yoast.com\/product\/yoast-seo-wordpress\/ -->\n<title>CALMA! - La Villarroel<\/title>\n<meta name=\"robots\" content=\"index, follow, max-snippet:-1, max-image-preview:large, max-video-preview:-1\" \/>\n<link rel=\"canonical\" href=\"https:\/\/www.lavillarroel.cat\/ca\/ex\/calma-3\/\" \/>\n<script type=\"application\/ld+json\" class=\"yoast-schema-graph\">{\"@context\":\"https:\\\/\\\/schema.org\",\"@graph\":[{\"@type\":\"WebPage\",\"@id\":\"https:\\\/\\\/www.lavillarroel.cat\\\/ca\\\/ex\\\/calma-3\\\/\",\"url\":\"https:\\\/\\\/www.lavillarroel.cat\\\/ca\\\/ex\\\/calma-3\\\/\",\"name\":\"CALMA! - La Villarroel\",\"isPartOf\":{\"@id\":\"https:\\\/\\\/www.lavillarroel.cat\\\/ca\\\/#website\"},\"datePublished\":\"2021-07-22T11:32:05+00:00\",\"breadcrumb\":{\"@id\":\"https:\\\/\\\/www.lavillarroel.cat\\\/ca\\\/ex\\\/calma-3\\\/#breadcrumb\"},\"inLanguage\":\"ca\",\"potentialAction\":[{\"@type\":\"ReadAction\",\"target\":[\"https:\\\/\\\/www.lavillarroel.cat\\\/ca\\\/ex\\\/calma-3\\\/\"]}]},{\"@type\":\"BreadcrumbList\",\"@id\":\"https:\\\/\\\/www.lavillarroel.cat\\\/ca\\\/ex\\\/calma-3\\\/#breadcrumb\",\"itemListElement\":[{\"@type\":\"ListItem\",\"position\":1,\"name\":\"Inici\",\"item\":\"https:\\\/\\\/www.lavillarroel.cat\\\/ca\\\/\"},{\"@type\":\"ListItem\",\"position\":2,\"name\":\"Espectacles\",\"item\":\"https:\\\/\\\/www.lavillarroel.cat\\\/ca\\\/ex\\\/\"},{\"@type\":\"ListItem\",\"position\":3,\"name\":\"CALMA!\"}]},{\"@type\":\"WebSite\",\"@id\":\"https:\\\/\\\/www.lavillarroel.cat\\\/ca\\\/#website\",\"url\":\"https:\\\/\\\/www.lavillarroel.cat\\\/ca\\\/\",\"name\":\"La Villarroel\",\"description\":\"\",\"publisher\":{\"@id\":\"https:\\\/\\\/www.lavillarroel.cat\\\/ca\\\/#organization\"},\"potentialAction\":[{\"@type\":\"SearchAction\",\"target\":{\"@type\":\"EntryPoint\",\"urlTemplate\":\"https:\\\/\\\/www.lavillarroel.cat\\\/ca\\\/?s={search_term_string}\"},\"query-input\":{\"@type\":\"PropertyValueSpecification\",\"valueRequired\":true,\"valueName\":\"search_term_string\"}}],\"inLanguage\":\"ca\"},{\"@type\":\"Organization\",\"@id\":\"https:\\\/\\\/www.lavillarroel.cat\\\/ca\\\/#organization\",\"name\":\"La Villarroel\",\"url\":\"https:\\\/\\\/www.lavillarroel.cat\\\/ca\\\/\",\"logo\":{\"@type\":\"ImageObject\",\"inLanguage\":\"ca\",\"@id\":\"https:\\\/\\\/www.lavillarroel.cat\\\/ca\\\/#\\\/schema\\\/logo\\\/image\\\/\",\"url\":\"https:\\\/\\\/www.lavillarroel.cat\\\/wp-content\\\/uploads\\\/sites\\\/5\\\/2017\\\/09\\\/teatre-villaroel-logo.svg\",\"contentUrl\":\"https:\\\/\\\/www.lavillarroel.cat\\\/wp-content\\\/uploads\\\/sites\\\/5\\\/2017\\\/09\\\/teatre-villaroel-logo.svg\",\"width\":1,\"height\":1,\"caption\":\"La Villarroel\"},\"image\":{\"@id\":\"https:\\\/\\\/www.lavillarroel.cat\\\/ca\\\/#\\\/schema\\\/logo\\\/image\\\/\"},\"sameAs\":[\"http:\\\/\\\/www.facebook.com\\\/TeatreVillarroel\",\"https:\\\/\\\/x.com\\\/la_villarroel\",\"http:\\\/\\\/instagram.com\\\/la_villarroel\",\"http:\\\/\\\/www.youtube.com\\\/user\\\/LaVillarroel#p\\\/u\"]}]}<\/script>\n<!-- \/ Yoast SEO plugin. -->","yoast_head_json":{"title":"CALMA! - La Villarroel","robots":{"index":"index","follow":"follow","max-snippet":"max-snippet:-1","max-image-preview":"max-image-preview:large","max-video-preview":"max-video-preview:-1"},"canonical":"https:\/\/www.lavillarroel.cat\/ca\/ex\/calma-3\/","schema":{"@context":"https:\/\/schema.org","@graph":[{"@type":"WebPage","@id":"https:\/\/www.lavillarroel.cat\/ca\/ex\/calma-3\/","url":"https:\/\/www.lavillarroel.cat\/ca\/ex\/calma-3\/","name":"CALMA! - La Villarroel","isPartOf":{"@id":"https:\/\/www.lavillarroel.cat\/ca\/#website"},"datePublished":"2021-07-22T11:32:05+00:00","breadcrumb":{"@id":"https:\/\/www.lavillarroel.cat\/ca\/ex\/calma-3\/#breadcrumb"},"inLanguage":"ca","potentialAction":[{"@type":"ReadAction","target":["https:\/\/www.lavillarroel.cat\/ca\/ex\/calma-3\/"]}]},{"@type":"BreadcrumbList","@id":"https:\/\/www.lavillarroel.cat\/ca\/ex\/calma-3\/#breadcrumb","itemListElement":[{"@type":"ListItem","position":1,"name":"Inici","item":"https:\/\/www.lavillarroel.cat\/ca\/"},{"@type":"ListItem","position":2,"name":"Espectacles","item":"https:\/\/www.lavillarroel.cat\/ca\/ex\/"},{"@type":"ListItem","position":3,"name":"CALMA!"}]},{"@type":"WebSite","@id":"https:\/\/www.lavillarroel.cat\/ca\/#website","url":"https:\/\/www.lavillarroel.cat\/ca\/","name":"La Villarroel","description":"","publisher":{"@id":"https:\/\/www.lavillarroel.cat\/ca\/#organization"},"potentialAction":[{"@type":"SearchAction","target":{"@type":"EntryPoint","urlTemplate":"https:\/\/www.lavillarroel.cat\/ca\/?s={search_term_string}"},"query-input":{"@type":"PropertyValueSpecification","valueRequired":true,"valueName":"search_term_string"}}],"inLanguage":"ca"},{"@type":"Organization","@id":"https:\/\/www.lavillarroel.cat\/ca\/#organization","name":"La Villarroel","url":"https:\/\/www.lavillarroel.cat\/ca\/","logo":{"@type":"ImageObject","inLanguage":"ca","@id":"https:\/\/www.lavillarroel.cat\/ca\/#\/schema\/logo\/image\/","url":"https:\/\/www.lavillarroel.cat\/wp-content\/uploads\/sites\/5\/2017\/09\/teatre-villaroel-logo.svg","contentUrl":"https:\/\/www.lavillarroel.cat\/wp-content\/uploads\/sites\/5\/2017\/09\/teatre-villaroel-logo.svg","width":1,"height":1,"caption":"La Villarroel"},"image":{"@id":"https:\/\/www.lavillarroel.cat\/ca\/#\/schema\/logo\/image\/"},"sameAs":["http:\/\/www.facebook.com\/TeatreVillarroel","https:\/\/x.com\/la_villarroel","http:\/\/instagram.com\/la_villarroel","http:\/\/www.youtube.com\/user\/LaVillarroel#p\/u"]}]}},"translations":[{"id":2704,"locale":"ca"},{"id":2909,"locale":"es"}],"_links":{"self":[{"href":"https:\/\/www.lavillarroel.cat\/ca\/wp-json\/wp\/v2\/ex\/2704","targetHints":{"allow":["GET"]}}],"collection":[{"href":"https:\/\/www.lavillarroel.cat\/ca\/wp-json\/wp\/v2\/ex"}],"about":[{"href":"https:\/\/www.lavillarroel.cat\/ca\/wp-json\/wp\/v2\/types\/ex"}],"author":[{"embeddable":true,"href":"https:\/\/www.lavillarroel.cat\/ca\/wp-json\/wp\/v2\/users\/2"}],"replies":[{"embeddable":true,"href":"https:\/\/www.lavillarroel.cat\/ca\/wp-json\/wp\/v2\/comments?post=2704"}],"acf:term":[{"embeddable":true,"taxonomy":"season","href":"https:\/\/www.lavillarroel.cat\/ca\/wp-json\/wp\/v2\/season\/43"}],"wp:attachment":[{"href":"https:\/\/www.lavillarroel.cat\/ca\/wp-json\/wp\/v2\/media?parent=2704"}],"curies":[{"name":"wp","href":"https:\/\/api.w.org\/{rel}","templated":true}]}}

<p>Guillem Albà ens explica, sol i sense paraules, un fet tan complex i alhora tan quotidià: la pressa. Aquest "corre tothora" en el que vivim instal·lats.</p>
<p>CALMA! porta l'espectador a gaudir d'una experiència per moments còmica, per moments poètica. Amb el clown com a bandera i a través dels titelles, el gest, les ombres o la música, farà qüestionar-nos el dia a dia i el propi viatge vital. Si val la pena córrer tant, si estem fent el que realment ens omple, i en definitiva: si volem seguir així o volem canviar-ho.</p>
<p>CALMA! és pur Guillem Albà. El seu clown salvatge hi és present, la seva poètica no hi falta i el seu missatge optimista i vital esdevé, finalment, catàrtic.</p>

<p>Direcció i Interpretació: <strong>Guillem Albà</strong><br />Creació: <strong>Alícia Serrat, Marc Angelet, Andreu Martínez i&nbsp;Guillem Albà</strong><br />Música: <strong>Pep Pascual</strong><br />Dramatúrgia: <strong>Alícia Serrat i Marc Angelet</strong><br />Gest i Titelles: <strong>Andreu Martínez</strong><br />Moviment: <strong>Ariadna Peya</strong><br />Visió externa: <strong>Sergio Martínez i Joan Arqué</strong><br />Disseny Il·luminació: <strong>Ganecha Gil</strong><br />Direcció Tècnica: <strong>Oriol Ibáñez</strong><br />Construcció: <strong>L’Estaquirot Teatre, Alfred Casas i Xavi Arbonès<br /></strong>Vestuari: <strong>Irene Nené Fernandez<br /></strong>Ajudant de Producció: <strong>Berta García<br /></strong>Direcció de Producció i Management: <strong>Blai Rodríguez<br /><br /></strong>Premsa:<strong> Albert López i Judit Hernández<br /></strong>Màrqueting i comunicació: <strong>Publispec<br /></strong>Disseny gràfic:<strong> Santi&Kco<br /></strong></p>

Oriol Puig-Taulé|Núvol|“Calma! té tots els números de triomfar allà on vagi.”
Jordi Bordes|El Punt Avui|“El públic es deixa seduir per la personalitat immensa (i humana) d’Albà.”
Marcel Barrera|Zirkólika|“Guillem Albà demostró su talento, su sello y su capacidad de divertir en serio.”
Martí Rossell|Recomana.cat|“Evoca tot el seu talent per enamorar i seduir a un públic molt entregat, que de seguida somriu, riu i s’emociona.”

CALMA!, de Guillem Albà, al Teatre La Villarroel de Barcelona.
