{"id":2711,"date":"2021-09-01T14:58:24","date_gmt":"2021-09-01T12:58:24","guid":{"rendered":"https:\/\/pre.lavillarroel.cat\/ex\/\/una-terapia-integral\/"},"modified":"2021-09-01T14:58:24","modified_gmt":"2021-09-01T12:58:24","slug":"una-terapia-integral","status":"publish","type":"ex","link":"https:\/\/www.lavillarroel.cat\/ca\/ex\/una-terapia-integral\/","title":{"rendered":"Una ter\u00e0pia integral"},"content":{"rendered":"","protected":false},"excerpt":{"rendered":"","protected":false},"author":2,"featured_media":0,"comment_status":"closed","ping_status":"open","template":"","class_list":["post-2711","ex","type-ex","status-publish","hentry","season-2021-22"],"acf":{"txt_synopsis":"En Toni Roca fa m\u00e9s de deu anys que imparteix un curs intensiu de quatre setmanes per aprendre a fer pa. Hi ha poques places i bufetades per apuntar-s\u2019hi. Els alumnes que s\u2019hi inscriuen volen aprendre a fer-ne pa, per\u00f2 el m\u00e8tode parteix d\u2019una simple i estranya premissa: \u201cPer fer un bon pa, no cal tenir la millor farina o el llevat m\u00e9s fresc, per fer un bon pa, cal estar b\u00e9 amb un mateix.\u201d Aix\u00ed de simple.","main_buy_link":"","main_buy_links":"","group_buy_link":"","show_language":"Espectacle en catal\u00e0","show_duration":"90","show_start_date":"20220525000000","show_end_date":"20220626000000","show_sort_date":"20220525000000","txt_custom_show_dates":"del 25 de maig al 26 de juny de 2022","show_disciplines":"7","show_ultimes_funcions":false,"hide_tarifes_especials":false,"show_properament":false,"txt_additional_info":"<p><i class=\"fa fa-info fa-2x fa-fw\"><\/i>El dia 21 de mar\u00e7 es celebrar\u00e0 una postfunci\u00f3 a c\u00e0rrec de Recomana.cat <\/p>","txt_present":"","show_season":[43],"txt_season":"[\"2021\/22\"]","txt_cycle":"","txt_claim":"","txt_cast_excerpt":"","txt_cast":"<p>Autoria: <strong>Cristina Clemente i Marc Angelet<br \/><\/strong>Direcci\u00f3: <strong>Marc Angelet i Cristina Clemente<\/strong><\/p>\n<p>Repartiment:<strong> Abel Folk, \u00c0ngels Gonyalons, Roger Coma, Andrea Ros<br \/><\/strong>amb la col\u00b7laboraci\u00f3 de <strong>Jordi Mart\u00ednez<\/strong><\/p>\n<p>Escenografia i vestuari: <strong>Jose Novoa<br \/><\/strong>Disseny il\u00b7luminaci\u00f3: <strong>Sylvia Kuchinow<br \/><\/strong>Disseny so: <strong>\u00c0ngel Puertas<\/strong><br \/>Caracteritzaci\u00f3: <strong>Maru Errando<\/strong><\/p>\n<p>Direcci\u00f3 t\u00e8cnica: <strong>Xavier Xipell \u201cXipi\u201d<br \/><\/strong>Coordinador t\u00e8cnic en gira: <strong>\u00c0ngel Puertas<br \/><\/strong>Direcci\u00f3 de producci\u00f3: <strong>Carles Manrique (Velvet Events)<br \/><\/strong>Direcci\u00f3 art\u00edstica de producci\u00f3: <strong>Jordi Casanovas (Hause&Richman)<br \/><\/strong>Ajudants de producci\u00f3:<strong> Laura Alonso, Fran Torrella<\/strong><\/p>\n<p>Cap t\u00e8cnic del teatre: <strong>Iker Gabald\u00f3n <\/strong><\/p>\n<p>Fotografia: <strong>\u00a9David Ruano<br \/><\/strong>Disseny Gr\u00e0fic: <strong>Maria Picass\u00f3<br \/><\/strong>V\u00eddeo promocional: <strong>Llu\u00eds Arb\u00f3s. Dolma Studio<\/strong><\/p>\n<p>M\u00e0rqueting i comunicaci\u00f3: <strong>Focus<\/strong><\/p>\n<p>Agra\u00efments: <strong>\u00d2scar Jarque<\/strong><\/p>\n<p>Una producci\u00f3 de <strong>Velvet Events <br \/><\/strong><\/p>\n<p><br \/><\/p>\n<p><\/p>\n<p><\/p>\n<p><strong><\/strong><br \/><\/p>","txt_reviews":"","hashtag":"UnaTer\u00e0piaIntegral","have_promo":"","slogan":"","id_exhibicio":1856,"id_versio":1483,"id_local":4,"txt_seo_desc":"Una ter\u00e0pia integral \u00e9s una com\u00e8dia protagonitzada per \u00c0ngels Gonyalons, Abel Folk, Maria Molins i Roger Coma que es representa a La Villarroel de Barcelona.","data_images":"[{\"localizer\":\"V3CARTELL\",\"url\":\"media\/ver\/cartell\/v3\/3163E\/01_085_00055605\/Cartell-web-Terapia-integral-teatre-goya.jpg\",\"thumb_url\":\"media\/ver\/cartell\/v3\/3163E\/01_085_00055605\/Cartell-web-Terapia-integral-teatre-goya_thumb.jpg\",\"title\":\"Una ter\u00e0pia integral - Teatre Goya\",\"description\":\"una terapia integral al teatre goya de barcelona\",\"copyright\":\"\",\"order\":17},{\"localizer\":\"V3SLIDE\",\"url\":\"media\/ftgalslide\/v3\/3163F\/01_086_00055682\/T23_Terapia_(S2)_003.jpg\",\"thumb_url\":\"media\/ftgalslide\/v3\/3163F\/01_086_00055682\/T23_Terapia_(S2)_003_thumb.jpg\",\"title\":\"Una ter\u00e0pia intergal - Teatre Goya\",\"description\":\"una terapia integral al teatre goya de barcelona\",\"copyright\":\"https:\/\/youtu.be\/hZK59Q3P2yE\",\"order\":20},{\"localizer\":\"V3SLIDE\",\"url\":\"media\/ftgalslide\/v3\/3163F\/01_086_00055683\/T23_Terapia_(S2)_113.jpg\",\"thumb_url\":\"media\/ftgalslide\/v3\/3163F\/01_086_00055683\/T23_Terapia_(S2)_113_thumb.jpg\",\"title\":\"Una ter\u00e0pia integral - Teatre Goya\",\"description\":\"una terapia integral al teatre goya de barcelona\",\"copyright\":\"\",\"order\":21},{\"localizer\":\"V3SLIDE\",\"url\":\"media\/ftgalslide\/v3\/3163F\/01_086_00055684\/T23_Terapia_(S2)_089.jpg\",\"thumb_url\":\"media\/ftgalslide\/v3\/3163F\/01_086_00055684\/T23_Terapia_(S2)_089_thumb.jpg\",\"title\":\"Una ter\u00e0pia integral - Teatre Goya\",\"description\":\"una ter\u00e0pia integral al teatre goya de barcelona\",\"copyright\":\"\",\"order\":22},{\"localizer\":\"V3SLIDE\",\"url\":\"media\/ftgalslide\/v3\/3163F\/01_086_00055685\/T23_Terapia_(S2)_014.jpg\",\"thumb_url\":\"media\/ftgalslide\/v3\/3163F\/01_086_00055685\/T23_Terapia_(S2)_014_thumb.jpg\",\"title\":\"Una ter\u00e0pia integral - Teatre Goya\",\"description\":\"una ter\u00e0pia integral al teatre goya de barcelona\",\"copyright\":\"\",\"order\":23},{\"localizer\":\"V3PORTADAWIDE\",\"url\":\"media\/ver\/port\/v3wide\/31640\/01_088_00055848\/PORTADA-0-.jpg\",\"thumb_url\":\"media\/ver\/port\/v3wide\/31640\/01_088_00055848\/PORTADA-0-_thumb.jpg\",\"title\":\"Una ter\u00e0pia integral - Teatre Goya\",\"description\":\"una terapia integral al teatre goya de barcelona\",\"copyright\":\"\",\"order\":24},{\"localizer\":\"V3PORTADA\",\"url\":\"media\/ver\/port\/v3\/31640\/01_084_00055849\/portada-1-copia.jpg\",\"thumb_url\":\"media\/ver\/port\/v3\/31640\/01_084_00055849\/portada-1-copia_thumb.jpg\",\"title\":\"Una ter\u00e0pia integral - Teatre Goya\",\"description\":\"una terapia integral al teatre goya de barcelona\",\"copyright\":\"\",\"order\":25}]","material__texto_intro":"","data_material":null,"data_gallery":"","data_discounts":"[]","contract_is_open":false,"in_tour":false},"yoast_head":"<!-- This site is optimized with the Yoast SEO plugin v27.5 - https:\/\/yoast.com\/product\/yoast-seo-wordpress\/ -->\n<title>Una ter\u00e0pia integral - La Villarroel<\/title>\n<meta name=\"robots\" content=\"index, follow, max-snippet:-1, max-image-preview:large, max-video-preview:-1\" \/>\n<link rel=\"canonical\" href=\"https:\/\/www.lavillarroel.cat\/ca\/ex\/una-terapia-integral\/\" \/>\n<script type=\"application\/ld+json\" class=\"yoast-schema-graph\">{\"@context\":\"https:\\\/\\\/schema.org\",\"@graph\":[{\"@type\":\"WebPage\",\"@id\":\"https:\\\/\\\/www.lavillarroel.cat\\\/ca\\\/ex\\\/una-terapia-integral\\\/\",\"url\":\"https:\\\/\\\/www.lavillarroel.cat\\\/ca\\\/ex\\\/una-terapia-integral\\\/\",\"name\":\"Una ter\u00e0pia integral - La Villarroel\",\"isPartOf\":{\"@id\":\"https:\\\/\\\/www.lavillarroel.cat\\\/ca\\\/#website\"},\"datePublished\":\"2021-09-01T12:58:24+00:00\",\"breadcrumb\":{\"@id\":\"https:\\\/\\\/www.lavillarroel.cat\\\/ca\\\/ex\\\/una-terapia-integral\\\/#breadcrumb\"},\"inLanguage\":\"ca\",\"potentialAction\":[{\"@type\":\"ReadAction\",\"target\":[\"https:\\\/\\\/www.lavillarroel.cat\\\/ca\\\/ex\\\/una-terapia-integral\\\/\"]}]},{\"@type\":\"BreadcrumbList\",\"@id\":\"https:\\\/\\\/www.lavillarroel.cat\\\/ca\\\/ex\\\/una-terapia-integral\\\/#breadcrumb\",\"itemListElement\":[{\"@type\":\"ListItem\",\"position\":1,\"name\":\"Inici\",\"item\":\"https:\\\/\\\/www.lavillarroel.cat\\\/ca\\\/\"},{\"@type\":\"ListItem\",\"position\":2,\"name\":\"Espectacles\",\"item\":\"https:\\\/\\\/www.lavillarroel.cat\\\/ca\\\/ex\\\/\"},{\"@type\":\"ListItem\",\"position\":3,\"name\":\"Una ter\u00e0pia integral\"}]},{\"@type\":\"WebSite\",\"@id\":\"https:\\\/\\\/www.lavillarroel.cat\\\/ca\\\/#website\",\"url\":\"https:\\\/\\\/www.lavillarroel.cat\\\/ca\\\/\",\"name\":\"La Villarroel\",\"description\":\"\",\"publisher\":{\"@id\":\"https:\\\/\\\/www.lavillarroel.cat\\\/ca\\\/#organization\"},\"potentialAction\":[{\"@type\":\"SearchAction\",\"target\":{\"@type\":\"EntryPoint\",\"urlTemplate\":\"https:\\\/\\\/www.lavillarroel.cat\\\/ca\\\/?s={search_term_string}\"},\"query-input\":{\"@type\":\"PropertyValueSpecification\",\"valueRequired\":true,\"valueName\":\"search_term_string\"}}],\"inLanguage\":\"ca\"},{\"@type\":\"Organization\",\"@id\":\"https:\\\/\\\/www.lavillarroel.cat\\\/ca\\\/#organization\",\"name\":\"La Villarroel\",\"url\":\"https:\\\/\\\/www.lavillarroel.cat\\\/ca\\\/\",\"logo\":{\"@type\":\"ImageObject\",\"inLanguage\":\"ca\",\"@id\":\"https:\\\/\\\/www.lavillarroel.cat\\\/ca\\\/#\\\/schema\\\/logo\\\/image\\\/\",\"url\":\"https:\\\/\\\/www.lavillarroel.cat\\\/wp-content\\\/uploads\\\/sites\\\/5\\\/2017\\\/09\\\/teatre-villaroel-logo.svg\",\"contentUrl\":\"https:\\\/\\\/www.lavillarroel.cat\\\/wp-content\\\/uploads\\\/sites\\\/5\\\/2017\\\/09\\\/teatre-villaroel-logo.svg\",\"width\":1,\"height\":1,\"caption\":\"La Villarroel\"},\"image\":{\"@id\":\"https:\\\/\\\/www.lavillarroel.cat\\\/ca\\\/#\\\/schema\\\/logo\\\/image\\\/\"},\"sameAs\":[\"http:\\\/\\\/www.facebook.com\\\/TeatreVillarroel\",\"https:\\\/\\\/x.com\\\/la_villarroel\",\"http:\\\/\\\/instagram.com\\\/la_villarroel\",\"http:\\\/\\\/www.youtube.com\\\/user\\\/LaVillarroel#p\\\/u\"]}]}<\/script>\n<!-- \/ Yoast SEO plugin. -->","yoast_head_json":{"title":"Una ter\u00e0pia integral - La Villarroel","robots":{"index":"index","follow":"follow","max-snippet":"max-snippet:-1","max-image-preview":"max-image-preview:large","max-video-preview":"max-video-preview:-1"},"canonical":"https:\/\/www.lavillarroel.cat\/ca\/ex\/una-terapia-integral\/","schema":{"@context":"https:\/\/schema.org","@graph":[{"@type":"WebPage","@id":"https:\/\/www.lavillarroel.cat\/ca\/ex\/una-terapia-integral\/","url":"https:\/\/www.lavillarroel.cat\/ca\/ex\/una-terapia-integral\/","name":"Una ter\u00e0pia integral - La Villarroel","isPartOf":{"@id":"https:\/\/www.lavillarroel.cat\/ca\/#website"},"datePublished":"2021-09-01T12:58:24+00:00","breadcrumb":{"@id":"https:\/\/www.lavillarroel.cat\/ca\/ex\/una-terapia-integral\/#breadcrumb"},"inLanguage":"ca","potentialAction":[{"@type":"ReadAction","target":["https:\/\/www.lavillarroel.cat\/ca\/ex\/una-terapia-integral\/"]}]},{"@type":"BreadcrumbList","@id":"https:\/\/www.lavillarroel.cat\/ca\/ex\/una-terapia-integral\/#breadcrumb","itemListElement":[{"@type":"ListItem","position":1,"name":"Inici","item":"https:\/\/www.lavillarroel.cat\/ca\/"},{"@type":"ListItem","position":2,"name":"Espectacles","item":"https:\/\/www.lavillarroel.cat\/ca\/ex\/"},{"@type":"ListItem","position":3,"name":"Una ter\u00e0pia integral"}]},{"@type":"WebSite","@id":"https:\/\/www.lavillarroel.cat\/ca\/#website","url":"https:\/\/www.lavillarroel.cat\/ca\/","name":"La Villarroel","description":"","publisher":{"@id":"https:\/\/www.lavillarroel.cat\/ca\/#organization"},"potentialAction":[{"@type":"SearchAction","target":{"@type":"EntryPoint","urlTemplate":"https:\/\/www.lavillarroel.cat\/ca\/?s={search_term_string}"},"query-input":{"@type":"PropertyValueSpecification","valueRequired":true,"valueName":"search_term_string"}}],"inLanguage":"ca"},{"@type":"Organization","@id":"https:\/\/www.lavillarroel.cat\/ca\/#organization","name":"La Villarroel","url":"https:\/\/www.lavillarroel.cat\/ca\/","logo":{"@type":"ImageObject","inLanguage":"ca","@id":"https:\/\/www.lavillarroel.cat\/ca\/#\/schema\/logo\/image\/","url":"https:\/\/www.lavillarroel.cat\/wp-content\/uploads\/sites\/5\/2017\/09\/teatre-villaroel-logo.svg","contentUrl":"https:\/\/www.lavillarroel.cat\/wp-content\/uploads\/sites\/5\/2017\/09\/teatre-villaroel-logo.svg","width":1,"height":1,"caption":"La Villarroel"},"image":{"@id":"https:\/\/www.lavillarroel.cat\/ca\/#\/schema\/logo\/image\/"},"sameAs":["http:\/\/www.facebook.com\/TeatreVillarroel","https:\/\/x.com\/la_villarroel","http:\/\/instagram.com\/la_villarroel","http:\/\/www.youtube.com\/user\/LaVillarroel#p\/u"]}]}},"translations":[{"id":2711,"locale":"ca"},{"id":2916,"locale":"es"}],"_links":{"self":[{"href":"https:\/\/www.lavillarroel.cat\/ca\/wp-json\/wp\/v2\/ex\/2711","targetHints":{"allow":["GET"]}}],"collection":[{"href":"https:\/\/www.lavillarroel.cat\/ca\/wp-json\/wp\/v2\/ex"}],"about":[{"href":"https:\/\/www.lavillarroel.cat\/ca\/wp-json\/wp\/v2\/types\/ex"}],"author":[{"embeddable":true,"href":"https:\/\/www.lavillarroel.cat\/ca\/wp-json\/wp\/v2\/users\/2"}],"replies":[{"embeddable":true,"href":"https:\/\/www.lavillarroel.cat\/ca\/wp-json\/wp\/v2\/comments?post=2711"}],"acf:term":[{"embeddable":true,"taxonomy":"season","href":"https:\/\/www.lavillarroel.cat\/ca\/wp-json\/wp\/v2\/season\/43"}],"wp:attachment":[{"href":"https:\/\/www.lavillarroel.cat\/ca\/wp-json\/wp\/v2\/media?parent=2711"}],"curies":[{"name":"wp","href":"https:\/\/api.w.org\/{rel}","templated":true}]}}

Una teràpia integral

En Toni Roca fa més de deu anys que imparteix un curs intensiu de quatre setmanes per aprendre a fer pa. Hi ha poques places i bufetades per apuntar-s’hi. Els alumnes que s’hi inscriuen volen aprendre a fer-ne pa, però el mètode parteix d’una simple i estranya premissa: “Per fer un bon pa, no cal tenir la millor farina o el llevat més fresc, per fer un bon pa, cal estar bé amb un mateix.” Així de simple.

Espectacle en català

<p><i class="fa fa-info fa-2x fa-fw"></i>El dia 21 de març es celebrarà una postfunció a càrrec de Recomana.cat </p>

<p>Autoria: <strong>Cristina Clemente i Marc Angelet<br /></strong>Direcció: <strong>Marc Angelet i Cristina Clemente</strong></p>
<p>Repartiment:<strong> Abel Folk, Àngels Gonyalons, Roger Coma, Andrea Ros<br /></strong>amb la col·laboració de <strong>Jordi Martínez</strong></p>
<p>Escenografia i vestuari: <strong>Jose Novoa<br /></strong>Disseny il·luminació: <strong>Sylvia Kuchinow<br /></strong>Disseny so: <strong>Àngel Puertas</strong><br />Caracterització: <strong>Maru Errando</strong></p>
<p>Direcció tècnica: <strong>Xavier Xipell “Xipi”<br /></strong>Coordinador tècnic en gira: <strong>Àngel Puertas<br /></strong>Direcció de producció: <strong>Carles Manrique (Velvet Events)<br /></strong>Direcció artística de producció: <strong>Jordi Casanovas (Hause&Richman)<br /></strong>Ajudants de producció:<strong> Laura Alonso, Fran Torrella</strong></p>
<p>Cap tècnic del teatre: <strong>Iker Gabaldón </strong></p>
<p>Fotografia: <strong>©David Ruano<br /></strong>Disseny Gràfic: <strong>Maria Picassó<br /></strong>Vídeo promocional: <strong>Lluís Arbós. Dolma Studio</strong></p>
<p>Màrqueting i comunicació: <strong>Focus</strong></p>
<p>Agraïments: <strong>Òscar Jarque</strong></p>
<p>Una producció de <strong>Velvet Events <br /></strong></p>
<p><br /></p>
<p></p>
<p></p>
<p><strong></strong><br /></p>

UnaTeràpiaIntegral

Una teràpia integral és una comèdia protagonitzada per Àngels Gonyalons, Abel Folk, Maria Molins i Roger Coma que es representa a La Villarroel de Barcelona.

[{"localizer":"V3CARTELL","url":"media/ver/cartell/v3/3163E/01_085_00055605/Cartell-web-Terapia-integral-teatre-goya.jpg","thumb_url":"media/ver/cartell/v3/3163E/01_085_00055605/Cartell-web-Terapia-integral-teatre-goya_thumb.jpg","title":"Una teràpia integral - Teatre Goya","description":"una terapia integral al teatre goya de barcelona","copyright":"","order":17},{"localizer":"V3SLIDE","url":"media/ftgalslide/v3/3163F/01_086_00055682/T23_Terapia_(S2)_003.jpg","thumb_url":"media/ftgalslide/v3/3163F/01_086_00055682/T23_Terapia_(S2)_003_thumb.jpg","title":"Una teràpia intergal - Teatre Goya","description":"una terapia integral al teatre goya de barcelona","copyright":"https://youtu.be/hZK59Q3P2yE","order":20},{"localizer":"V3SLIDE","url":"media/ftgalslide/v3/3163F/01_086_00055683/T23_Terapia_(S2)_113.jpg","thumb_url":"media/ftgalslide/v3/3163F/01_086_00055683/T23_Terapia_(S2)_113_thumb.jpg","title":"Una teràpia integral - Teatre Goya","description":"una terapia integral al teatre goya de barcelona","copyright":"","order":21},{"localizer":"V3SLIDE","url":"media/ftgalslide/v3/3163F/01_086_00055684/T23_Terapia_(S2)_089.jpg","thumb_url":"media/ftgalslide/v3/3163F/01_086_00055684/T23_Terapia_(S2)_089_thumb.jpg","title":"Una teràpia integral - Teatre Goya","description":"una teràpia integral al teatre goya de barcelona","copyright":"","order":22},{"localizer":"V3SLIDE","url":"media/ftgalslide/v3/3163F/01_086_00055685/T23_Terapia_(S2)_014.jpg","thumb_url":"media/ftgalslide/v3/3163F/01_086_00055685/T23_Terapia_(S2)_014_thumb.jpg","title":"Una teràpia integral - Teatre Goya","description":"una teràpia integral al teatre goya de barcelona","copyright":"","order":23},{"localizer":"V3PORTADAWIDE","url":"media/ver/port/v3wide/31640/01_088_00055848/PORTADA-0-.jpg","thumb_url":"media/ver/port/v3wide/31640/01_088_00055848/PORTADA-0-_thumb.jpg","title":"Una teràpia integral - Teatre Goya","description":"una terapia integral al teatre goya de barcelona","copyright":"","order":24},{"localizer":"V3PORTADA","url":"media/ver/port/v3/31640/01_084_00055849/portada-1-copia.jpg","thumb_url":"media/ver/port/v3/31640/01_084_00055849/portada-1-copia_thumb.jpg","title":"Una teràpia integral - Teatre Goya","description":"una terapia integral al teatre goya de barcelona","copyright":"","order":25}]

<!-- This site is optimized with the Yoast SEO plugin v27.5 - https://yoast.com/product/yoast-seo-wordpress/ -->
<title>Una teràpia integral - La Villarroel</title>
<meta name="robots" content="index, follow, max-snippet:-1, max-image-preview:large, max-video-preview:-1" />
<link rel="canonical" href="https://www.lavillarroel.cat/ca/ex/una-terapia-integral/" />
<script type="application/ld+json" class="yoast-schema-graph">{"@context":"https:\/\/schema.org","@graph":[{"@type":"WebPage","@id":"https:\/\/www.lavillarroel.cat\/ca\/ex\/una-terapia-integral\/","url":"https:\/\/www.lavillarroel.cat\/ca\/ex\/una-terapia-integral\/","name":"Una teràpia integral - La Villarroel","isPartOf":{"@id":"https:\/\/www.lavillarroel.cat\/ca\/#website"},"datePublished":"2021-09-01T12:58:24+00:00","breadcrumb":{"@id":"https:\/\/www.lavillarroel.cat\/ca\/ex\/una-terapia-integral\/#breadcrumb"},"inLanguage":"ca","potentialAction":[{"@type":"ReadAction","target":["https:\/\/www.lavillarroel.cat\/ca\/ex\/una-terapia-integral\/"]}]},{"@type":"BreadcrumbList","@id":"https:\/\/www.lavillarroel.cat\/ca\/ex\/una-terapia-integral\/#breadcrumb","itemListElement":[{"@type":"ListItem","position":1,"name":"Inici","item":"https:\/\/www.lavillarroel.cat\/ca\/"},{"@type":"ListItem","position":2,"name":"Espectacles","item":"https:\/\/www.lavillarroel.cat\/ca\/ex\/"},{"@type":"ListItem","position":3,"name":"Una teràpia integral"}]},{"@type":"WebSite","@id":"https:\/\/www.lavillarroel.cat\/ca\/#website","url":"https:\/\/www.lavillarroel.cat\/ca\/","name":"La Villarroel","description":"","publisher":{"@id":"https:\/\/www.lavillarroel.cat\/ca\/#organization"},"potentialAction":[{"@type":"SearchAction","target":{"@type":"EntryPoint","urlTemplate":"https:\/\/www.lavillarroel.cat\/ca\/?s={search_term_string}"},"query-input":{"@type":"PropertyValueSpecification","valueRequired":true,"valueName":"search_term_string"}}],"inLanguage":"ca"},{"@type":"Organization","@id":"https:\/\/www.lavillarroel.cat\/ca\/#organization","name":"La Villarroel","url":"https:\/\/www.lavillarroel.cat\/ca\/","logo":{"@type":"ImageObject","inLanguage":"ca","@id":"https:\/\/www.lavillarroel.cat\/ca\/#\/schema\/logo\/image\/","url":"https:\/\/www.lavillarroel.cat\/wp-content\/uploads\/sites\/5\/2017\/09\/teatre-villaroel-logo.svg","contentUrl":"https:\/\/www.lavillarroel.cat\/wp-content\/uploads\/sites\/5\/2017\/09\/teatre-villaroel-logo.svg","width":1,"height":1,"caption":"La Villarroel"},"image":{"@id":"https:\/\/www.lavillarroel.cat\/ca\/#\/schema\/logo\/image\/"},"sameAs":["http:\/\/www.facebook.com\/TeatreVillarroel","https:\/\/x.com\/la_villarroel","http:\/\/instagram.com\/la_villarroel","http:\/\/www.youtube.com\/user\/LaVillarroel#p\/u"]}]}</script>
<!-- / Yoast SEO plugin. -->

Una teràpia integral - La Villarroel
