{"id":2713,"date":"2022-03-31T13:30:04","date_gmt":"2022-03-31T11:30:04","guid":{"rendered":"https:\/\/pre.lavillarroel.cat\/ex\/\/lamansipament-de-les-furies\/"},"modified":"2022-03-31T13:30:04","modified_gmt":"2022-03-31T11:30:04","slug":"lamansipament-de-les-furies","status":"publish","type":"ex","link":"https:\/\/www.lavillarroel.cat\/ca\/ex\/lamansipament-de-les-furies\/","title":{"rendered":"L&#8217;amansi(pa)ment de les f\u00faries"},"content":{"rendered":"","protected":false},"excerpt":{"rendered":"","protected":false},"author":2,"featured_media":0,"comment_status":"closed","ping_status":"open","template":"","class_list":["post-2713","ex","type-ex","status-publish","hentry","season-2021-22"],"acf":{"txt_synopsis":"<p>Podem estar enfadades amb Shakespeare. Estem enfadades amb ell. Ha sigut capa\u00e7 d\u2019escriure una obra infecta per donar-nos una lli\u00e7\u00f3 a les desobedients. Ens vol donar una lli\u00e7\u00f3, per\u00f2 nosaltres li diem ben fort: La teva obra \u00e9s una declaraci\u00f3 oberta de guerra cap a nosaltres. Tu t\u2019ho has buscat, Will. FUCK YOU WILL. No claudicarem. No descansarem. Ni ens amansir\u00e0s ni ens canviar\u00e0s. Nosaltres, les emancipades tenim un missatge per tu: Relaxa\u2019t, gaudeix del show i deixa\u2019t portar silenciosament cap al teu final.<br \/>Firmat: f\u00faria feminista<br \/><\/p>","main_buy_link":"","main_buy_links":"","group_buy_link":"","show_language":"Espectacle en Catal\u00e0","show_duration":"90","show_start_date":"20220506000000","show_end_date":"20220522000000","show_sort_date":"20220506000000","txt_custom_show_dates":"del 6 al 22 de maig de 2022","show_disciplines":"","show_ultimes_funcions":false,"hide_tarifes_especials":false,"show_properament":false,"txt_additional_info":"","txt_present":"","show_season":[43],"txt_season":"[\"2021\/22\"]","txt_cycle":"","txt_claim":"Podem estar enfadades amb Shakespeare. Estem enfadades amb ell. Ha sigut capa\u00e7 d\u2019escriure una obra infecte per donar-nos una lli\u00e7\u00f3 a les desobedients. Ens vol donar una lli\u00e7\u00f3 per\u00f2 nosaltres li diem ben fort: La teva obra \u00e9s una declaraci\u00f3 oberta de guerra cap a nosaltres. Tu t\u2019ho has buscat, Will. FUCK YOU WILL. No claudicarem. No descansarem. Ni ens amansir\u00e0s ni ens canviar\u00e0s. Nosaltres, les emancipades tenim un missatge per tu: Relaxa\u2019t, gaudeix del show i deixa\u2019t portar silenciosament cap al teu final.","txt_cast_excerpt":"","txt_cast":"<p>L'AMANSI(PA)MENT DE LES F\u00daRIES<br \/>de <strong>William Shakespeare<\/strong><\/p>\n<p>Dramat\u00fargia i direcci\u00f3: <strong>Carla Rovira Pitarch<\/strong><\/p>\n<p>Repartiment: <strong>Andrea Artero, Adriana Garcia i Quintana, Adri\u00e0 Diaz Bonet, Jos\u00e9 Pedro Garcia Balada, Enric Boixadera, \u00d3scar Jarque, Ariadna Matas, Santi Monreal Casado, Ricard Sadurn\u00ed Montell, Yolanda Sikara, Laura Vila Kremer<\/strong><\/p>\n<p><br \/>Vestuari: <strong>Cinta Moreno Carranza<\/strong><br \/>Producci\u00f3 i ajudant de direcci\u00f3: <strong>Maria Cambil.<\/strong><\/p>\n<p>Imatges: <strong>Xavi Gil<\/strong><\/p>\n<p>Col\u00b7laboradors:&nbsp; <strong>Barber\u00eda Vicen\u00e7 Moret\u00f3<\/strong><\/p>\n<p>Agra\u00efments: <strong>Aina Bujosa, Pep Garcia-Pascual, Cinta Moreno, Aitor Rodero, Companyia Parking Shakespeare, Fabra i Coats, S\u00edlvia Albert Sopale<\/strong> i<strong> Oriol Gen\u00eds<\/strong>.<\/p>\n<p>UNA PRODUCCI\u00d3 ORIGINAL DE <strong>PARKING SHAKESPEARE<\/strong><\/p>","txt_reviews":"","hashtag":"F\u00fariaPSH","have_promo":"","slogan":"","id_exhibicio":1901,"id_versio":1519,"id_local":4,"txt_seo_desc":"l'amanci(pa)ment de les f\u00faries al teatre la Villarroel de Barcelona","data_images":"[{\"localizer\":\"V3CARTELL\",\"url\":\"media\/ver\/cartell\/v3\/315DB\/01_085_00053529\/cartell-web-lamansi(pa)ment-de-les-furies-off-la-villarroel-teatre.jpg\",\"thumb_url\":\"media\/ver\/cartell\/v3\/315DB\/01_085_00053529\/cartell-web-lamansi(pa)ment-de-les-furies-off-la-villarroel-teatre_thumb.jpg\",\"title\":\"l'amanci(pa)ment de les f\u00faries - teatre la villarroel\",\"description\":\"l'amanci(pa)ment de les f\u00faries al teatre la villarroel de barcelona\",\"copyright\":\"\",\"order\":2},{\"localizer\":\"V3PORTADA\",\"url\":\"media\/ver\/port\/v3\/315DD\/01_084_00053791\/1-lamansipament-de-les-furies-offlavillarroel-teatre-ultimes-funcions.jpg\",\"thumb_url\":\"media\/ver\/port\/v3\/315DD\/01_084_00053791\/1-lamansipament-de-les-furies-offlavillarroel-teatre-ultimes-funcions_thumb.jpg\",\"title\":\"L'amansi(pa)ment de les f\u00faries - La Villarroel\",\"description\":\"lamansipament de les furies a la villarroel de barcelona\",\"copyright\":\"\",\"order\":3}]","material__texto_intro":"","data_material":null,"data_gallery":"","data_discounts":"[]","contract_is_open":false,"in_tour":false},"yoast_head":"<!-- This site is optimized with the Yoast SEO plugin v27.5 - https:\/\/yoast.com\/product\/yoast-seo-wordpress\/ -->\n<title>L&#039;amansi(pa)ment de les f\u00faries - La Villarroel<\/title>\n<meta name=\"robots\" content=\"index, follow, max-snippet:-1, max-image-preview:large, max-video-preview:-1\" \/>\n<link rel=\"canonical\" href=\"https:\/\/www.lavillarroel.cat\/ca\/ex\/lamansipament-de-les-furies\/\" \/>\n<script type=\"application\/ld+json\" class=\"yoast-schema-graph\">{\"@context\":\"https:\\\/\\\/schema.org\",\"@graph\":[{\"@type\":\"WebPage\",\"@id\":\"https:\\\/\\\/www.lavillarroel.cat\\\/ca\\\/ex\\\/lamansipament-de-les-furies\\\/\",\"url\":\"https:\\\/\\\/www.lavillarroel.cat\\\/ca\\\/ex\\\/lamansipament-de-les-furies\\\/\",\"name\":\"L'amansi(pa)ment de les f\u00faries - La Villarroel\",\"isPartOf\":{\"@id\":\"https:\\\/\\\/www.lavillarroel.cat\\\/ca\\\/#website\"},\"datePublished\":\"2022-03-31T11:30:04+00:00\",\"breadcrumb\":{\"@id\":\"https:\\\/\\\/www.lavillarroel.cat\\\/ca\\\/ex\\\/lamansipament-de-les-furies\\\/#breadcrumb\"},\"inLanguage\":\"ca\",\"potentialAction\":[{\"@type\":\"ReadAction\",\"target\":[\"https:\\\/\\\/www.lavillarroel.cat\\\/ca\\\/ex\\\/lamansipament-de-les-furies\\\/\"]}]},{\"@type\":\"BreadcrumbList\",\"@id\":\"https:\\\/\\\/www.lavillarroel.cat\\\/ca\\\/ex\\\/lamansipament-de-les-furies\\\/#breadcrumb\",\"itemListElement\":[{\"@type\":\"ListItem\",\"position\":1,\"name\":\"Inici\",\"item\":\"https:\\\/\\\/www.lavillarroel.cat\\\/ca\\\/\"},{\"@type\":\"ListItem\",\"position\":2,\"name\":\"Espectacles\",\"item\":\"https:\\\/\\\/www.lavillarroel.cat\\\/ca\\\/ex\\\/\"},{\"@type\":\"ListItem\",\"position\":3,\"name\":\"L&#8217;amansi(pa)ment de les f\u00faries\"}]},{\"@type\":\"WebSite\",\"@id\":\"https:\\\/\\\/www.lavillarroel.cat\\\/ca\\\/#website\",\"url\":\"https:\\\/\\\/www.lavillarroel.cat\\\/ca\\\/\",\"name\":\"La Villarroel\",\"description\":\"\",\"publisher\":{\"@id\":\"https:\\\/\\\/www.lavillarroel.cat\\\/ca\\\/#organization\"},\"potentialAction\":[{\"@type\":\"SearchAction\",\"target\":{\"@type\":\"EntryPoint\",\"urlTemplate\":\"https:\\\/\\\/www.lavillarroel.cat\\\/ca\\\/?s={search_term_string}\"},\"query-input\":{\"@type\":\"PropertyValueSpecification\",\"valueRequired\":true,\"valueName\":\"search_term_string\"}}],\"inLanguage\":\"ca\"},{\"@type\":\"Organization\",\"@id\":\"https:\\\/\\\/www.lavillarroel.cat\\\/ca\\\/#organization\",\"name\":\"La Villarroel\",\"url\":\"https:\\\/\\\/www.lavillarroel.cat\\\/ca\\\/\",\"logo\":{\"@type\":\"ImageObject\",\"inLanguage\":\"ca\",\"@id\":\"https:\\\/\\\/www.lavillarroel.cat\\\/ca\\\/#\\\/schema\\\/logo\\\/image\\\/\",\"url\":\"https:\\\/\\\/www.lavillarroel.cat\\\/wp-content\\\/uploads\\\/sites\\\/5\\\/2017\\\/09\\\/teatre-villaroel-logo.svg\",\"contentUrl\":\"https:\\\/\\\/www.lavillarroel.cat\\\/wp-content\\\/uploads\\\/sites\\\/5\\\/2017\\\/09\\\/teatre-villaroel-logo.svg\",\"width\":1,\"height\":1,\"caption\":\"La Villarroel\"},\"image\":{\"@id\":\"https:\\\/\\\/www.lavillarroel.cat\\\/ca\\\/#\\\/schema\\\/logo\\\/image\\\/\"},\"sameAs\":[\"http:\\\/\\\/www.facebook.com\\\/TeatreVillarroel\",\"https:\\\/\\\/x.com\\\/la_villarroel\",\"http:\\\/\\\/instagram.com\\\/la_villarroel\",\"http:\\\/\\\/www.youtube.com\\\/user\\\/LaVillarroel#p\\\/u\"]}]}<\/script>\n<!-- \/ Yoast SEO plugin. -->","yoast_head_json":{"title":"L'amansi(pa)ment de les f\u00faries - La Villarroel","robots":{"index":"index","follow":"follow","max-snippet":"max-snippet:-1","max-image-preview":"max-image-preview:large","max-video-preview":"max-video-preview:-1"},"canonical":"https:\/\/www.lavillarroel.cat\/ca\/ex\/lamansipament-de-les-furies\/","schema":{"@context":"https:\/\/schema.org","@graph":[{"@type":"WebPage","@id":"https:\/\/www.lavillarroel.cat\/ca\/ex\/lamansipament-de-les-furies\/","url":"https:\/\/www.lavillarroel.cat\/ca\/ex\/lamansipament-de-les-furies\/","name":"L'amansi(pa)ment de les f\u00faries - La Villarroel","isPartOf":{"@id":"https:\/\/www.lavillarroel.cat\/ca\/#website"},"datePublished":"2022-03-31T11:30:04+00:00","breadcrumb":{"@id":"https:\/\/www.lavillarroel.cat\/ca\/ex\/lamansipament-de-les-furies\/#breadcrumb"},"inLanguage":"ca","potentialAction":[{"@type":"ReadAction","target":["https:\/\/www.lavillarroel.cat\/ca\/ex\/lamansipament-de-les-furies\/"]}]},{"@type":"BreadcrumbList","@id":"https:\/\/www.lavillarroel.cat\/ca\/ex\/lamansipament-de-les-furies\/#breadcrumb","itemListElement":[{"@type":"ListItem","position":1,"name":"Inici","item":"https:\/\/www.lavillarroel.cat\/ca\/"},{"@type":"ListItem","position":2,"name":"Espectacles","item":"https:\/\/www.lavillarroel.cat\/ca\/ex\/"},{"@type":"ListItem","position":3,"name":"L&#8217;amansi(pa)ment de les f\u00faries"}]},{"@type":"WebSite","@id":"https:\/\/www.lavillarroel.cat\/ca\/#website","url":"https:\/\/www.lavillarroel.cat\/ca\/","name":"La Villarroel","description":"","publisher":{"@id":"https:\/\/www.lavillarroel.cat\/ca\/#organization"},"potentialAction":[{"@type":"SearchAction","target":{"@type":"EntryPoint","urlTemplate":"https:\/\/www.lavillarroel.cat\/ca\/?s={search_term_string}"},"query-input":{"@type":"PropertyValueSpecification","valueRequired":true,"valueName":"search_term_string"}}],"inLanguage":"ca"},{"@type":"Organization","@id":"https:\/\/www.lavillarroel.cat\/ca\/#organization","name":"La Villarroel","url":"https:\/\/www.lavillarroel.cat\/ca\/","logo":{"@type":"ImageObject","inLanguage":"ca","@id":"https:\/\/www.lavillarroel.cat\/ca\/#\/schema\/logo\/image\/","url":"https:\/\/www.lavillarroel.cat\/wp-content\/uploads\/sites\/5\/2017\/09\/teatre-villaroel-logo.svg","contentUrl":"https:\/\/www.lavillarroel.cat\/wp-content\/uploads\/sites\/5\/2017\/09\/teatre-villaroel-logo.svg","width":1,"height":1,"caption":"La Villarroel"},"image":{"@id":"https:\/\/www.lavillarroel.cat\/ca\/#\/schema\/logo\/image\/"},"sameAs":["http:\/\/www.facebook.com\/TeatreVillarroel","https:\/\/x.com\/la_villarroel","http:\/\/instagram.com\/la_villarroel","http:\/\/www.youtube.com\/user\/LaVillarroel#p\/u"]}]}},"translations":[{"id":2713,"locale":"ca"},{"id":2918,"locale":"es"}],"_links":{"self":[{"href":"https:\/\/www.lavillarroel.cat\/ca\/wp-json\/wp\/v2\/ex\/2713","targetHints":{"allow":["GET"]}}],"collection":[{"href":"https:\/\/www.lavillarroel.cat\/ca\/wp-json\/wp\/v2\/ex"}],"about":[{"href":"https:\/\/www.lavillarroel.cat\/ca\/wp-json\/wp\/v2\/types\/ex"}],"author":[{"embeddable":true,"href":"https:\/\/www.lavillarroel.cat\/ca\/wp-json\/wp\/v2\/users\/2"}],"replies":[{"embeddable":true,"href":"https:\/\/www.lavillarroel.cat\/ca\/wp-json\/wp\/v2\/comments?post=2713"}],"acf:term":[{"embeddable":true,"taxonomy":"season","href":"https:\/\/www.lavillarroel.cat\/ca\/wp-json\/wp\/v2\/season\/43"}],"wp:attachment":[{"href":"https:\/\/www.lavillarroel.cat\/ca\/wp-json\/wp\/v2\/media?parent=2713"}],"curies":[{"name":"wp","href":"https:\/\/api.w.org\/{rel}","templated":true}]}}

L&#8217;amansi(pa)ment de les fúries

<p>Podem estar enfadades amb Shakespeare. Estem enfadades amb ell. Ha sigut capaç d’escriure una obra infecta per donar-nos una lliçó a les desobedients. Ens vol donar una lliçó, però nosaltres li diem ben fort: La teva obra és una declaració oberta de guerra cap a nosaltres. Tu t’ho has buscat, Will. FUCK YOU WILL. No claudicarem. No descansarem. Ni ens amansiràs ni ens canviaràs. Nosaltres, les emancipades tenim un missatge per tu: Relaxa’t, gaudeix del show i deixa’t portar silenciosament cap al teu final.<br />Firmat: fúria feminista<br /></p>

Espectacle en Català

Podem estar enfadades amb Shakespeare. Estem enfadades amb ell. Ha sigut capaç d’escriure una obra infecte per donar-nos una lliçó a les desobedients. Ens vol donar una lliçó però nosaltres li diem ben fort: La teva obra és una declaració oberta de guerra cap a nosaltres. Tu t’ho has buscat, Will. FUCK YOU WILL. No claudicarem. No descansarem. Ni ens amansiràs ni ens canviaràs. Nosaltres, les emancipades tenim un missatge per tu: Relaxa’t, gaudeix del show i deixa’t portar silenciosament cap al teu final.

<p>L'AMANSI(PA)MENT DE LES FÚRIES<br />de <strong>William Shakespeare</strong></p>
<p>Dramatúrgia i direcció: <strong>Carla Rovira Pitarch</strong></p>
<p>Repartiment: <strong>Andrea Artero, Adriana Garcia i Quintana, Adrià Diaz Bonet, José Pedro Garcia Balada, Enric Boixadera, Óscar Jarque, Ariadna Matas, Santi Monreal Casado, Ricard Sadurní Montell, Yolanda Sikara, Laura Vila Kremer</strong></p>
<p><br />Vestuari: <strong>Cinta Moreno Carranza</strong><br />Producció i ajudant de direcció: <strong>Maria Cambil.</strong></p>
<p>Imatges: <strong>Xavi Gil</strong></p>
<p>Col·laboradors:&nbsp; <strong>Barbería Vicenç Moretó</strong></p>
<p>Agraïments: <strong>Aina Bujosa, Pep Garcia-Pascual, Cinta Moreno, Aitor Rodero, Companyia Parking Shakespeare, Fabra i Coats, Sílvia Albert Sopale</strong> i<strong> Oriol Genís</strong>.</p>
<p>UNA PRODUCCIÓ ORIGINAL DE <strong>PARKING SHAKESPEARE</strong></p>

FúriaPSH

l'amanci(pa)ment de les fúries al teatre la Villarroel de Barcelona

[{"localizer":"V3CARTELL","url":"media/ver/cartell/v3/315DB/01_085_00053529/cartell-web-lamansi(pa)ment-de-les-furies-off-la-villarroel-teatre.jpg","thumb_url":"media/ver/cartell/v3/315DB/01_085_00053529/cartell-web-lamansi(pa)ment-de-les-furies-off-la-villarroel-teatre_thumb.jpg","title":"l'amanci(pa)ment de les fúries - teatre la villarroel","description":"l'amanci(pa)ment de les fúries al teatre la villarroel de barcelona","copyright":"","order":2},{"localizer":"V3PORTADA","url":"media/ver/port/v3/315DD/01_084_00053791/1-lamansipament-de-les-furies-offlavillarroel-teatre-ultimes-funcions.jpg","thumb_url":"media/ver/port/v3/315DD/01_084_00053791/1-lamansipament-de-les-furies-offlavillarroel-teatre-ultimes-funcions_thumb.jpg","title":"L'amansi(pa)ment de les fúries - La Villarroel","description":"lamansipament de les furies a la villarroel de barcelona","copyright":"","order":3}]

<!-- This site is optimized with the Yoast SEO plugin v27.5 - https://yoast.com/product/yoast-seo-wordpress/ -->
<title>L&#039;amansi(pa)ment de les fúries - La Villarroel</title>
<meta name="robots" content="index, follow, max-snippet:-1, max-image-preview:large, max-video-preview:-1" />
<link rel="canonical" href="https://www.lavillarroel.cat/ca/ex/lamansipament-de-les-furies/" />
<script type="application/ld+json" class="yoast-schema-graph">{"@context":"https:\/\/schema.org","@graph":[{"@type":"WebPage","@id":"https:\/\/www.lavillarroel.cat\/ca\/ex\/lamansipament-de-les-furies\/","url":"https:\/\/www.lavillarroel.cat\/ca\/ex\/lamansipament-de-les-furies\/","name":"L'amansi(pa)ment de les fúries - La Villarroel","isPartOf":{"@id":"https:\/\/www.lavillarroel.cat\/ca\/#website"},"datePublished":"2022-03-31T11:30:04+00:00","breadcrumb":{"@id":"https:\/\/www.lavillarroel.cat\/ca\/ex\/lamansipament-de-les-furies\/#breadcrumb"},"inLanguage":"ca","potentialAction":[{"@type":"ReadAction","target":["https:\/\/www.lavillarroel.cat\/ca\/ex\/lamansipament-de-les-furies\/"]}]},{"@type":"BreadcrumbList","@id":"https:\/\/www.lavillarroel.cat\/ca\/ex\/lamansipament-de-les-furies\/#breadcrumb","itemListElement":[{"@type":"ListItem","position":1,"name":"Inici","item":"https:\/\/www.lavillarroel.cat\/ca\/"},{"@type":"ListItem","position":2,"name":"Espectacles","item":"https:\/\/www.lavillarroel.cat\/ca\/ex\/"},{"@type":"ListItem","position":3,"name":"L&#8217;amansi(pa)ment de les fúries"}]},{"@type":"WebSite","@id":"https:\/\/www.lavillarroel.cat\/ca\/#website","url":"https:\/\/www.lavillarroel.cat\/ca\/","name":"La Villarroel","description":"","publisher":{"@id":"https:\/\/www.lavillarroel.cat\/ca\/#organization"},"potentialAction":[{"@type":"SearchAction","target":{"@type":"EntryPoint","urlTemplate":"https:\/\/www.lavillarroel.cat\/ca\/?s={search_term_string}"},"query-input":{"@type":"PropertyValueSpecification","valueRequired":true,"valueName":"search_term_string"}}],"inLanguage":"ca"},{"@type":"Organization","@id":"https:\/\/www.lavillarroel.cat\/ca\/#organization","name":"La Villarroel","url":"https:\/\/www.lavillarroel.cat\/ca\/","logo":{"@type":"ImageObject","inLanguage":"ca","@id":"https:\/\/www.lavillarroel.cat\/ca\/#\/schema\/logo\/image\/","url":"https:\/\/www.lavillarroel.cat\/wp-content\/uploads\/sites\/5\/2017\/09\/teatre-villaroel-logo.svg","contentUrl":"https:\/\/www.lavillarroel.cat\/wp-content\/uploads\/sites\/5\/2017\/09\/teatre-villaroel-logo.svg","width":1,"height":1,"caption":"La Villarroel"},"image":{"@id":"https:\/\/www.lavillarroel.cat\/ca\/#\/schema\/logo\/image\/"},"sameAs":["http:\/\/www.facebook.com\/TeatreVillarroel","https:\/\/x.com\/la_villarroel","http:\/\/instagram.com\/la_villarroel","http:\/\/www.youtube.com\/user\/LaVillarroel#p\/u"]}]}</script>
<!-- / Yoast SEO plugin. -->

L'amansi(pa)ment de les fúries - La Villarroel
