{"id":3439,"date":"2023-09-27T11:40:34","date_gmt":"2023-09-27T09:40:34","guid":{"rendered":"https:\/\/www.lavillarroel.cat\/?post_type=ex&#038;p=3439"},"modified":"2023-10-11T12:49:21","modified_gmt":"2023-10-11T10:49:21","slug":"bye-bye-ansiedad-2","status":"publish","type":"ex","link":"https:\/\/www.lavillarroel.cat\/ca\/ex\/bye-bye-ansiedad-2\/","title":{"rendered":"Bye bye ansiedad"},"content":{"rendered":"","protected":false},"excerpt":{"rendered":"","protected":false},"author":2,"featured_media":0,"comment_status":"closed","ping_status":"closed","template":"","class_list":["post-3439","ex","type-ex","status-publish","hentry","season-2023-24"],"acf":{"txt_synopsis":"Aquest mon\u00f2leg divertit i profund pret\u00e9n ajudar-te en els primers passos per a aconseguir entendre l'ansietat i superar-la.<br \/>A trav\u00e9s de la seva hist\u00f2ria personal amb l'ansietat, Ferran et porta a un viatge on descobrir\u00e0s quins s\u00f3n els passos correctes per a poder superar-la, compartint els \u00faltims descobriments en neuroci\u00e8ncia i psicologia i explorant amb sentit de l'humor tot l'apr\u00e8s del m\u00f3n de la filosofia i el creixement personal.<br \/>L'autor de les supervendes \u201cel cervell de la gent feli\u00e7\u201d i \u201cel petit gran llibre de l'ansietat\u201d ens porta un show fresc, amable i emocional on aprendr\u00e0s a deixar a un costat la teva ansietat sense perdre el somriure.","main_buy_link":"https:\/\/proticketing.com\/lavillarroel\/ca_ES\/entradas\/evento\/32051","main_buy_links":"[\"https:\/\/proticketing.com\/lavillarroel\/ca_ES\/entradas\/evento\/32051\"]","group_buy_link":"","show_language":"Espectacle en castell\u00e0","show_duration":"","show_start_date":"20231029000000","show_end_date":"20231029000000","show_sort_date":"20231029000000","txt_custom_show_dates":"el 29 d'octubre de 2023 ","show_disciplines":"12","show_ultimes_funcions":false,"hide_tarifes_especials":false,"show_properament":false,"txt_additional_info":"","txt_present":"","show_season":[95],"txt_season":"[\"2023\/24\"]","txt_cycle":"Diversos","txt_claim":"Aquest mon\u00f2leg divertit i profund pret\u00e9n ajudar-te en els primers passos per a aconseguir entendre l'ansietat i superar-la.","txt_cast_excerpt":"","txt_cast":"<p>Autoria: <strong>Ferran Cases <br \/><\/strong>Dramat\u00fargia: <strong>Marta Buchaca i Ferran Cases <br \/><\/strong>Direcci\u00f3: <strong>Marta Buchaca<\/strong> <\/p>\r\n<p>Int\u00e8rpret: <strong>Ferran Cases<\/strong>&nbsp; <\/p>\r\n<p>Direcci\u00f3 de producci\u00f3: <strong>Marta Buchaca i Feel258 <br \/><\/strong>Productor executiu: <strong>Ferran Cases <br \/><\/strong>Direcci\u00f3 t\u00e8cnica: <strong>Marta Buchaca <\/strong><\/p>\r\n<p>Cap t\u00e8cnic del teatre: <strong>Marta P\u00e9rez <br \/><\/strong><\/p>\r\n<p>\u00c9s una producci\u00f3 de <strong>FEEL258 <\/strong><\/p>","txt_reviews":"","hashtag":"ByeByeAnsiedad","have_promo":"","slogan":"","id_exhibicio":2051,"id_versio":1588,"id_local":4,"txt_seo_desc":"Bye bye ansiedad, un mon\u00f2leg divertit i profund a La Villarroel de Barcelona","data_images":"[{\"localizer\":\"V4PORTADAWIDE\",\"url\":\"media\/ver\/port\/wide\/v4\/31645\/01_091_00056644\/Portada-0-bye-bye-ansiedad-teatre-la-villarroel.jpg\",\"thumb_url\":\"\",\"title\":\"Bye bye ansiedad\",\"description\":\"bye bye ansiedad\",\"copyright\":\"\",\"order\":3},{\"localizer\":\"V4PORTADAWIDEMOBILE\",\"url\":\"media\/ver\/port\/wide\/mobile\/v4\/31645\/01_092_00056645\/Portada-0-mobile-bye-bye-ansiedad-teatre-la-villarroel.jpg\",\"thumb_url\":\"\",\"title\":\"Bye bye ansiedad\",\"description\":\"bye bye ansiedad\",\"copyright\":\"\",\"order\":4},{\"localizer\":\"V4PORTADA\",\"url\":\"media\/ver\/port\/v4\/31645\/01_090_00056646\/Portada-1-bye-bye-ansiedad-teatre-la-villarroel.jpg\",\"thumb_url\":\"\",\"title\":\"Bye bye ansiedad\",\"description\":\"bye bye ansiedad\",\"copyright\":\"\",\"order\":5},{\"localizer\":\"V4CARTELL\",\"url\":\"media\/ver\/cartell\/v4\/31645\/01_089_00056647\/Cartell-web-bye-bye-ansiedad-teatre-la-villarroel.jpg\",\"thumb_url\":\"\",\"title\":\"Bye bye ansiedad\",\"description\":\"bye bye ansiedad\",\"copyright\":\"\",\"order\":6}]","material__texto_intro":"","data_material":null,"data_gallery":"","data_discounts":"[]","contract_is_open":false,"in_tour":false},"yoast_head":"<!-- This site is optimized with the Yoast SEO plugin v27.5 - https:\/\/yoast.com\/product\/yoast-seo-wordpress\/ -->\n<title>Bye bye ansiedad - La Villarroel<\/title>\n<meta name=\"robots\" content=\"index, follow, max-snippet:-1, max-image-preview:large, max-video-preview:-1\" \/>\n<link rel=\"canonical\" href=\"https:\/\/www.lavillarroel.cat\/ca\/ex\/bye-bye-ansiedad-2\/\" \/>\n<script type=\"application\/ld+json\" class=\"yoast-schema-graph\">{\"@context\":\"https:\\\/\\\/schema.org\",\"@graph\":[{\"@type\":\"WebPage\",\"@id\":\"https:\\\/\\\/www.lavillarroel.cat\\\/ca\\\/ex\\\/bye-bye-ansiedad-2\\\/\",\"url\":\"https:\\\/\\\/www.lavillarroel.cat\\\/ca\\\/ex\\\/bye-bye-ansiedad-2\\\/\",\"name\":\"Bye bye ansiedad - La Villarroel\",\"isPartOf\":{\"@id\":\"https:\\\/\\\/www.lavillarroel.cat\\\/ca\\\/#website\"},\"datePublished\":\"2023-09-27T09:40:34+00:00\",\"dateModified\":\"2023-10-11T10:49:21+00:00\",\"breadcrumb\":{\"@id\":\"https:\\\/\\\/www.lavillarroel.cat\\\/ca\\\/ex\\\/bye-bye-ansiedad-2\\\/#breadcrumb\"},\"inLanguage\":\"ca\",\"potentialAction\":[{\"@type\":\"ReadAction\",\"target\":[\"https:\\\/\\\/www.lavillarroel.cat\\\/ca\\\/ex\\\/bye-bye-ansiedad-2\\\/\"]}]},{\"@type\":\"BreadcrumbList\",\"@id\":\"https:\\\/\\\/www.lavillarroel.cat\\\/ca\\\/ex\\\/bye-bye-ansiedad-2\\\/#breadcrumb\",\"itemListElement\":[{\"@type\":\"ListItem\",\"position\":1,\"name\":\"Inici\",\"item\":\"https:\\\/\\\/www.lavillarroel.cat\\\/ca\\\/\"},{\"@type\":\"ListItem\",\"position\":2,\"name\":\"Espectacles\",\"item\":\"https:\\\/\\\/www.lavillarroel.cat\\\/ca\\\/ex\\\/\"},{\"@type\":\"ListItem\",\"position\":3,\"name\":\"Bye bye ansiedad\"}]},{\"@type\":\"WebSite\",\"@id\":\"https:\\\/\\\/www.lavillarroel.cat\\\/ca\\\/#website\",\"url\":\"https:\\\/\\\/www.lavillarroel.cat\\\/ca\\\/\",\"name\":\"La Villarroel\",\"description\":\"\",\"publisher\":{\"@id\":\"https:\\\/\\\/www.lavillarroel.cat\\\/ca\\\/#organization\"},\"potentialAction\":[{\"@type\":\"SearchAction\",\"target\":{\"@type\":\"EntryPoint\",\"urlTemplate\":\"https:\\\/\\\/www.lavillarroel.cat\\\/ca\\\/?s={search_term_string}\"},\"query-input\":{\"@type\":\"PropertyValueSpecification\",\"valueRequired\":true,\"valueName\":\"search_term_string\"}}],\"inLanguage\":\"ca\"},{\"@type\":\"Organization\",\"@id\":\"https:\\\/\\\/www.lavillarroel.cat\\\/ca\\\/#organization\",\"name\":\"La Villarroel\",\"url\":\"https:\\\/\\\/www.lavillarroel.cat\\\/ca\\\/\",\"logo\":{\"@type\":\"ImageObject\",\"inLanguage\":\"ca\",\"@id\":\"https:\\\/\\\/www.lavillarroel.cat\\\/ca\\\/#\\\/schema\\\/logo\\\/image\\\/\",\"url\":\"https:\\\/\\\/www.lavillarroel.cat\\\/wp-content\\\/uploads\\\/sites\\\/5\\\/2017\\\/09\\\/teatre-villaroel-logo.svg\",\"contentUrl\":\"https:\\\/\\\/www.lavillarroel.cat\\\/wp-content\\\/uploads\\\/sites\\\/5\\\/2017\\\/09\\\/teatre-villaroel-logo.svg\",\"width\":1,\"height\":1,\"caption\":\"La Villarroel\"},\"image\":{\"@id\":\"https:\\\/\\\/www.lavillarroel.cat\\\/ca\\\/#\\\/schema\\\/logo\\\/image\\\/\"},\"sameAs\":[\"http:\\\/\\\/www.facebook.com\\\/TeatreVillarroel\",\"https:\\\/\\\/x.com\\\/la_villarroel\",\"http:\\\/\\\/instagram.com\\\/la_villarroel\",\"http:\\\/\\\/www.youtube.com\\\/user\\\/LaVillarroel#p\\\/u\"]}]}<\/script>\n<!-- \/ Yoast SEO plugin. -->","yoast_head_json":{"title":"Bye bye ansiedad - La Villarroel","robots":{"index":"index","follow":"follow","max-snippet":"max-snippet:-1","max-image-preview":"max-image-preview:large","max-video-preview":"max-video-preview:-1"},"canonical":"https:\/\/www.lavillarroel.cat\/ca\/ex\/bye-bye-ansiedad-2\/","schema":{"@context":"https:\/\/schema.org","@graph":[{"@type":"WebPage","@id":"https:\/\/www.lavillarroel.cat\/ca\/ex\/bye-bye-ansiedad-2\/","url":"https:\/\/www.lavillarroel.cat\/ca\/ex\/bye-bye-ansiedad-2\/","name":"Bye bye ansiedad - La Villarroel","isPartOf":{"@id":"https:\/\/www.lavillarroel.cat\/ca\/#website"},"datePublished":"2023-09-27T09:40:34+00:00","dateModified":"2023-10-11T10:49:21+00:00","breadcrumb":{"@id":"https:\/\/www.lavillarroel.cat\/ca\/ex\/bye-bye-ansiedad-2\/#breadcrumb"},"inLanguage":"ca","potentialAction":[{"@type":"ReadAction","target":["https:\/\/www.lavillarroel.cat\/ca\/ex\/bye-bye-ansiedad-2\/"]}]},{"@type":"BreadcrumbList","@id":"https:\/\/www.lavillarroel.cat\/ca\/ex\/bye-bye-ansiedad-2\/#breadcrumb","itemListElement":[{"@type":"ListItem","position":1,"name":"Inici","item":"https:\/\/www.lavillarroel.cat\/ca\/"},{"@type":"ListItem","position":2,"name":"Espectacles","item":"https:\/\/www.lavillarroel.cat\/ca\/ex\/"},{"@type":"ListItem","position":3,"name":"Bye bye ansiedad"}]},{"@type":"WebSite","@id":"https:\/\/www.lavillarroel.cat\/ca\/#website","url":"https:\/\/www.lavillarroel.cat\/ca\/","name":"La Villarroel","description":"","publisher":{"@id":"https:\/\/www.lavillarroel.cat\/ca\/#organization"},"potentialAction":[{"@type":"SearchAction","target":{"@type":"EntryPoint","urlTemplate":"https:\/\/www.lavillarroel.cat\/ca\/?s={search_term_string}"},"query-input":{"@type":"PropertyValueSpecification","valueRequired":true,"valueName":"search_term_string"}}],"inLanguage":"ca"},{"@type":"Organization","@id":"https:\/\/www.lavillarroel.cat\/ca\/#organization","name":"La Villarroel","url":"https:\/\/www.lavillarroel.cat\/ca\/","logo":{"@type":"ImageObject","inLanguage":"ca","@id":"https:\/\/www.lavillarroel.cat\/ca\/#\/schema\/logo\/image\/","url":"https:\/\/www.lavillarroel.cat\/wp-content\/uploads\/sites\/5\/2017\/09\/teatre-villaroel-logo.svg","contentUrl":"https:\/\/www.lavillarroel.cat\/wp-content\/uploads\/sites\/5\/2017\/09\/teatre-villaroel-logo.svg","width":1,"height":1,"caption":"La Villarroel"},"image":{"@id":"https:\/\/www.lavillarroel.cat\/ca\/#\/schema\/logo\/image\/"},"sameAs":["http:\/\/www.facebook.com\/TeatreVillarroel","https:\/\/x.com\/la_villarroel","http:\/\/instagram.com\/la_villarroel","http:\/\/www.youtube.com\/user\/LaVillarroel#p\/u"]}]}},"translations":[{"id":3439,"locale":"ca"},{"id":3440,"locale":"es"}],"_links":{"self":[{"href":"https:\/\/www.lavillarroel.cat\/ca\/wp-json\/wp\/v2\/ex\/3439","targetHints":{"allow":["GET"]}}],"collection":[{"href":"https:\/\/www.lavillarroel.cat\/ca\/wp-json\/wp\/v2\/ex"}],"about":[{"href":"https:\/\/www.lavillarroel.cat\/ca\/wp-json\/wp\/v2\/types\/ex"}],"author":[{"embeddable":true,"href":"https:\/\/www.lavillarroel.cat\/ca\/wp-json\/wp\/v2\/users\/2"}],"replies":[{"embeddable":true,"href":"https:\/\/www.lavillarroel.cat\/ca\/wp-json\/wp\/v2\/comments?post=3439"}],"acf:term":[{"embeddable":true,"taxonomy":"season","href":"https:\/\/www.lavillarroel.cat\/ca\/wp-json\/wp\/v2\/season\/95"}],"wp:attachment":[{"href":"https:\/\/www.lavillarroel.cat\/ca\/wp-json\/wp\/v2\/media?parent=3439"}],"curies":[{"name":"wp","href":"https:\/\/api.w.org\/{rel}","templated":true}]}}

Aquest monòleg divertit i profund pretén ajudar-te en els primers passos per a aconseguir entendre l'ansietat i superar-la.<br />A través de la seva història personal amb l'ansietat, Ferran et porta a un viatge on descobriràs quins són els passos correctes per a poder superar-la, compartint els últims descobriments en neurociència i psicologia i explorant amb sentit de l'humor tot l'après del món de la filosofia i el creixement personal.<br />L'autor de les supervendes “el cervell de la gent feliç” i “el petit gran llibre de l'ansietat” ens porta un show fresc, amable i emocional on aprendràs a deixar a un costat la teva ansietat sense perdre el somriure.

Espectacle en castellà

Aquest monòleg divertit i profund pretén ajudar-te en els primers passos per a aconseguir entendre l'ansietat i superar-la.

<p>Autoria: <strong>Ferran Cases <br /></strong>Dramatúrgia: <strong>Marta Buchaca i Ferran Cases <br /></strong>Direcció: <strong>Marta Buchaca</strong> </p>
<p>Intèrpret: <strong>Ferran Cases</strong>&nbsp; </p>
<p>Direcció de producció: <strong>Marta Buchaca i Feel258 <br /></strong>Productor executiu: <strong>Ferran Cases <br /></strong>Direcció tècnica: <strong>Marta Buchaca </strong></p>
<p>Cap tècnic del teatre: <strong>Marta Pérez <br /></strong></p>
<p>És una producció de <strong>FEEL258 </strong></p>

Bye bye ansiedad, un monòleg divertit i profund a La Villarroel de Barcelona
