{"id":3587,"date":"2023-12-11T17:01:46","date_gmt":"2023-12-11T16:01:46","guid":{"rendered":"https:\/\/www.lavillarroel.cat\/ex\/el-gegant-del-pi\/"},"modified":"2024-07-08T10:33:45","modified_gmt":"2024-07-08T08:33:45","slug":"el-gegant-del-pi","status":"publish","type":"ex","link":"https:\/\/www.lavillarroel.cat\/ca\/ex\/el-gegant-del-pi\/","title":{"rendered":"El gegant del Pi"},"content":{"rendered":"","protected":false},"excerpt":{"rendered":"","protected":false},"author":2,"featured_media":0,"comment_status":"closed","ping_status":"closed","template":"","class_list":["post-3587","ex","type-ex","status-publish","hentry","season-2023-24"],"acf":{"txt_synopsis":"<p>Es pot fugir del passat familiar? En Pau \u00e9s un home de 33 anys, l\u2019edat de Crist. S\u2019acaba de comprar un pis amb la seva dona al barri del Raval de Barcelona. \u00c9s feli\u00e7 amb la seva feina i amb la Judit. S\u2019estimen, es miren amb amor i tendresa mentre van traient de les caixes tots els objectes i els col\u00b7loquen al seu lloc: un cartell de Tortell Poltrona, un electrocardiograma, fotos, fotos de fam\u00edlia feli\u00e7; un dinar de Nadal, Setmana Santa, un salt a la piscina... recorda com estimava el seu avi. El seu avi era franquista. <\/p>\r\n<p>Premi BBVA al millor espectacle teatral <br \/>Premi de la Cr\u00edtica al millor espectacle de petit format <\/p>","main_buy_link":"","main_buy_links":"","group_buy_link":"","show_language":"Espectacle en catal\u00e0  ","show_duration":"80","show_start_date":"20240206000000","show_end_date":"20240225000000","show_sort_date":"20240206000000","txt_custom_show_dates":"del 6 al 25 de febrer de 2024 ","show_disciplines":"11","show_ultimes_funcions":false,"hide_tarifes_especials":false,"show_properament":false,"txt_additional_info":"<p><i class=\"fa fa-deaf fa-2x fa-fw\"><\/i>Edad recomendada a partir de 16 a\u00f1os.\r\n<\/p><p><\/p>","txt_present":"","show_season":[95],"txt_season":"[\"2023\/24\"]","txt_cycle":"Off La Villarroel - 4","txt_claim":"En Pau \u00e9s un hom Es pot fugir del passat familiar? e de 33 anys, l\u2019edat de Crist.","txt_cast_excerpt":"","txt_cast":"<p>Autoria i interpretaci\u00f3:<strong> Pau Vinyals <br \/><\/strong>Direcci\u00f3: <strong>Pau Vinyals i J\u00falia Barcel\u00f3 <\/strong><\/p>\r\n<p>Escenografia i il\u00b7luminaci\u00f3: <strong>Judit Colomer Mascar\u00f3 <br \/><\/strong>Vestuari: <strong>Joan Ros <br \/><\/strong>Espai sonor: <strong>Arnau Vallv\u00e9 <br \/><\/strong>Moviment: <strong>Laura Vago <\/strong><\/p>\r\n<p>Direcci\u00f3 de producci\u00f3: <strong>Julia Simo Puyo <br \/><\/strong>Producci\u00f3 executiva: <strong>Guillem Albasanz <br \/><\/strong>Regidoria: <strong>Ruben Homar<\/strong> <br \/>Direcci\u00f3 t\u00e8cnica: <strong>Manuel Mart\u00ednez Torrent <\/strong><\/p>\r\n<p>Ajudantia de direcci\u00f3: <strong>Miguel Uriz <br \/><\/strong>Cap t\u00e8cnica del teatre: <strong>Marta P\u00e9rez <\/strong><\/p>\r\n<p>M\u00e0rqueting i comunicaci\u00f3: <strong>La Villarroel <br \/><\/strong>Aplicacions gr\u00e0fiques: <strong>Santi&Kco<\/strong> <\/p>\r\n<p>Amb el suport de: <strong>Generalitat de Catalunya \u2013 ICEC Institut Catal\u00e0 de les Empreses Culturals <\/strong><\/p>\r\n<p>Distribuci\u00f3: <strong>Cassandra Projectes Art\u00edstics SL <\/strong><\/p>\r\n<p>\u00c9s una coproducci\u00f3 de <strong>Cassandra Projectes Art\u00edstics, Amici Miei Produccions, Sala La Planeta, Teatre de Banyoles i Teatre Jard\u00ed de Figueres <\/strong><\/p>","txt_reviews":"Elia Tabuenca| Espect\u00e1culosBCN|\"Pau Vinyals s\u2019exposa i ho deixa tot sobre l\u2019escenari amb un valor m\u00e9s que admirable.\"\r\nJordi Bordes|Recomana.cat|\"\u00c9s una meravella surrealista, tendra, divertida, reveladora i amb quilos d'amor i contradicci\u00f3.\"\r\nMaria Sanmart\u00ed|En Platea|\"Una hist\u00f2ria necess\u00e0ria sobre la fam\u00edlia, el dolor, el record i l'amor que remou consci\u00e8ncies.\"\r\n","hashtag":"ElGegantDelPi","have_promo":"","slogan":"","id_exhibicio":2097,"id_versio":1662,"id_local":4,"txt_seo_desc":"El gegant del pi, la hist\u00f2ria del Pau a la villarroel","data_images":"[{\"localizer\":\"V4PORTADAWIDEMOBILE\",\"url\":\"media\/ver\/port\/wide\/mobile\/v4\/31648\/01_092_00057091\/Portada-mobile-el-gegant-del-pi-villarroel.jpg\",\"thumb_url\":\"\",\"title\":\"El gegant del pi - Off La villarroel\",\"description\":\"el gegant del pi a loff de la villarroel\",\"copyright\":\"\",\"order\":2},{\"localizer\":\"V4PORTADA\",\"url\":\"media\/ver\/port\/v4\/31648\/01_090_00057092\/PORTADA-1-el-gegant-del-pi-villarroel.jpg\",\"thumb_url\":\"\",\"title\":\"El gegant del pi - Off La villarroel\",\"description\":\"el gegant del pi a loff de la villarroel\",\"copyright\":\"\",\"order\":3},{\"localizer\":\"V4CARTELL\",\"url\":\"media\/ver\/cartell\/v4\/31648\/01_089_00057093\/Cartell-web-el-gegant-del-pi-villarroel.jpg\",\"thumb_url\":\"\",\"title\":\"El gegant del pi - Off La villarroel\",\"description\":\"el gegant del pi a loff de la villarroel\",\"copyright\":\"\",\"order\":4},{\"localizer\":\"V3SLIDE\",\"url\":\"media\/ftgalslide\/v3\/31648\/01_086_00057174\/EL_GEGANT_DEL_PI.jpg\",\"thumb_url\":\"media\/ftgalslide\/v3\/31648\/01_086_00057174\/EL_GEGANT_DEL_PI_thumb.jpg\",\"title\":\"El gegant del pi - La Villarroel\",\"description\":\"el gegant del pi a la villarroel\",\"copyright\":\"https:\/\/youtu.be\/J8pL_Z6qpMY\",\"order\":5},{\"localizer\":\"V4PORTADAWIDE\",\"url\":\"media\/ver\/port\/wide\/v4\/316A2\/01_091_00057422\/PORTADA-0-AMB_PREMIS.jpg\",\"thumb_url\":\"\",\"title\":\"El gegant del pi - La Villarroel\",\"description\":\"el gegant del pi a la villarroel de barcelona\",\"copyright\":\"\",\"order\":6}]","material__texto_intro":"","data_material":null,"data_gallery":"","data_discounts":"[]","contract_is_open":false,"in_tour":false},"yoast_head":"<!-- This site is optimized with the Yoast SEO plugin v27.5 - https:\/\/yoast.com\/product\/yoast-seo-wordpress\/ -->\n<title>El gegant del Pi - La Villarroel<\/title>\n<meta name=\"robots\" content=\"index, follow, max-snippet:-1, max-image-preview:large, max-video-preview:-1\" \/>\n<link rel=\"canonical\" href=\"https:\/\/www.lavillarroel.cat\/ca\/ex\/el-gegant-del-pi\/\" \/>\n<script type=\"application\/ld+json\" class=\"yoast-schema-graph\">{\"@context\":\"https:\\\/\\\/schema.org\",\"@graph\":[{\"@type\":\"WebPage\",\"@id\":\"https:\\\/\\\/www.lavillarroel.cat\\\/ca\\\/ex\\\/el-gegant-del-pi\\\/\",\"url\":\"https:\\\/\\\/www.lavillarroel.cat\\\/ca\\\/ex\\\/el-gegant-del-pi\\\/\",\"name\":\"El gegant del Pi - La Villarroel\",\"isPartOf\":{\"@id\":\"https:\\\/\\\/www.lavillarroel.cat\\\/ca\\\/#website\"},\"datePublished\":\"2023-12-11T16:01:46+00:00\",\"dateModified\":\"2024-07-08T08:33:45+00:00\",\"breadcrumb\":{\"@id\":\"https:\\\/\\\/www.lavillarroel.cat\\\/ca\\\/ex\\\/el-gegant-del-pi\\\/#breadcrumb\"},\"inLanguage\":\"ca\",\"potentialAction\":[{\"@type\":\"ReadAction\",\"target\":[\"https:\\\/\\\/www.lavillarroel.cat\\\/ca\\\/ex\\\/el-gegant-del-pi\\\/\"]}]},{\"@type\":\"BreadcrumbList\",\"@id\":\"https:\\\/\\\/www.lavillarroel.cat\\\/ca\\\/ex\\\/el-gegant-del-pi\\\/#breadcrumb\",\"itemListElement\":[{\"@type\":\"ListItem\",\"position\":1,\"name\":\"Inici\",\"item\":\"https:\\\/\\\/www.lavillarroel.cat\\\/ca\\\/\"},{\"@type\":\"ListItem\",\"position\":2,\"name\":\"Espectacles\",\"item\":\"https:\\\/\\\/www.lavillarroel.cat\\\/ca\\\/ex\\\/\"},{\"@type\":\"ListItem\",\"position\":3,\"name\":\"El gegant del Pi\"}]},{\"@type\":\"WebSite\",\"@id\":\"https:\\\/\\\/www.lavillarroel.cat\\\/ca\\\/#website\",\"url\":\"https:\\\/\\\/www.lavillarroel.cat\\\/ca\\\/\",\"name\":\"La Villarroel\",\"description\":\"\",\"publisher\":{\"@id\":\"https:\\\/\\\/www.lavillarroel.cat\\\/ca\\\/#organization\"},\"potentialAction\":[{\"@type\":\"SearchAction\",\"target\":{\"@type\":\"EntryPoint\",\"urlTemplate\":\"https:\\\/\\\/www.lavillarroel.cat\\\/ca\\\/?s={search_term_string}\"},\"query-input\":{\"@type\":\"PropertyValueSpecification\",\"valueRequired\":true,\"valueName\":\"search_term_string\"}}],\"inLanguage\":\"ca\"},{\"@type\":\"Organization\",\"@id\":\"https:\\\/\\\/www.lavillarroel.cat\\\/ca\\\/#organization\",\"name\":\"La Villarroel\",\"url\":\"https:\\\/\\\/www.lavillarroel.cat\\\/ca\\\/\",\"logo\":{\"@type\":\"ImageObject\",\"inLanguage\":\"ca\",\"@id\":\"https:\\\/\\\/www.lavillarroel.cat\\\/ca\\\/#\\\/schema\\\/logo\\\/image\\\/\",\"url\":\"https:\\\/\\\/www.lavillarroel.cat\\\/wp-content\\\/uploads\\\/sites\\\/5\\\/2017\\\/09\\\/teatre-villaroel-logo.svg\",\"contentUrl\":\"https:\\\/\\\/www.lavillarroel.cat\\\/wp-content\\\/uploads\\\/sites\\\/5\\\/2017\\\/09\\\/teatre-villaroel-logo.svg\",\"width\":1,\"height\":1,\"caption\":\"La Villarroel\"},\"image\":{\"@id\":\"https:\\\/\\\/www.lavillarroel.cat\\\/ca\\\/#\\\/schema\\\/logo\\\/image\\\/\"},\"sameAs\":[\"http:\\\/\\\/www.facebook.com\\\/TeatreVillarroel\",\"https:\\\/\\\/x.com\\\/la_villarroel\",\"http:\\\/\\\/instagram.com\\\/la_villarroel\",\"http:\\\/\\\/www.youtube.com\\\/user\\\/LaVillarroel#p\\\/u\"]}]}<\/script>\n<!-- \/ Yoast SEO plugin. -->","yoast_head_json":{"title":"El gegant del Pi - La Villarroel","robots":{"index":"index","follow":"follow","max-snippet":"max-snippet:-1","max-image-preview":"max-image-preview:large","max-video-preview":"max-video-preview:-1"},"canonical":"https:\/\/www.lavillarroel.cat\/ca\/ex\/el-gegant-del-pi\/","schema":{"@context":"https:\/\/schema.org","@graph":[{"@type":"WebPage","@id":"https:\/\/www.lavillarroel.cat\/ca\/ex\/el-gegant-del-pi\/","url":"https:\/\/www.lavillarroel.cat\/ca\/ex\/el-gegant-del-pi\/","name":"El gegant del Pi - La Villarroel","isPartOf":{"@id":"https:\/\/www.lavillarroel.cat\/ca\/#website"},"datePublished":"2023-12-11T16:01:46+00:00","dateModified":"2024-07-08T08:33:45+00:00","breadcrumb":{"@id":"https:\/\/www.lavillarroel.cat\/ca\/ex\/el-gegant-del-pi\/#breadcrumb"},"inLanguage":"ca","potentialAction":[{"@type":"ReadAction","target":["https:\/\/www.lavillarroel.cat\/ca\/ex\/el-gegant-del-pi\/"]}]},{"@type":"BreadcrumbList","@id":"https:\/\/www.lavillarroel.cat\/ca\/ex\/el-gegant-del-pi\/#breadcrumb","itemListElement":[{"@type":"ListItem","position":1,"name":"Inici","item":"https:\/\/www.lavillarroel.cat\/ca\/"},{"@type":"ListItem","position":2,"name":"Espectacles","item":"https:\/\/www.lavillarroel.cat\/ca\/ex\/"},{"@type":"ListItem","position":3,"name":"El gegant del Pi"}]},{"@type":"WebSite","@id":"https:\/\/www.lavillarroel.cat\/ca\/#website","url":"https:\/\/www.lavillarroel.cat\/ca\/","name":"La Villarroel","description":"","publisher":{"@id":"https:\/\/www.lavillarroel.cat\/ca\/#organization"},"potentialAction":[{"@type":"SearchAction","target":{"@type":"EntryPoint","urlTemplate":"https:\/\/www.lavillarroel.cat\/ca\/?s={search_term_string}"},"query-input":{"@type":"PropertyValueSpecification","valueRequired":true,"valueName":"search_term_string"}}],"inLanguage":"ca"},{"@type":"Organization","@id":"https:\/\/www.lavillarroel.cat\/ca\/#organization","name":"La Villarroel","url":"https:\/\/www.lavillarroel.cat\/ca\/","logo":{"@type":"ImageObject","inLanguage":"ca","@id":"https:\/\/www.lavillarroel.cat\/ca\/#\/schema\/logo\/image\/","url":"https:\/\/www.lavillarroel.cat\/wp-content\/uploads\/sites\/5\/2017\/09\/teatre-villaroel-logo.svg","contentUrl":"https:\/\/www.lavillarroel.cat\/wp-content\/uploads\/sites\/5\/2017\/09\/teatre-villaroel-logo.svg","width":1,"height":1,"caption":"La Villarroel"},"image":{"@id":"https:\/\/www.lavillarroel.cat\/ca\/#\/schema\/logo\/image\/"},"sameAs":["http:\/\/www.facebook.com\/TeatreVillarroel","https:\/\/x.com\/la_villarroel","http:\/\/instagram.com\/la_villarroel","http:\/\/www.youtube.com\/user\/LaVillarroel#p\/u"]}]}},"translations":[{"id":3587,"locale":"ca"},{"id":3588,"locale":"es"}],"_links":{"self":[{"href":"https:\/\/www.lavillarroel.cat\/ca\/wp-json\/wp\/v2\/ex\/3587","targetHints":{"allow":["GET"]}}],"collection":[{"href":"https:\/\/www.lavillarroel.cat\/ca\/wp-json\/wp\/v2\/ex"}],"about":[{"href":"https:\/\/www.lavillarroel.cat\/ca\/wp-json\/wp\/v2\/types\/ex"}],"author":[{"embeddable":true,"href":"https:\/\/www.lavillarroel.cat\/ca\/wp-json\/wp\/v2\/users\/2"}],"replies":[{"embeddable":true,"href":"https:\/\/www.lavillarroel.cat\/ca\/wp-json\/wp\/v2\/comments?post=3587"}],"acf:term":[{"embeddable":true,"taxonomy":"season","href":"https:\/\/www.lavillarroel.cat\/ca\/wp-json\/wp\/v2\/season\/95"}],"wp:attachment":[{"href":"https:\/\/www.lavillarroel.cat\/ca\/wp-json\/wp\/v2\/media?parent=3587"}],"curies":[{"name":"wp","href":"https:\/\/api.w.org\/{rel}","templated":true}]}}

<p>Es pot fugir del passat familiar? En Pau és un home de 33 anys, l’edat de Crist. S’acaba de comprar un pis amb la seva dona al barri del Raval de Barcelona. És feliç amb la seva feina i amb la Judit. S’estimen, es miren amb amor i tendresa mentre van traient de les caixes tots els objectes i els col·loquen al seu lloc: un cartell de Tortell Poltrona, un electrocardiograma, fotos, fotos de família feliç; un dinar de Nadal, Setmana Santa, un salt a la piscina... recorda com estimava el seu avi. El seu avi era franquista. </p>
<p>Premi BBVA al millor espectacle teatral <br />Premi de la Crítica al millor espectacle de petit format </p>

Espectacle en català

<p><i class="fa fa-deaf fa-2x fa-fw"></i>Edad recomendada a partir de 16 años.
</p><p></p>

En Pau és un hom Es pot fugir del passat familiar? e de 33 anys, l’edat de Crist.

<p>Autoria i interpretació:<strong> Pau Vinyals <br /></strong>Direcció: <strong>Pau Vinyals i Júlia Barceló </strong></p>
<p>Escenografia i il·luminació: <strong>Judit Colomer Mascaró <br /></strong>Vestuari: <strong>Joan Ros <br /></strong>Espai sonor: <strong>Arnau Vallvé <br /></strong>Moviment: <strong>Laura Vago </strong></p>
<p>Direcció de producció: <strong>Julia Simo Puyo <br /></strong>Producció executiva: <strong>Guillem Albasanz <br /></strong>Regidoria: <strong>Ruben Homar</strong> <br />Direcció tècnica: <strong>Manuel Martínez Torrent </strong></p>
<p>Ajudantia de direcció: <strong>Miguel Uriz <br /></strong>Cap tècnica del teatre: <strong>Marta Pérez </strong></p>
<p>Màrqueting i comunicació: <strong>La Villarroel <br /></strong>Aplicacions gràfiques: <strong>Santi&Kco</strong> </p>
<p>Amb el suport de: <strong>Generalitat de Catalunya – ICEC Institut Català de les Empreses Culturals </strong></p>
<p>Distribució: <strong>Cassandra Projectes Artístics SL </strong></p>
<p>És una coproducció de <strong>Cassandra Projectes Artístics, Amici Miei Produccions, Sala La Planeta, Teatre de Banyoles i Teatre Jardí de Figueres </strong></p>

Elia Tabuenca| EspectáculosBCN|"Pau Vinyals s’exposa i ho deixa tot sobre l’escenari amb un valor més que admirable."
Jordi Bordes|Recomana.cat|"És una meravella surrealista, tendra, divertida, reveladora i amb quilos d'amor i contradicció."
Maria Sanmartí|En Platea|"Una història necessària sobre la família, el dolor, el record i l'amor que remou consciències."

El gegant del pi, la història del Pau a la villarroel
