{"id":3608,"date":"2024-01-03T12:10:49","date_gmt":"2024-01-03T11:10:49","guid":{"rendered":"https:\/\/www.lavillarroel.cat\/ex\/a-fuego\/"},"modified":"2025-04-08T11:02:39","modified_gmt":"2025-04-08T09:02:39","slug":"a-fuego-2","status":"publish","type":"ex","link":"https:\/\/www.lavillarroel.cat\/ca\/ex\/a-fuego-2\/","title":{"rendered":"A fuego"},"content":{"rendered":"","protected":false},"excerpt":{"rendered":"","protected":false},"author":2,"featured_media":0,"comment_status":"closed","ping_status":"closed","template":"","class_list":["post-3608","ex","type-ex","status-publish","hentry","season-2023-24"],"acf":{"txt_synopsis":"<p><strong>Vibrant, moderna, divertida i reflexiva. Un caramel per a tota mena de p\u00fablics.<\/strong><\/p>\r\n<p>Her\u00f2strat, un pastor de l'Antiga Gr\u00e8cia, va incendiar el temple d'\u00c0rtemis d'Efes, considerat una de les set meravelles del m\u00f3n antic. Despr\u00e9s de ser detingut, interrogat i torturat, va acabar confessant la veritable ra\u00f3 que ho havia portat a cometre aquell acte: passar a la posteritat. <br \/>&nbsp;<br \/>En aquest mon\u00f2leg \u00edntegrament en vers, ple de s\u00e0tira, jocs de paraules i metateatralitat, veurem com la fascinaci\u00f3 del protagonista per la figura d'Her\u00f2strat es converteix progressivament en una obsessi\u00f3, fins a fer-li cometre un crim a l'altura del seu \u00eddol infame. <br \/>&nbsp;<br \/>Saltant d'un personatge a un altre, l'autor-int\u00e8rpret riu de la seva pr\u00f2pia megalomania, convidant-nos a reflexionar sobre el narcisisme imperant de la nostra \u00e8poca i el desig intr\u00ednsec a l'\u00e9sser hum\u00e0 de deixar empremta; ja sigui a trav\u00e9s d'una expressi\u00f3 art\u00edstica, un ofici, una revoluci\u00f3 o un acte criminal. <br \/><\/p>","main_buy_link":"","main_buy_links":"","group_buy_link":"","show_language":"Espectacle en castell\u00e0 ","show_duration":"60","show_start_date":"20240610000000","show_end_date":"20240702000000","show_sort_date":"20240610000000","txt_custom_show_dates":"del 10 de juny al 2 de juliol de 2024 ","show_disciplines":"11","show_ultimes_funcions":false,"hide_tarifes_especials":false,"show_properament":false,"txt_additional_info":"<ul>\r\n<li><i class=\"fa fa-deaf fa-2x fa-fw\"><\/i>Edat recomanada a partir de 13 anys. <\/li><\/ul>","txt_present":"","show_season":[95],"txt_season":"[\"2023\/24\"]","txt_cycle":"Off La Villarroel","txt_claim":"Vibrant, moderna, divertida i reflexiva. Un caramel per a tota mena de p\u00fablics.","txt_cast_excerpt":"","txt_cast":"<p>Autoria: <strong>Pablo Macho Otero<\/strong> <br \/>Companyia: <strong>La Bella Otero<\/strong> <br \/>Direcci\u00f3: <strong>Emma Arquillu\u00e9 i Pablo Macho Otero<\/strong> <\/p>\r\n<p>Int\u00e8rpret: <strong>Pablo Macho Otero&nbsp;&nbsp; <\/strong><\/p>\r\n<p>Escenografia: <strong>Yaiza Ares <br \/><\/strong>Vestuari i il\u00b7luminaci\u00f3: <strong>La Bella Otero <br \/><\/strong>Espai sonor: <strong>Gerard Vidal Barrena <br \/><\/strong>Moviment: <strong>Oriol Pla <\/strong><\/p>\r\n<p>Producci\u00f3 executiva: <strong>Emma Arquillu\u00e9 <\/strong><\/p>\r\n<p>Ajudantia de direcci\u00f3: <strong>Eudald Font<\/strong> <br \/>Assessorament direcci\u00f3 i dramat\u00fargia: <strong>Jordi Oriol <br \/><\/strong>Cap t\u00e8cnica del teatre: <strong>Marta P\u00e9rez <\/strong><\/p>\r\n<p>M\u00e0rqueting i comunicaci\u00f3 del teatre: <strong>La Villarroel <br \/><\/strong>M\u00e0rqueting i comunicaci\u00f3 de la companyia: <strong>Barc Comunicaci\u00f3 <br \/><\/strong>Reportatge fotogr\u00e0fic: <strong>David Ruano<\/strong> <\/p>\r\n<p>Col\u00b7laboradors: <strong>Amici Miei Produccions <\/strong><\/p>\r\n<p>Agra\u00efments: <strong>Teatre Nu, La Cal\u00f2rica, fam\u00edlia Arquillu\u00e9 Rius i fam\u00edlia Macho Otero <\/strong><\/p>\r\n<p>Institucions: <strong>Generalitat de Catalunya \u2013 ICEC Institut Catal\u00e0 de les Empreses Culturals <\/strong><\/p>\r\n<p>\u00c9s una producci\u00f3 de <strong>Mola Produccions <\/strong><\/p>","txt_reviews":"Jos\u00e9 Rafael Palomar|Diario Cr\u00edtico|\"Brillant mon\u00f2leg de Pablo Macho\"\r\nFrancesc Esteve i Tom\u00e0s| Inquietuds Culturals| \"Atrau d\u2019inici a final de l\u2019obra, magn\u00edfic\"\r\nPablo Ignacio de Dalmases| Catalunya Press | \"A fuego fa de la simplicitat un exercici de genialitat\"","hashtag":"AFuego","have_promo":"","slogan":"","id_exhibicio":2106,"id_versio":1667,"id_local":4,"txt_seo_desc":"","data_images":"[{\"localizer\":\"V3SLIDE\",\"url\":\"media\/ftgalslide\/v3\/316A1\/01_086_00057213\/AFUEGO5.jpg\",\"thumb_url\":\"media\/ftgalslide\/v3\/316A1\/01_086_00057213\/AFUEGO5_thumb.jpg\",\"title\":\"A fuego - Off al villarroel\",\"description\":\"a fuego off de la villarroel\",\"copyright\":\"https:\/\/www.youtube.com\/watch?v=lJ54O5PM7wA\",\"order\":6},{\"localizer\":\"V3SLIDE\",\"url\":\"media\/ftgalslide\/v3\/31707\/01_086_00058753\/AFUEGO4.jpg\",\"thumb_url\":\"media\/ftgalslide\/v3\/31707\/01_086_00058753\/AFUEGO4_thumb.jpg\",\"title\":\"A Fuego - La Villarroel\",\"description\":\"a fuego en la villarroel\",\"copyright\":\"\",\"order\":8},{\"localizer\":\"V3SLIDE\",\"url\":\"media\/ftgalslide\/v3\/31707\/01_086_00058759\/AFUEGO1.jpg\",\"thumb_url\":\"media\/ftgalslide\/v3\/31707\/01_086_00058759\/AFUEGO1_thumb.jpg\",\"title\":\"A fuego - La Villarroel\",\"description\":\"a fuego a la villarroel\",\"copyright\":\"\",\"order\":14},{\"localizer\":\"V4PORTADAWIDE\",\"url\":\"media\/ver\/port\/wide\/v4\/31707\/01_091_00058760\/Portada_0_2880x1260.jpg\",\"thumb_url\":\"\",\"title\":\"A Fuego - La Villarroel\",\"description\":\"a fuego en la villarroel\",\"copyright\":\"\",\"order\":15},{\"localizer\":\"V4PORTADAWIDEMOBILE\",\"url\":\"media\/ver\/port\/wide\/mobile\/v4\/31707\/01_092_00058761\/Portada_0_mobile_828x1800.jpg\",\"thumb_url\":\"\",\"title\":\"A Fuego - La Villarroel\",\"description\":\"a fuego en la villarroel\",\"copyright\":\"\",\"order\":16},{\"localizer\":\"V4PORTADA\",\"url\":\"media\/ver\/port\/v4\/31707\/01_090_00058762\/Portada_1_760x760.jpg\",\"thumb_url\":\"\",\"title\":\"A Fuego - La Villarroel\",\"description\":\"a fuego en la villarroel\",\"copyright\":\"\",\"order\":17},{\"localizer\":\"V4CARTELL\",\"url\":\"media\/ver\/cartell\/v4\/31707\/01_089_00058763\/Cartell_web_720x1100.jpg\",\"thumb_url\":\"\",\"title\":\"A Fuego - La Villarroel\",\"description\":\"a fuego en la villarroel\",\"copyright\":\"\",\"order\":18}]","material__texto_intro":"","data_material":null,"data_gallery":"","data_discounts":"[]","contract_is_open":false,"in_tour":false},"yoast_head":"<!-- This site is optimized with the Yoast SEO plugin v27.5 - https:\/\/yoast.com\/product\/yoast-seo-wordpress\/ -->\n<title>A fuego - La Villarroel<\/title>\n<meta name=\"robots\" content=\"index, follow, max-snippet:-1, max-image-preview:large, max-video-preview:-1\" \/>\n<link rel=\"canonical\" href=\"https:\/\/www.lavillarroel.cat\/ca\/ex\/a-fuego-2\/\" \/>\n<script type=\"application\/ld+json\" class=\"yoast-schema-graph\">{\"@context\":\"https:\\\/\\\/schema.org\",\"@graph\":[{\"@type\":\"WebPage\",\"@id\":\"https:\\\/\\\/www.lavillarroel.cat\\\/ca\\\/ex\\\/a-fuego-2\\\/\",\"url\":\"https:\\\/\\\/www.lavillarroel.cat\\\/ca\\\/ex\\\/a-fuego-2\\\/\",\"name\":\"A fuego - La Villarroel\",\"isPartOf\":{\"@id\":\"https:\\\/\\\/www.lavillarroel.cat\\\/ca\\\/#website\"},\"datePublished\":\"2024-01-03T11:10:49+00:00\",\"dateModified\":\"2025-04-08T09:02:39+00:00\",\"breadcrumb\":{\"@id\":\"https:\\\/\\\/www.lavillarroel.cat\\\/ca\\\/ex\\\/a-fuego-2\\\/#breadcrumb\"},\"inLanguage\":\"ca\",\"potentialAction\":[{\"@type\":\"ReadAction\",\"target\":[\"https:\\\/\\\/www.lavillarroel.cat\\\/ca\\\/ex\\\/a-fuego-2\\\/\"]}]},{\"@type\":\"BreadcrumbList\",\"@id\":\"https:\\\/\\\/www.lavillarroel.cat\\\/ca\\\/ex\\\/a-fuego-2\\\/#breadcrumb\",\"itemListElement\":[{\"@type\":\"ListItem\",\"position\":1,\"name\":\"Inici\",\"item\":\"https:\\\/\\\/www.lavillarroel.cat\\\/ca\\\/\"},{\"@type\":\"ListItem\",\"position\":2,\"name\":\"Espectacles\",\"item\":\"https:\\\/\\\/www.lavillarroel.cat\\\/ca\\\/ex\\\/\"},{\"@type\":\"ListItem\",\"position\":3,\"name\":\"A fuego\"}]},{\"@type\":\"WebSite\",\"@id\":\"https:\\\/\\\/www.lavillarroel.cat\\\/ca\\\/#website\",\"url\":\"https:\\\/\\\/www.lavillarroel.cat\\\/ca\\\/\",\"name\":\"La Villarroel\",\"description\":\"\",\"publisher\":{\"@id\":\"https:\\\/\\\/www.lavillarroel.cat\\\/ca\\\/#organization\"},\"potentialAction\":[{\"@type\":\"SearchAction\",\"target\":{\"@type\":\"EntryPoint\",\"urlTemplate\":\"https:\\\/\\\/www.lavillarroel.cat\\\/ca\\\/?s={search_term_string}\"},\"query-input\":{\"@type\":\"PropertyValueSpecification\",\"valueRequired\":true,\"valueName\":\"search_term_string\"}}],\"inLanguage\":\"ca\"},{\"@type\":\"Organization\",\"@id\":\"https:\\\/\\\/www.lavillarroel.cat\\\/ca\\\/#organization\",\"name\":\"La Villarroel\",\"url\":\"https:\\\/\\\/www.lavillarroel.cat\\\/ca\\\/\",\"logo\":{\"@type\":\"ImageObject\",\"inLanguage\":\"ca\",\"@id\":\"https:\\\/\\\/www.lavillarroel.cat\\\/ca\\\/#\\\/schema\\\/logo\\\/image\\\/\",\"url\":\"https:\\\/\\\/www.lavillarroel.cat\\\/wp-content\\\/uploads\\\/sites\\\/5\\\/2017\\\/09\\\/teatre-villaroel-logo.svg\",\"contentUrl\":\"https:\\\/\\\/www.lavillarroel.cat\\\/wp-content\\\/uploads\\\/sites\\\/5\\\/2017\\\/09\\\/teatre-villaroel-logo.svg\",\"width\":1,\"height\":1,\"caption\":\"La Villarroel\"},\"image\":{\"@id\":\"https:\\\/\\\/www.lavillarroel.cat\\\/ca\\\/#\\\/schema\\\/logo\\\/image\\\/\"},\"sameAs\":[\"http:\\\/\\\/www.facebook.com\\\/TeatreVillarroel\",\"https:\\\/\\\/x.com\\\/la_villarroel\",\"http:\\\/\\\/instagram.com\\\/la_villarroel\",\"http:\\\/\\\/www.youtube.com\\\/user\\\/LaVillarroel#p\\\/u\"]}]}<\/script>\n<!-- \/ Yoast SEO plugin. -->","yoast_head_json":{"title":"A fuego - La Villarroel","robots":{"index":"index","follow":"follow","max-snippet":"max-snippet:-1","max-image-preview":"max-image-preview:large","max-video-preview":"max-video-preview:-1"},"canonical":"https:\/\/www.lavillarroel.cat\/ca\/ex\/a-fuego-2\/","schema":{"@context":"https:\/\/schema.org","@graph":[{"@type":"WebPage","@id":"https:\/\/www.lavillarroel.cat\/ca\/ex\/a-fuego-2\/","url":"https:\/\/www.lavillarroel.cat\/ca\/ex\/a-fuego-2\/","name":"A fuego - La Villarroel","isPartOf":{"@id":"https:\/\/www.lavillarroel.cat\/ca\/#website"},"datePublished":"2024-01-03T11:10:49+00:00","dateModified":"2025-04-08T09:02:39+00:00","breadcrumb":{"@id":"https:\/\/www.lavillarroel.cat\/ca\/ex\/a-fuego-2\/#breadcrumb"},"inLanguage":"ca","potentialAction":[{"@type":"ReadAction","target":["https:\/\/www.lavillarroel.cat\/ca\/ex\/a-fuego-2\/"]}]},{"@type":"BreadcrumbList","@id":"https:\/\/www.lavillarroel.cat\/ca\/ex\/a-fuego-2\/#breadcrumb","itemListElement":[{"@type":"ListItem","position":1,"name":"Inici","item":"https:\/\/www.lavillarroel.cat\/ca\/"},{"@type":"ListItem","position":2,"name":"Espectacles","item":"https:\/\/www.lavillarroel.cat\/ca\/ex\/"},{"@type":"ListItem","position":3,"name":"A fuego"}]},{"@type":"WebSite","@id":"https:\/\/www.lavillarroel.cat\/ca\/#website","url":"https:\/\/www.lavillarroel.cat\/ca\/","name":"La Villarroel","description":"","publisher":{"@id":"https:\/\/www.lavillarroel.cat\/ca\/#organization"},"potentialAction":[{"@type":"SearchAction","target":{"@type":"EntryPoint","urlTemplate":"https:\/\/www.lavillarroel.cat\/ca\/?s={search_term_string}"},"query-input":{"@type":"PropertyValueSpecification","valueRequired":true,"valueName":"search_term_string"}}],"inLanguage":"ca"},{"@type":"Organization","@id":"https:\/\/www.lavillarroel.cat\/ca\/#organization","name":"La Villarroel","url":"https:\/\/www.lavillarroel.cat\/ca\/","logo":{"@type":"ImageObject","inLanguage":"ca","@id":"https:\/\/www.lavillarroel.cat\/ca\/#\/schema\/logo\/image\/","url":"https:\/\/www.lavillarroel.cat\/wp-content\/uploads\/sites\/5\/2017\/09\/teatre-villaroel-logo.svg","contentUrl":"https:\/\/www.lavillarroel.cat\/wp-content\/uploads\/sites\/5\/2017\/09\/teatre-villaroel-logo.svg","width":1,"height":1,"caption":"La Villarroel"},"image":{"@id":"https:\/\/www.lavillarroel.cat\/ca\/#\/schema\/logo\/image\/"},"sameAs":["http:\/\/www.facebook.com\/TeatreVillarroel","https:\/\/x.com\/la_villarroel","http:\/\/instagram.com\/la_villarroel","http:\/\/www.youtube.com\/user\/LaVillarroel#p\/u"]}]}},"translations":[{"id":3608,"locale":"ca"},{"id":3609,"locale":"es"}],"_links":{"self":[{"href":"https:\/\/www.lavillarroel.cat\/ca\/wp-json\/wp\/v2\/ex\/3608","targetHints":{"allow":["GET"]}}],"collection":[{"href":"https:\/\/www.lavillarroel.cat\/ca\/wp-json\/wp\/v2\/ex"}],"about":[{"href":"https:\/\/www.lavillarroel.cat\/ca\/wp-json\/wp\/v2\/types\/ex"}],"author":[{"embeddable":true,"href":"https:\/\/www.lavillarroel.cat\/ca\/wp-json\/wp\/v2\/users\/2"}],"replies":[{"embeddable":true,"href":"https:\/\/www.lavillarroel.cat\/ca\/wp-json\/wp\/v2\/comments?post=3608"}],"acf:term":[{"embeddable":true,"taxonomy":"season","href":"https:\/\/www.lavillarroel.cat\/ca\/wp-json\/wp\/v2\/season\/95"}],"wp:attachment":[{"href":"https:\/\/www.lavillarroel.cat\/ca\/wp-json\/wp\/v2\/media?parent=3608"}],"curies":[{"name":"wp","href":"https:\/\/api.w.org\/{rel}","templated":true}]}}

<p><strong>Vibrant, moderna, divertida i reflexiva. Un caramel per a tota mena de públics.</strong></p>
<p>Heròstrat, un pastor de l'Antiga Grècia, va incendiar el temple d'Àrtemis d'Efes, considerat una de les set meravelles del món antic. Després de ser detingut, interrogat i torturat, va acabar confessant la veritable raó que ho havia portat a cometre aquell acte: passar a la posteritat. <br />&nbsp;<br />En aquest monòleg íntegrament en vers, ple de sàtira, jocs de paraules i metateatralitat, veurem com la fascinació del protagonista per la figura d'Heròstrat es converteix progressivament en una obsessió, fins a fer-li cometre un crim a l'altura del seu ídol infame. <br />&nbsp;<br />Saltant d'un personatge a un altre, l'autor-intèrpret riu de la seva pròpia megalomania, convidant-nos a reflexionar sobre el narcisisme imperant de la nostra època i el desig intrínsec a l'ésser humà de deixar empremta; ja sigui a través d'una expressió artística, un ofici, una revolució o un acte criminal. <br /></p>

Espectacle en castellà

Vibrant, moderna, divertida i reflexiva. Un caramel per a tota mena de públics.

<p>Autoria: <strong>Pablo Macho Otero</strong> <br />Companyia: <strong>La Bella Otero</strong> <br />Direcció: <strong>Emma Arquillué i Pablo Macho Otero</strong> </p>
<p>Intèrpret: <strong>Pablo Macho Otero&nbsp;&nbsp; </strong></p>
<p>Escenografia: <strong>Yaiza Ares <br /></strong>Vestuari i il·luminació: <strong>La Bella Otero <br /></strong>Espai sonor: <strong>Gerard Vidal Barrena <br /></strong>Moviment: <strong>Oriol Pla </strong></p>
<p>Producció executiva: <strong>Emma Arquillué </strong></p>
<p>Ajudantia de direcció: <strong>Eudald Font</strong> <br />Assessorament direcció i dramatúrgia: <strong>Jordi Oriol <br /></strong>Cap tècnica del teatre: <strong>Marta Pérez </strong></p>
<p>Màrqueting i comunicació del teatre: <strong>La Villarroel <br /></strong>Màrqueting i comunicació de la companyia: <strong>Barc Comunicació <br /></strong>Reportatge fotogràfic: <strong>David Ruano</strong> </p>
<p>Col·laboradors: <strong>Amici Miei Produccions </strong></p>
<p>Agraïments: <strong>Teatre Nu, La Calòrica, família Arquillué Rius i família Macho Otero </strong></p>
<p>Institucions: <strong>Generalitat de Catalunya – ICEC Institut Català de les Empreses Culturals </strong></p>
<p>És una producció de <strong>Mola Produccions </strong></p>

José Rafael Palomar|Diario Crítico|"Brillant monòleg de Pablo Macho"
Francesc Esteve i Tomàs| Inquietuds Culturals| "Atrau d’inici a final de l’obra, magnífic"
Pablo Ignacio de Dalmases| Catalunya Press | "A fuego fa de la simplicitat un exercici de genialitat"
