{"id":3857,"date":"2024-09-05T17:13:45","date_gmt":"2024-09-05T15:13:45","guid":{"rendered":"https:\/\/www.lavillarroel.cat\/ex\/un-menu-tancat\/"},"modified":"2025-06-10T15:31:01","modified_gmt":"2025-06-10T13:31:01","slug":"un-menu-tancat","status":"publish","type":"ex","link":"https:\/\/www.lavillarroel.cat\/ca\/ex\/un-menu-tancat\/","title":{"rendered":"Un men\u00fa tancat"},"content":{"rendered":"","protected":false},"excerpt":{"rendered":"","protected":false},"author":2,"featured_media":0,"comment_status":"closed","ping_status":"closed","template":"","class_list":["post-3857","ex","type-ex","status-publish","hentry","season-2024-25"],"acf":{"txt_synopsis":"<p><strong>Plorar entre homes. Quines son les millors receptes?<\/strong><\/p>\r\n<p>Tres amics es reuneixen un cop cada dos mesos per sopar. Un d\u2019ells, un cuiner reconegut, tanca el seu restaurant perqu\u00e8 puguin sopar sols i posar-se al dia. Per\u00f2 avui, el cuiner els far\u00e0 una pregunta que ho canviar\u00e0 tot: \u201cCom \u00e9s que no ens hem vist mai plorar?\u201d<br \/><\/p>","main_buy_link":"https:\/\/tickets.oneboxtds.com\/lavillarroel\/events\/39310?hl=ca-ES","main_buy_links":"[\"https:\/\/tickets.oneboxtds.com\/lavillarroel\/events\/39310?hl=ca-ES\"]","group_buy_link":"https:\/\/www.promentrada.com\/ca\/programacio\/c\/1287-un-menu-tancat--grups.html","show_language":"Espectacle en catal\u00e0","show_duration":"85","show_start_date":"20250516000000","show_end_date":"20250629000000","show_sort_date":"20250516000000","txt_custom_show_dates":"fins al 29 de juny de 2025 ","show_disciplines":"11","show_ultimes_funcions":true,"hide_tarifes_especials":false,"show_properament":false,"txt_additional_info":"<ul>\r\n<li>Recomanat per a <strong>totes les edats<\/strong> <\/li><\/ul>","txt_present":"","show_season":[99],"txt_season":"[\"2024\/25\"]","txt_cycle":"","txt_claim":"Una com\u00e8dia cuinada especialment per a tu.","txt_cast_excerpt":"","txt_cast":"<p>Autoria: <strong>Jordi Casanovas<\/strong><br \/>Direcci\u00f3: <strong>Ll\u00e0tzer Garcia<\/strong><br \/>&nbsp;<br \/>Int\u00e8rprets: <strong>Joan Arqu\u00e9, Roger Coma i \u00d2scar Mu\u00f1oz<\/strong><br \/>&nbsp;<br \/>Escenografia i vestuari: <strong>Jos\u00e9 Novoa<br \/><\/strong>Il\u00b7luminaci\u00f3: <strong>August Viladomat<br \/><\/strong>Espai sonor: <strong>Marc Santa<\/strong><\/p>\r\n<p>Direcci\u00f3 de producci\u00f3: <strong>Carles Manrique (Velvet Events)<br \/><\/strong>Direcci\u00f3 t\u00e8cnica: <strong>\u00c0ngel Puertas<\/strong><\/p>\r\n<p>Ajudantia de direcci\u00f3: <strong>Maria Salarich<\/strong><br \/>Ajudantia de producci\u00f3: <strong>Laura Alonso i Fran Torrella<br \/><\/strong>Coach de cuina: <strong>Xavier Llavi\u00e0 Koss (cap de cuina Hotel Alimara-CETT)<br \/><\/strong>Cap t\u00e8cnica del teatre: <strong>Marta P\u00e9rez<\/strong><\/p>\r\n<p>M\u00e0rqueting i comunicaci\u00f3: <strong>La Villarroel <br \/><\/strong>Reportatge fotogr\u00e0fic: <strong>David Ruano<\/strong><br \/>V\u00eddeo promocional d\u2019escenes: <strong>Llu\u00eds Arb\u00f3s<br \/><\/strong>Disseny gr\u00e0fic: <strong>Maria Picass\u00f3<\/strong><br \/>&nbsp;<br \/>Distribuci\u00f3: <strong>Magn\u00e9tica Management<\/strong><\/p>\r\n<p>\u00c9s una idea de <strong>Hause and Richman<\/strong> amb producci\u00f3 de <strong>Velvet Events.<\/strong><br \/><\/p>\r\n<p>&nbsp;<\/p>","txt_reviews":"Al\u00edcia Nicol\u00e1s Larruy|Espect\u00e1culos BCN|\u201cUna com\u00e8dia que us far\u00e0 riure. I, al mateix temps, us far\u00e0 reflexionar.\u201d\r\nNeus M\u00f2nico Fern\u00e1ndez|Teatre Barcelona|\u201cUna posada en escena encertada i unes interpretacions sensacionals. Divertid\u00edssima\u201d\r\nJuan Carlos Olivares|La Vanguardia|\u201cLes rialles s\u00f3n un esquer per tenir agafat l\u2019espectador quan l\u2019obra gira cap a la trag\u00e8dia \u00edntima\u201d","hashtag":"UnMen\u00faTancat ","have_promo":"","slogan":"","id_exhibicio":2186,"id_versio":1723,"id_local":4,"txt_seo_desc":"Un men\u00fa tancat de Jordi Casanovas  ","data_images":"[{\"localizer\":\"V4PORTADA\",\"url\":\"media\/ver\/port\/v4\/316A8\/01_090_00058240\/Portada-1-un-menu-tancat-villarroel.jpg\",\"thumb_url\":\"\",\"title\":\"Un men\u00fa tancat - La Villarroel\",\"description\":\"un menu tancat a la villarroel\",\"copyright\":\"\",\"order\":3},{\"localizer\":\"V3SLIDE\",\"url\":\"media\/ftgalslide\/v3\/31707\/01_086_00058734\/T25_Menu_Tancat_001.jpg\",\"thumb_url\":\"media\/ftgalslide\/v3\/31707\/01_086_00058734\/T25_Menu_Tancat_001_thumb.jpg\",\"title\":\"Un men\u00fa tancat - La Villarroel\",\"description\":\"un menu tancat en la villarroel\",\"copyright\":\"https:\/\/youtu.be\/BpMAs9tFwrw\",\"order\":5},{\"localizer\":\"V3SLIDE\",\"url\":\"media\/ftgalslide\/v3\/31707\/01_086_00058735\/T25_Menu_Tancat_134.jpg\",\"thumb_url\":\"media\/ftgalslide\/v3\/31707\/01_086_00058735\/T25_Menu_Tancat_134_thumb.jpg\",\"title\":\"Un men\u00fa tancat - La Villarroel\",\"description\":\"un menu tancat en la villarroel\",\"copyright\":\"\",\"order\":6},{\"localizer\":\"V3SLIDE\",\"url\":\"media\/ftgalslide\/v3\/31707\/01_086_00058737\/T25_Menu_Tancat_023.jpg\",\"thumb_url\":\"media\/ftgalslide\/v3\/31707\/01_086_00058737\/T25_Menu_Tancat_023_thumb.jpg\",\"title\":\"Un men\u00fa tancat - La Villarroel\",\"description\":\"un menu tancat en la villarroel\",\"copyright\":\"\",\"order\":8},{\"localizer\":\"V4CARTELL\",\"url\":\"media\/ver\/cartell\/v4\/31707\/01_089_00058783\/Cartell_web_MENU_TANCAT.jpg\",\"thumb_url\":\"\",\"title\":\"Un men\u00fa tancat - La Villarroel\",\"description\":\"en menu tancat en la villarroel\",\"copyright\":\"\",\"order\":10},{\"localizer\":\"V4PORTADAWIDE\",\"url\":\"media\/ver\/port\/wide\/v4\/3170A\/01_091_00058943\/UF_Portada-0-un-menu-tancat-villarroel.jpg\",\"thumb_url\":\"\",\"title\":\"Un men\u00fa tancat - La Villarroel\",\"description\":\"un menu tancat a la villarreol de barcelona\",\"copyright\":\"\",\"order\":11},{\"localizer\":\"V4PORTADAWIDEMOBILE\",\"url\":\"media\/ver\/port\/wide\/mobile\/v4\/3170A\/01_092_00058944\/UF_Portada-mobile-un-menu-tancat-villarroel.jpg\",\"thumb_url\":\"\",\"title\":\"Un men\u00fa tancat - La Villarroel\",\"description\":\"un menu tancat a la villarreol de barcelona\",\"copyright\":\"\",\"order\":12}]","material__texto_intro":"","data_material":null,"data_gallery":"","data_discounts":"[]","contract_is_open":false,"in_tour":false},"yoast_head":"<!-- This site is optimized with the Yoast SEO plugin v27.5 - https:\/\/yoast.com\/product\/yoast-seo-wordpress\/ -->\n<title>Un men\u00fa tancat - La Villarroel<\/title>\n<meta name=\"robots\" content=\"index, follow, max-snippet:-1, max-image-preview:large, max-video-preview:-1\" \/>\n<link rel=\"canonical\" href=\"https:\/\/www.lavillarroel.cat\/ca\/ex\/un-menu-tancat\/\" \/>\n<script type=\"application\/ld+json\" class=\"yoast-schema-graph\">{\"@context\":\"https:\\\/\\\/schema.org\",\"@graph\":[{\"@type\":\"WebPage\",\"@id\":\"https:\\\/\\\/www.lavillarroel.cat\\\/ca\\\/ex\\\/un-menu-tancat\\\/\",\"url\":\"https:\\\/\\\/www.lavillarroel.cat\\\/ca\\\/ex\\\/un-menu-tancat\\\/\",\"name\":\"Un men\u00fa tancat - La Villarroel\",\"isPartOf\":{\"@id\":\"https:\\\/\\\/www.lavillarroel.cat\\\/ca\\\/#website\"},\"datePublished\":\"2024-09-05T15:13:45+00:00\",\"dateModified\":\"2025-06-10T13:31:01+00:00\",\"breadcrumb\":{\"@id\":\"https:\\\/\\\/www.lavillarroel.cat\\\/ca\\\/ex\\\/un-menu-tancat\\\/#breadcrumb\"},\"inLanguage\":\"ca\",\"potentialAction\":[{\"@type\":\"ReadAction\",\"target\":[\"https:\\\/\\\/www.lavillarroel.cat\\\/ca\\\/ex\\\/un-menu-tancat\\\/\"]}]},{\"@type\":\"BreadcrumbList\",\"@id\":\"https:\\\/\\\/www.lavillarroel.cat\\\/ca\\\/ex\\\/un-menu-tancat\\\/#breadcrumb\",\"itemListElement\":[{\"@type\":\"ListItem\",\"position\":1,\"name\":\"Inici\",\"item\":\"https:\\\/\\\/www.lavillarroel.cat\\\/ca\\\/\"},{\"@type\":\"ListItem\",\"position\":2,\"name\":\"Espectacles\",\"item\":\"https:\\\/\\\/www.lavillarroel.cat\\\/ca\\\/ex\\\/\"},{\"@type\":\"ListItem\",\"position\":3,\"name\":\"Un men\u00fa tancat\"}]},{\"@type\":\"WebSite\",\"@id\":\"https:\\\/\\\/www.lavillarroel.cat\\\/ca\\\/#website\",\"url\":\"https:\\\/\\\/www.lavillarroel.cat\\\/ca\\\/\",\"name\":\"La Villarroel\",\"description\":\"\",\"publisher\":{\"@id\":\"https:\\\/\\\/www.lavillarroel.cat\\\/ca\\\/#organization\"},\"potentialAction\":[{\"@type\":\"SearchAction\",\"target\":{\"@type\":\"EntryPoint\",\"urlTemplate\":\"https:\\\/\\\/www.lavillarroel.cat\\\/ca\\\/?s={search_term_string}\"},\"query-input\":{\"@type\":\"PropertyValueSpecification\",\"valueRequired\":true,\"valueName\":\"search_term_string\"}}],\"inLanguage\":\"ca\"},{\"@type\":\"Organization\",\"@id\":\"https:\\\/\\\/www.lavillarroel.cat\\\/ca\\\/#organization\",\"name\":\"La Villarroel\",\"url\":\"https:\\\/\\\/www.lavillarroel.cat\\\/ca\\\/\",\"logo\":{\"@type\":\"ImageObject\",\"inLanguage\":\"ca\",\"@id\":\"https:\\\/\\\/www.lavillarroel.cat\\\/ca\\\/#\\\/schema\\\/logo\\\/image\\\/\",\"url\":\"https:\\\/\\\/www.lavillarroel.cat\\\/wp-content\\\/uploads\\\/sites\\\/5\\\/2017\\\/09\\\/teatre-villaroel-logo.svg\",\"contentUrl\":\"https:\\\/\\\/www.lavillarroel.cat\\\/wp-content\\\/uploads\\\/sites\\\/5\\\/2017\\\/09\\\/teatre-villaroel-logo.svg\",\"width\":1,\"height\":1,\"caption\":\"La Villarroel\"},\"image\":{\"@id\":\"https:\\\/\\\/www.lavillarroel.cat\\\/ca\\\/#\\\/schema\\\/logo\\\/image\\\/\"},\"sameAs\":[\"http:\\\/\\\/www.facebook.com\\\/TeatreVillarroel\",\"https:\\\/\\\/x.com\\\/la_villarroel\",\"http:\\\/\\\/instagram.com\\\/la_villarroel\",\"http:\\\/\\\/www.youtube.com\\\/user\\\/LaVillarroel#p\\\/u\"]}]}<\/script>\n<!-- \/ Yoast SEO plugin. -->","yoast_head_json":{"title":"Un men\u00fa tancat - La Villarroel","robots":{"index":"index","follow":"follow","max-snippet":"max-snippet:-1","max-image-preview":"max-image-preview:large","max-video-preview":"max-video-preview:-1"},"canonical":"https:\/\/www.lavillarroel.cat\/ca\/ex\/un-menu-tancat\/","schema":{"@context":"https:\/\/schema.org","@graph":[{"@type":"WebPage","@id":"https:\/\/www.lavillarroel.cat\/ca\/ex\/un-menu-tancat\/","url":"https:\/\/www.lavillarroel.cat\/ca\/ex\/un-menu-tancat\/","name":"Un men\u00fa tancat - La Villarroel","isPartOf":{"@id":"https:\/\/www.lavillarroel.cat\/ca\/#website"},"datePublished":"2024-09-05T15:13:45+00:00","dateModified":"2025-06-10T13:31:01+00:00","breadcrumb":{"@id":"https:\/\/www.lavillarroel.cat\/ca\/ex\/un-menu-tancat\/#breadcrumb"},"inLanguage":"ca","potentialAction":[{"@type":"ReadAction","target":["https:\/\/www.lavillarroel.cat\/ca\/ex\/un-menu-tancat\/"]}]},{"@type":"BreadcrumbList","@id":"https:\/\/www.lavillarroel.cat\/ca\/ex\/un-menu-tancat\/#breadcrumb","itemListElement":[{"@type":"ListItem","position":1,"name":"Inici","item":"https:\/\/www.lavillarroel.cat\/ca\/"},{"@type":"ListItem","position":2,"name":"Espectacles","item":"https:\/\/www.lavillarroel.cat\/ca\/ex\/"},{"@type":"ListItem","position":3,"name":"Un men\u00fa tancat"}]},{"@type":"WebSite","@id":"https:\/\/www.lavillarroel.cat\/ca\/#website","url":"https:\/\/www.lavillarroel.cat\/ca\/","name":"La Villarroel","description":"","publisher":{"@id":"https:\/\/www.lavillarroel.cat\/ca\/#organization"},"potentialAction":[{"@type":"SearchAction","target":{"@type":"EntryPoint","urlTemplate":"https:\/\/www.lavillarroel.cat\/ca\/?s={search_term_string}"},"query-input":{"@type":"PropertyValueSpecification","valueRequired":true,"valueName":"search_term_string"}}],"inLanguage":"ca"},{"@type":"Organization","@id":"https:\/\/www.lavillarroel.cat\/ca\/#organization","name":"La Villarroel","url":"https:\/\/www.lavillarroel.cat\/ca\/","logo":{"@type":"ImageObject","inLanguage":"ca","@id":"https:\/\/www.lavillarroel.cat\/ca\/#\/schema\/logo\/image\/","url":"https:\/\/www.lavillarroel.cat\/wp-content\/uploads\/sites\/5\/2017\/09\/teatre-villaroel-logo.svg","contentUrl":"https:\/\/www.lavillarroel.cat\/wp-content\/uploads\/sites\/5\/2017\/09\/teatre-villaroel-logo.svg","width":1,"height":1,"caption":"La Villarroel"},"image":{"@id":"https:\/\/www.lavillarroel.cat\/ca\/#\/schema\/logo\/image\/"},"sameAs":["http:\/\/www.facebook.com\/TeatreVillarroel","https:\/\/x.com\/la_villarroel","http:\/\/instagram.com\/la_villarroel","http:\/\/www.youtube.com\/user\/LaVillarroel#p\/u"]}]}},"translations":[{"id":3857,"locale":"ca"},{"id":3858,"locale":"es"}],"_links":{"self":[{"href":"https:\/\/www.lavillarroel.cat\/ca\/wp-json\/wp\/v2\/ex\/3857","targetHints":{"allow":["GET"]}}],"collection":[{"href":"https:\/\/www.lavillarroel.cat\/ca\/wp-json\/wp\/v2\/ex"}],"about":[{"href":"https:\/\/www.lavillarroel.cat\/ca\/wp-json\/wp\/v2\/types\/ex"}],"author":[{"embeddable":true,"href":"https:\/\/www.lavillarroel.cat\/ca\/wp-json\/wp\/v2\/users\/2"}],"replies":[{"embeddable":true,"href":"https:\/\/www.lavillarroel.cat\/ca\/wp-json\/wp\/v2\/comments?post=3857"}],"acf:term":[{"embeddable":true,"taxonomy":"season","href":"https:\/\/www.lavillarroel.cat\/ca\/wp-json\/wp\/v2\/season\/99"}],"wp:attachment":[{"href":"https:\/\/www.lavillarroel.cat\/ca\/wp-json\/wp\/v2\/media?parent=3857"}],"curies":[{"name":"wp","href":"https:\/\/api.w.org\/{rel}","templated":true}]}}

Un menú tancat

<p><strong>Plorar entre homes. Quines son les millors receptes?</strong></p>
<p>Tres amics es reuneixen un cop cada dos mesos per sopar. Un d’ells, un cuiner reconegut, tanca el seu restaurant perquè puguin sopar sols i posar-se al dia. Però avui, el cuiner els farà una pregunta que ho canviarà tot: “Com és que no ens hem vist mai plorar?”<br /></p>

Espectacle en català

Una comèdia cuinada especialment per a tu.

<p>Autoria: <strong>Jordi Casanovas</strong><br />Direcció: <strong>Llàtzer Garcia</strong><br />&nbsp;<br />Intèrprets: <strong>Joan Arqué, Roger Coma i Òscar Muñoz</strong><br />&nbsp;<br />Escenografia i vestuari: <strong>José Novoa<br /></strong>Il·luminació: <strong>August Viladomat<br /></strong>Espai sonor: <strong>Marc Santa</strong></p>
<p>Direcció de producció: <strong>Carles Manrique (Velvet Events)<br /></strong>Direcció tècnica: <strong>Àngel Puertas</strong></p>
<p>Ajudantia de direcció: <strong>Maria Salarich</strong><br />Ajudantia de producció: <strong>Laura Alonso i Fran Torrella<br /></strong>Coach de cuina: <strong>Xavier Llavià Koss (cap de cuina Hotel Alimara-CETT)<br /></strong>Cap tècnica del teatre: <strong>Marta Pérez</strong></p>
<p>Màrqueting i comunicació: <strong>La Villarroel <br /></strong>Reportatge fotogràfic: <strong>David Ruano</strong><br />Vídeo promocional d’escenes: <strong>Lluís Arbós<br /></strong>Disseny gràfic: <strong>Maria Picassó</strong><br />&nbsp;<br />Distribució: <strong>Magnética Management</strong></p>
<p>És una idea de <strong>Hause and Richman</strong> amb producció de <strong>Velvet Events.</strong><br /></p>
<p>&nbsp;</p>

Alícia Nicolás Larruy|Espectáculos BCN|“Una comèdia que us farà riure. I, al mateix temps, us farà reflexionar.”
Neus Mònico Fernández|Teatre Barcelona|“Una posada en escena encertada i unes interpretacions sensacionals. Divertidíssima”
Juan Carlos Olivares|La Vanguardia|“Les rialles són un esquer per tenir agafat l’espectador quan l’obra gira cap a la tragèdia íntima”

UnMenúTancat

Un menú tancat de Jordi Casanovas

[{"localizer":"V4PORTADA","url":"media/ver/port/v4/316A8/01_090_00058240/Portada-1-un-menu-tancat-villarroel.jpg","thumb_url":"","title":"Un menú tancat - La Villarroel","description":"un menu tancat a la villarroel","copyright":"","order":3},{"localizer":"V3SLIDE","url":"media/ftgalslide/v3/31707/01_086_00058734/T25_Menu_Tancat_001.jpg","thumb_url":"media/ftgalslide/v3/31707/01_086_00058734/T25_Menu_Tancat_001_thumb.jpg","title":"Un menú tancat - La Villarroel","description":"un menu tancat en la villarroel","copyright":"https://youtu.be/BpMAs9tFwrw","order":5},{"localizer":"V3SLIDE","url":"media/ftgalslide/v3/31707/01_086_00058735/T25_Menu_Tancat_134.jpg","thumb_url":"media/ftgalslide/v3/31707/01_086_00058735/T25_Menu_Tancat_134_thumb.jpg","title":"Un menú tancat - La Villarroel","description":"un menu tancat en la villarroel","copyright":"","order":6},{"localizer":"V3SLIDE","url":"media/ftgalslide/v3/31707/01_086_00058737/T25_Menu_Tancat_023.jpg","thumb_url":"media/ftgalslide/v3/31707/01_086_00058737/T25_Menu_Tancat_023_thumb.jpg","title":"Un menú tancat - La Villarroel","description":"un menu tancat en la villarroel","copyright":"","order":8},{"localizer":"V4CARTELL","url":"media/ver/cartell/v4/31707/01_089_00058783/Cartell_web_MENU_TANCAT.jpg","thumb_url":"","title":"Un menú tancat - La Villarroel","description":"en menu tancat en la villarroel","copyright":"","order":10},{"localizer":"V4PORTADAWIDE","url":"media/ver/port/wide/v4/3170A/01_091_00058943/UF_Portada-0-un-menu-tancat-villarroel.jpg","thumb_url":"","title":"Un menú tancat - La Villarroel","description":"un menu tancat a la villarreol de barcelona","copyright":"","order":11},{"localizer":"V4PORTADAWIDEMOBILE","url":"media/ver/port/wide/mobile/v4/3170A/01_092_00058944/UF_Portada-mobile-un-menu-tancat-villarroel.jpg","thumb_url":"","title":"Un menú tancat - La Villarroel","description":"un menu tancat a la villarreol de barcelona","copyright":"","order":12}]

<!-- This site is optimized with the Yoast SEO plugin v27.5 - https://yoast.com/product/yoast-seo-wordpress/ -->
<title>Un menú tancat - La Villarroel</title>
<meta name="robots" content="index, follow, max-snippet:-1, max-image-preview:large, max-video-preview:-1" />
<link rel="canonical" href="https://www.lavillarroel.cat/ca/ex/un-menu-tancat/" />
<script type="application/ld+json" class="yoast-schema-graph">{"@context":"https:\/\/schema.org","@graph":[{"@type":"WebPage","@id":"https:\/\/www.lavillarroel.cat\/ca\/ex\/un-menu-tancat\/","url":"https:\/\/www.lavillarroel.cat\/ca\/ex\/un-menu-tancat\/","name":"Un menú tancat - La Villarroel","isPartOf":{"@id":"https:\/\/www.lavillarroel.cat\/ca\/#website"},"datePublished":"2024-09-05T15:13:45+00:00","dateModified":"2025-06-10T13:31:01+00:00","breadcrumb":{"@id":"https:\/\/www.lavillarroel.cat\/ca\/ex\/un-menu-tancat\/#breadcrumb"},"inLanguage":"ca","potentialAction":[{"@type":"ReadAction","target":["https:\/\/www.lavillarroel.cat\/ca\/ex\/un-menu-tancat\/"]}]},{"@type":"BreadcrumbList","@id":"https:\/\/www.lavillarroel.cat\/ca\/ex\/un-menu-tancat\/#breadcrumb","itemListElement":[{"@type":"ListItem","position":1,"name":"Inici","item":"https:\/\/www.lavillarroel.cat\/ca\/"},{"@type":"ListItem","position":2,"name":"Espectacles","item":"https:\/\/www.lavillarroel.cat\/ca\/ex\/"},{"@type":"ListItem","position":3,"name":"Un menú tancat"}]},{"@type":"WebSite","@id":"https:\/\/www.lavillarroel.cat\/ca\/#website","url":"https:\/\/www.lavillarroel.cat\/ca\/","name":"La Villarroel","description":"","publisher":{"@id":"https:\/\/www.lavillarroel.cat\/ca\/#organization"},"potentialAction":[{"@type":"SearchAction","target":{"@type":"EntryPoint","urlTemplate":"https:\/\/www.lavillarroel.cat\/ca\/?s={search_term_string}"},"query-input":{"@type":"PropertyValueSpecification","valueRequired":true,"valueName":"search_term_string"}}],"inLanguage":"ca"},{"@type":"Organization","@id":"https:\/\/www.lavillarroel.cat\/ca\/#organization","name":"La Villarroel","url":"https:\/\/www.lavillarroel.cat\/ca\/","logo":{"@type":"ImageObject","inLanguage":"ca","@id":"https:\/\/www.lavillarroel.cat\/ca\/#\/schema\/logo\/image\/","url":"https:\/\/www.lavillarroel.cat\/wp-content\/uploads\/sites\/5\/2017\/09\/teatre-villaroel-logo.svg","contentUrl":"https:\/\/www.lavillarroel.cat\/wp-content\/uploads\/sites\/5\/2017\/09\/teatre-villaroel-logo.svg","width":1,"height":1,"caption":"La Villarroel"},"image":{"@id":"https:\/\/www.lavillarroel.cat\/ca\/#\/schema\/logo\/image\/"},"sameAs":["http:\/\/www.facebook.com\/TeatreVillarroel","https:\/\/x.com\/la_villarroel","http:\/\/instagram.com\/la_villarroel","http:\/\/www.youtube.com\/user\/LaVillarroel#p\/u"]}]}</script>
<!-- / Yoast SEO plugin. -->

Un menú tancat - La Villarroel
