{"id":3904,"date":"2024-11-08T10:44:31","date_gmt":"2024-11-08T09:44:31","guid":{"rendered":"https:\/\/www.lavillarroel.cat\/ex\/combat-de-direccio-2024\/"},"modified":"2024-12-05T19:31:55","modified_gmt":"2024-12-05T18:31:55","slug":"combat-de-direccio-2024","status":"publish","type":"ex","link":"https:\/\/www.lavillarroel.cat\/ca\/ex\/combat-de-direccio-2024\/","title":{"rendered":"Combat de direcci\u00f3 2024"},"content":{"rendered":"","protected":false},"excerpt":{"rendered":"","protected":false},"author":2,"featured_media":0,"comment_status":"closed","ping_status":"closed","template":"","class_list":["post-3904","ex","type-ex","status-publish","hentry","season-2024-25"],"acf":{"txt_synopsis":"<p><strong>Acceptes el desafiament?<\/strong> <\/p>\r\n<p>S'apropa el Combat de Direcci\u00f3 que tindr\u00e0 lloc el proper <strong>dilluns 9 de desembre a les 19 h a La Villarroel<\/strong>. <\/p>\r\n<p>Es tracta d'un joc d\u2019agilitat i creativitat esc\u00e8nica pensat com una trobada festiva entre els professionals de la direcci\u00f3 i de la interpretaci\u00f3 amb l'objectiu de gaudir compartint el fet teatral i passant una bona estona.&nbsp; En aquesta edici\u00f3 les directores i directors hauran de mostrar les seves capacitats fent una versi\u00f3 contempor\u00e0nia d'un text cl\u00e0ssic que rebran 12 hores abans del primer -i \u00fanic- assaig.&nbsp;&nbsp; <\/p>\r\n<p><strong>El jurat<\/strong> ser\u00e0 el nostre benvolgut p\u00fablic que determinar\u00e0 <strong>quina de les quatre direccions s'al\u00e7a amb la vict\u00f2ria. <br \/>T'atreveixes a formar part d'aquesta experi\u00e8ncia? Apunta\u2019t! <\/strong><\/p>\r\n<p>Les persones seleccionades a la convocat\u00f2ria de direcci\u00f3 i interpretaci\u00f3 per participar al combat s\u00f3n: <\/p>\r\n<p><strong>Convocat\u00f2ria de Direcci\u00f3:&nbsp; <\/strong><\/p>\r\n<ul>\r\n<li>Lorena Faus&nbsp; <\/li>\r\n<li>H\u00e9ctor Gonz\u00e1lez Mart\u00ed<\/li>\r\n<li>Queralt Riera&nbsp; <\/li>\r\n<li>H\u00e9ctor Mellinas Andreu <\/li><\/ul>\r\n<p><strong>Convocat\u00f2ria d\u2019Interpretaci\u00f3:&nbsp; <\/strong><\/p>\r\n<ul>\r\n<li>Marta Bessa&nbsp; <\/li>\r\n<li>Empar Capilla&nbsp; <\/li>\r\n<li>Marco Di Tieri<\/li>\r\n<li>Marina Nicolau<\/li>\r\n<li>Llu\u00eds Oliver<\/li>\r\n<li>Francesc Romeu<\/li>\r\n<li>Adriana Segurado<\/li>\r\n<li>Marc Torres Quintana&nbsp; <\/li><\/ul>","main_buy_link":"https:\/\/proticketing.com\/lavillarroel\/ca_ES\/entradas\/evento\/40715","main_buy_links":"[\"https:\/\/proticketing.com\/lavillarroel\/ca_ES\/entradas\/evento\/40715\"]","group_buy_link":"","show_language":"Espectacle en catal\u00e0  ","show_duration":"150","show_start_date":"20241209000000","show_end_date":"20241209000000","show_sort_date":"20250518000000","txt_custom_show_dates":"el 9 de desembre de 2024 ","show_disciplines":"11","show_ultimes_funcions":false,"hide_tarifes_especials":true,"show_properament":false,"txt_additional_info":"<ul>\r\n<li>Recomanat a partir de 14 anys <\/li><\/ul>","txt_present":"","show_season":[99],"txt_season":"[\"2024\/25\"]","txt_cycle":"","txt_claim":"S'apropa el Combat de Direcci\u00f3 que tindr\u00e0 lloc el proper dilluns 9 de desembre a les 19 h a La Villarroel.","txt_cast_excerpt":"","txt_cast":"<p>Autoria: <strong>Associaci\u00f3 de Professionals de la Interpretaci\u00f3 i de la Direcci\u00f3 de Catalunya<\/strong><\/p>\r\n<p>Gui\u00f3 i presentaci\u00f3: <strong>Cia Casa Real, Roc\u00edo Manzano, Salvador S. S\u00e1nchez i Raquel Loscos&nbsp;<\/strong><\/p>\r\n<p>Convocat\u00f2ria de direcci\u00f3:&nbsp; <br \/>Lorena Faus&nbsp; <br \/><strong>H\u00e9ctor Gonz\u00e1lez Mart\u00ed&nbsp; <br \/>Queralt Riera&nbsp; <br \/>H\u00e9ctor Mellinas Andreu<\/strong> <\/p>\r\n<p>Convocat\u00f2ria de interpretaci\u00f3:&nbsp; <br \/><strong>Marta Bessa&nbsp; <br \/>Empar Capilla&nbsp; <br \/>Marco Di Tieri&nbsp; <br \/>Marina Nicolau&nbsp; <br \/>Llu\u00eds Oliver&nbsp; <br \/>Francesc Romeu <br \/>Adriana Segurado&nbsp; <br \/>Marc Torres Quintana<\/strong>&nbsp; <\/p>\r\n<p>Cap t\u00e8cnica del teatre: <strong>Marta P\u00e9rez <\/strong><\/p>\r\n<p>M\u00e0rqueting i comunicaci\u00f3: <strong>La Villarroel <\/strong><\/p>\r\n<p>Col\u00b7laboradors: <strong>Associaci\u00f3 d'Actors i Actrius Professionals Valencians, Associaci\u00f3 d'Actors i Actrius Professionals de les Illes Balears, i La Villarroel <\/strong><\/p>\r\n<p>\u00c9s una producci\u00f3 de <strong>l\u2019Associaci\u00f3 de Professionals de la Interpretaci\u00f3 i de la Direcci\u00f3 de Catalunya <br \/><\/strong><\/p>","txt_reviews":"","hashtag":"CombatDeDirecci\u00f32024","have_promo":"","slogan":"","id_exhibicio":2218,"id_versio":1755,"id_local":4,"txt_seo_desc":"Combat de Direcci\u00f3 a la Villarroel","data_images":"[{\"localizer\":\"V4PORTADAWIDE\",\"url\":\"media\/ver\/port\/wide\/v4\/316AB\/01_091_00058505\/Portada-0-combat-de-direccio-villarroel.jpg\",\"thumb_url\":\"\",\"title\":\"Combat de direcci\u00f3 - La Villarroel\",\"description\":\"combat de direccio a la villarroel\",\"copyright\":\"\",\"order\":1},{\"localizer\":\"V4PORTADAWIDEMOBILE\",\"url\":\"media\/ver\/port\/wide\/mobile\/v4\/316AB\/01_092_00058506\/Portada-mobile-combat-de-direccio-villarroel.jpg\",\"thumb_url\":\"\",\"title\":\"Combat de direcci\u00f3 - La Villarroel\",\"description\":\"combat de direccio a la villarroel\",\"copyright\":\"\",\"order\":2},{\"localizer\":\"V4PORTADA\",\"url\":\"media\/ver\/port\/v4\/316AB\/01_090_00058507\/Portada-1-combat-de-direccio-villarroel.jpg\",\"thumb_url\":\"\",\"title\":\"Combat de direcci\u00f3 - La Villarroel\",\"description\":\"combat de direccio a la villarroel\",\"copyright\":\"\",\"order\":3},{\"localizer\":\"V4CARTELL\",\"url\":\"media\/ver\/cartell\/v4\/316AB\/01_089_00058508\/Cartell-web-combat-de-direccio-villarroel.jpg\",\"thumb_url\":\"\",\"title\":\"Combat de direcci\u00f3 - La Villarroel\",\"description\":\"combat de direccio a la villarroel\",\"copyright\":\"\",\"order\":4}]","material__texto_intro":"","data_material":null,"data_gallery":"","data_discounts":"[]","contract_is_open":false,"in_tour":false},"yoast_head":"<!-- This site is optimized with the Yoast SEO plugin v27.5 - https:\/\/yoast.com\/product\/yoast-seo-wordpress\/ -->\n<title>Combat de direcci\u00f3 2024 - La Villarroel<\/title>\n<meta name=\"robots\" content=\"index, follow, max-snippet:-1, max-image-preview:large, max-video-preview:-1\" \/>\n<link rel=\"canonical\" href=\"https:\/\/www.lavillarroel.cat\/ca\/ex\/combat-de-direccio-2024\/\" \/>\n<script type=\"application\/ld+json\" class=\"yoast-schema-graph\">{\"@context\":\"https:\\\/\\\/schema.org\",\"@graph\":[{\"@type\":\"WebPage\",\"@id\":\"https:\\\/\\\/www.lavillarroel.cat\\\/ca\\\/ex\\\/combat-de-direccio-2024\\\/\",\"url\":\"https:\\\/\\\/www.lavillarroel.cat\\\/ca\\\/ex\\\/combat-de-direccio-2024\\\/\",\"name\":\"Combat de direcci\u00f3 2024 - La Villarroel\",\"isPartOf\":{\"@id\":\"https:\\\/\\\/www.lavillarroel.cat\\\/ca\\\/#website\"},\"datePublished\":\"2024-11-08T09:44:31+00:00\",\"dateModified\":\"2024-12-05T18:31:55+00:00\",\"breadcrumb\":{\"@id\":\"https:\\\/\\\/www.lavillarroel.cat\\\/ca\\\/ex\\\/combat-de-direccio-2024\\\/#breadcrumb\"},\"inLanguage\":\"ca\",\"potentialAction\":[{\"@type\":\"ReadAction\",\"target\":[\"https:\\\/\\\/www.lavillarroel.cat\\\/ca\\\/ex\\\/combat-de-direccio-2024\\\/\"]}]},{\"@type\":\"BreadcrumbList\",\"@id\":\"https:\\\/\\\/www.lavillarroel.cat\\\/ca\\\/ex\\\/combat-de-direccio-2024\\\/#breadcrumb\",\"itemListElement\":[{\"@type\":\"ListItem\",\"position\":1,\"name\":\"Inici\",\"item\":\"https:\\\/\\\/www.lavillarroel.cat\\\/ca\\\/\"},{\"@type\":\"ListItem\",\"position\":2,\"name\":\"Espectacles\",\"item\":\"https:\\\/\\\/www.lavillarroel.cat\\\/ca\\\/ex\\\/\"},{\"@type\":\"ListItem\",\"position\":3,\"name\":\"Combat de direcci\u00f3 2024\"}]},{\"@type\":\"WebSite\",\"@id\":\"https:\\\/\\\/www.lavillarroel.cat\\\/ca\\\/#website\",\"url\":\"https:\\\/\\\/www.lavillarroel.cat\\\/ca\\\/\",\"name\":\"La Villarroel\",\"description\":\"\",\"publisher\":{\"@id\":\"https:\\\/\\\/www.lavillarroel.cat\\\/ca\\\/#organization\"},\"potentialAction\":[{\"@type\":\"SearchAction\",\"target\":{\"@type\":\"EntryPoint\",\"urlTemplate\":\"https:\\\/\\\/www.lavillarroel.cat\\\/ca\\\/?s={search_term_string}\"},\"query-input\":{\"@type\":\"PropertyValueSpecification\",\"valueRequired\":true,\"valueName\":\"search_term_string\"}}],\"inLanguage\":\"ca\"},{\"@type\":\"Organization\",\"@id\":\"https:\\\/\\\/www.lavillarroel.cat\\\/ca\\\/#organization\",\"name\":\"La Villarroel\",\"url\":\"https:\\\/\\\/www.lavillarroel.cat\\\/ca\\\/\",\"logo\":{\"@type\":\"ImageObject\",\"inLanguage\":\"ca\",\"@id\":\"https:\\\/\\\/www.lavillarroel.cat\\\/ca\\\/#\\\/schema\\\/logo\\\/image\\\/\",\"url\":\"https:\\\/\\\/www.lavillarroel.cat\\\/wp-content\\\/uploads\\\/sites\\\/5\\\/2017\\\/09\\\/teatre-villaroel-logo.svg\",\"contentUrl\":\"https:\\\/\\\/www.lavillarroel.cat\\\/wp-content\\\/uploads\\\/sites\\\/5\\\/2017\\\/09\\\/teatre-villaroel-logo.svg\",\"width\":1,\"height\":1,\"caption\":\"La Villarroel\"},\"image\":{\"@id\":\"https:\\\/\\\/www.lavillarroel.cat\\\/ca\\\/#\\\/schema\\\/logo\\\/image\\\/\"},\"sameAs\":[\"http:\\\/\\\/www.facebook.com\\\/TeatreVillarroel\",\"https:\\\/\\\/x.com\\\/la_villarroel\",\"http:\\\/\\\/instagram.com\\\/la_villarroel\",\"http:\\\/\\\/www.youtube.com\\\/user\\\/LaVillarroel#p\\\/u\"]}]}<\/script>\n<!-- \/ Yoast SEO plugin. -->","yoast_head_json":{"title":"Combat de direcci\u00f3 2024 - La Villarroel","robots":{"index":"index","follow":"follow","max-snippet":"max-snippet:-1","max-image-preview":"max-image-preview:large","max-video-preview":"max-video-preview:-1"},"canonical":"https:\/\/www.lavillarroel.cat\/ca\/ex\/combat-de-direccio-2024\/","schema":{"@context":"https:\/\/schema.org","@graph":[{"@type":"WebPage","@id":"https:\/\/www.lavillarroel.cat\/ca\/ex\/combat-de-direccio-2024\/","url":"https:\/\/www.lavillarroel.cat\/ca\/ex\/combat-de-direccio-2024\/","name":"Combat de direcci\u00f3 2024 - La Villarroel","isPartOf":{"@id":"https:\/\/www.lavillarroel.cat\/ca\/#website"},"datePublished":"2024-11-08T09:44:31+00:00","dateModified":"2024-12-05T18:31:55+00:00","breadcrumb":{"@id":"https:\/\/www.lavillarroel.cat\/ca\/ex\/combat-de-direccio-2024\/#breadcrumb"},"inLanguage":"ca","potentialAction":[{"@type":"ReadAction","target":["https:\/\/www.lavillarroel.cat\/ca\/ex\/combat-de-direccio-2024\/"]}]},{"@type":"BreadcrumbList","@id":"https:\/\/www.lavillarroel.cat\/ca\/ex\/combat-de-direccio-2024\/#breadcrumb","itemListElement":[{"@type":"ListItem","position":1,"name":"Inici","item":"https:\/\/www.lavillarroel.cat\/ca\/"},{"@type":"ListItem","position":2,"name":"Espectacles","item":"https:\/\/www.lavillarroel.cat\/ca\/ex\/"},{"@type":"ListItem","position":3,"name":"Combat de direcci\u00f3 2024"}]},{"@type":"WebSite","@id":"https:\/\/www.lavillarroel.cat\/ca\/#website","url":"https:\/\/www.lavillarroel.cat\/ca\/","name":"La Villarroel","description":"","publisher":{"@id":"https:\/\/www.lavillarroel.cat\/ca\/#organization"},"potentialAction":[{"@type":"SearchAction","target":{"@type":"EntryPoint","urlTemplate":"https:\/\/www.lavillarroel.cat\/ca\/?s={search_term_string}"},"query-input":{"@type":"PropertyValueSpecification","valueRequired":true,"valueName":"search_term_string"}}],"inLanguage":"ca"},{"@type":"Organization","@id":"https:\/\/www.lavillarroel.cat\/ca\/#organization","name":"La Villarroel","url":"https:\/\/www.lavillarroel.cat\/ca\/","logo":{"@type":"ImageObject","inLanguage":"ca","@id":"https:\/\/www.lavillarroel.cat\/ca\/#\/schema\/logo\/image\/","url":"https:\/\/www.lavillarroel.cat\/wp-content\/uploads\/sites\/5\/2017\/09\/teatre-villaroel-logo.svg","contentUrl":"https:\/\/www.lavillarroel.cat\/wp-content\/uploads\/sites\/5\/2017\/09\/teatre-villaroel-logo.svg","width":1,"height":1,"caption":"La Villarroel"},"image":{"@id":"https:\/\/www.lavillarroel.cat\/ca\/#\/schema\/logo\/image\/"},"sameAs":["http:\/\/www.facebook.com\/TeatreVillarroel","https:\/\/x.com\/la_villarroel","http:\/\/instagram.com\/la_villarroel","http:\/\/www.youtube.com\/user\/LaVillarroel#p\/u"]}]}},"translations":[{"id":3904,"locale":"ca"},{"id":3905,"locale":"es"}],"_links":{"self":[{"href":"https:\/\/www.lavillarroel.cat\/ca\/wp-json\/wp\/v2\/ex\/3904","targetHints":{"allow":["GET"]}}],"collection":[{"href":"https:\/\/www.lavillarroel.cat\/ca\/wp-json\/wp\/v2\/ex"}],"about":[{"href":"https:\/\/www.lavillarroel.cat\/ca\/wp-json\/wp\/v2\/types\/ex"}],"author":[{"embeddable":true,"href":"https:\/\/www.lavillarroel.cat\/ca\/wp-json\/wp\/v2\/users\/2"}],"replies":[{"embeddable":true,"href":"https:\/\/www.lavillarroel.cat\/ca\/wp-json\/wp\/v2\/comments?post=3904"}],"acf:term":[{"embeddable":true,"taxonomy":"season","href":"https:\/\/www.lavillarroel.cat\/ca\/wp-json\/wp\/v2\/season\/99"}],"wp:attachment":[{"href":"https:\/\/www.lavillarroel.cat\/ca\/wp-json\/wp\/v2\/media?parent=3904"}],"curies":[{"name":"wp","href":"https:\/\/api.w.org\/{rel}","templated":true}]}}

Combat de direcció 2024

<p><strong>Acceptes el desafiament?</strong> </p>
<p>S'apropa el Combat de Direcció que tindrà lloc el proper <strong>dilluns 9 de desembre a les 19 h a La Villarroel</strong>. </p>
<p>Es tracta d'un joc d’agilitat i creativitat escènica pensat com una trobada festiva entre els professionals de la direcció i de la interpretació amb l'objectiu de gaudir compartint el fet teatral i passant una bona estona.&nbsp; En aquesta edició les directores i directors hauran de mostrar les seves capacitats fent una versió contemporània d'un text clàssic que rebran 12 hores abans del primer -i únic- assaig.&nbsp;&nbsp; </p>
<p><strong>El jurat</strong> serà el nostre benvolgut públic que determinarà <strong>quina de les quatre direccions s'alça amb la victòria. <br />T'atreveixes a formar part d'aquesta experiència? Apunta’t! </strong></p>
<p>Les persones seleccionades a la convocatòria de direcció i interpretació per participar al combat són: </p>
<p><strong>Convocatòria de Direcció:&nbsp; </strong></p>
<ul>
<li>Lorena Faus&nbsp; </li>
<li>Héctor González Martí</li>
<li>Queralt Riera&nbsp; </li>
<li>Héctor Mellinas Andreu </li></ul>
<p><strong>Convocatòria d’Interpretació:&nbsp; </strong></p>
<ul>
<li>Marta Bessa&nbsp; </li>
<li>Empar Capilla&nbsp; </li>
<li>Marco Di Tieri</li>
<li>Marina Nicolau</li>
<li>Lluís Oliver</li>
<li>Francesc Romeu</li>
<li>Adriana Segurado</li>
<li>Marc Torres Quintana&nbsp; </li></ul>

Espectacle en català

S'apropa el Combat de Direcció que tindrà lloc el proper dilluns 9 de desembre a les 19 h a La Villarroel.

<p>Autoria: <strong>Associació de Professionals de la Interpretació i de la Direcció de Catalunya</strong></p>
<p>Guió i presentació: <strong>Cia Casa Real, Rocío Manzano, Salvador S. Sánchez i Raquel Loscos&nbsp;</strong></p>
<p>Convocatòria de direcció:&nbsp; <br />Lorena Faus&nbsp; <br /><strong>Héctor González Martí&nbsp; <br />Queralt Riera&nbsp; <br />Héctor Mellinas Andreu</strong> </p>
<p>Convocatòria de interpretació:&nbsp; <br /><strong>Marta Bessa&nbsp; <br />Empar Capilla&nbsp; <br />Marco Di Tieri&nbsp; <br />Marina Nicolau&nbsp; <br />Lluís Oliver&nbsp; <br />Francesc Romeu <br />Adriana Segurado&nbsp; <br />Marc Torres Quintana</strong>&nbsp; </p>
<p>Cap tècnica del teatre: <strong>Marta Pérez </strong></p>
<p>Màrqueting i comunicació: <strong>La Villarroel </strong></p>
<p>Col·laboradors: <strong>Associació d'Actors i Actrius Professionals Valencians, Associació d'Actors i Actrius Professionals de les Illes Balears, i La Villarroel </strong></p>
<p>És una producció de <strong>l’Associació de Professionals de la Interpretació i de la Direcció de Catalunya <br /></strong></p>

CombatDeDirecció2024

Combat de Direcció a la Villarroel

[{"localizer":"V4PORTADAWIDE","url":"media/ver/port/wide/v4/316AB/01_091_00058505/Portada-0-combat-de-direccio-villarroel.jpg","thumb_url":"","title":"Combat de direcció - La Villarroel","description":"combat de direccio a la villarroel","copyright":"","order":1},{"localizer":"V4PORTADAWIDEMOBILE","url":"media/ver/port/wide/mobile/v4/316AB/01_092_00058506/Portada-mobile-combat-de-direccio-villarroel.jpg","thumb_url":"","title":"Combat de direcció - La Villarroel","description":"combat de direccio a la villarroel","copyright":"","order":2},{"localizer":"V4PORTADA","url":"media/ver/port/v4/316AB/01_090_00058507/Portada-1-combat-de-direccio-villarroel.jpg","thumb_url":"","title":"Combat de direcció - La Villarroel","description":"combat de direccio a la villarroel","copyright":"","order":3},{"localizer":"V4CARTELL","url":"media/ver/cartell/v4/316AB/01_089_00058508/Cartell-web-combat-de-direccio-villarroel.jpg","thumb_url":"","title":"Combat de direcció - La Villarroel","description":"combat de direccio a la villarroel","copyright":"","order":4}]

<!-- This site is optimized with the Yoast SEO plugin v27.5 - https://yoast.com/product/yoast-seo-wordpress/ -->
<title>Combat de direcció 2024 - La Villarroel</title>
<meta name="robots" content="index, follow, max-snippet:-1, max-image-preview:large, max-video-preview:-1" />
<link rel="canonical" href="https://www.lavillarroel.cat/ca/ex/combat-de-direccio-2024/" />
<script type="application/ld+json" class="yoast-schema-graph">{"@context":"https:\/\/schema.org","@graph":[{"@type":"WebPage","@id":"https:\/\/www.lavillarroel.cat\/ca\/ex\/combat-de-direccio-2024\/","url":"https:\/\/www.lavillarroel.cat\/ca\/ex\/combat-de-direccio-2024\/","name":"Combat de direcció 2024 - La Villarroel","isPartOf":{"@id":"https:\/\/www.lavillarroel.cat\/ca\/#website"},"datePublished":"2024-11-08T09:44:31+00:00","dateModified":"2024-12-05T18:31:55+00:00","breadcrumb":{"@id":"https:\/\/www.lavillarroel.cat\/ca\/ex\/combat-de-direccio-2024\/#breadcrumb"},"inLanguage":"ca","potentialAction":[{"@type":"ReadAction","target":["https:\/\/www.lavillarroel.cat\/ca\/ex\/combat-de-direccio-2024\/"]}]},{"@type":"BreadcrumbList","@id":"https:\/\/www.lavillarroel.cat\/ca\/ex\/combat-de-direccio-2024\/#breadcrumb","itemListElement":[{"@type":"ListItem","position":1,"name":"Inici","item":"https:\/\/www.lavillarroel.cat\/ca\/"},{"@type":"ListItem","position":2,"name":"Espectacles","item":"https:\/\/www.lavillarroel.cat\/ca\/ex\/"},{"@type":"ListItem","position":3,"name":"Combat de direcció 2024"}]},{"@type":"WebSite","@id":"https:\/\/www.lavillarroel.cat\/ca\/#website","url":"https:\/\/www.lavillarroel.cat\/ca\/","name":"La Villarroel","description":"","publisher":{"@id":"https:\/\/www.lavillarroel.cat\/ca\/#organization"},"potentialAction":[{"@type":"SearchAction","target":{"@type":"EntryPoint","urlTemplate":"https:\/\/www.lavillarroel.cat\/ca\/?s={search_term_string}"},"query-input":{"@type":"PropertyValueSpecification","valueRequired":true,"valueName":"search_term_string"}}],"inLanguage":"ca"},{"@type":"Organization","@id":"https:\/\/www.lavillarroel.cat\/ca\/#organization","name":"La Villarroel","url":"https:\/\/www.lavillarroel.cat\/ca\/","logo":{"@type":"ImageObject","inLanguage":"ca","@id":"https:\/\/www.lavillarroel.cat\/ca\/#\/schema\/logo\/image\/","url":"https:\/\/www.lavillarroel.cat\/wp-content\/uploads\/sites\/5\/2017\/09\/teatre-villaroel-logo.svg","contentUrl":"https:\/\/www.lavillarroel.cat\/wp-content\/uploads\/sites\/5\/2017\/09\/teatre-villaroel-logo.svg","width":1,"height":1,"caption":"La Villarroel"},"image":{"@id":"https:\/\/www.lavillarroel.cat\/ca\/#\/schema\/logo\/image\/"},"sameAs":["http:\/\/www.facebook.com\/TeatreVillarroel","https:\/\/x.com\/la_villarroel","http:\/\/instagram.com\/la_villarroel","http:\/\/www.youtube.com\/user\/LaVillarroel#p\/u"]}]}</script>
<!-- / Yoast SEO plugin. -->

Combat de direcció 2024 - La Villarroel
