{"id":4178,"date":"2025-09-04T16:45:09","date_gmt":"2025-09-04T14:45:09","guid":{"rendered":"https:\/\/www.lavillarroel.cat\/ex\/sere\/"},"modified":"2026-01-19T14:00:22","modified_gmt":"2026-01-19T13:00:22","slug":"sere","status":"publish","type":"ex","link":"https:\/\/www.lavillarroel.cat\/ca\/ex\/sere\/","title":{"rendered":"Ser\u00e9"},"content":{"rendered":"","protected":false},"excerpt":{"rendered":"","protected":false},"author":2,"featured_media":0,"comment_status":"closed","ping_status":"closed","template":"","class_list":["post-4178","ex","type-ex","status-publish","hentry","season-2025-26"],"acf":{"txt_synopsis":"<p><strong>Ser\u00e9 \u00e9s molt m\u00e9s que una obra de teatre; \u00e9s un recordatori vital de la hist\u00f2ria, un homenatge a la mem\u00f2ria i una poderosa invitaci\u00f3 a la reflexi\u00f3.<\/strong> <\/p>\r\n<p>L\u2019actor \u00e9s enva\u00eft per una veu. Ser\u00e9 \u00e9s un manual de superviv\u00e8ncia. Un instructiu de fugida. A partir del testimoni que va donar Guillermo Fern\u00e1ndez l\u2019any 1985 durant el Judici a les Juntes sobre el seu segrest i fugida del centre clandest\u00ed de detenci\u00f3 anomenat Mansi\u00f3n Ser\u00e9, un actor hi posar\u00e0 el seu cos. <\/p>\r\n<p>&nbsp;<\/p>","main_buy_link":"https:\/\/tickets.oneboxtds.com\/lavillarroel\/events\/47921?hl=ca-ES","main_buy_links":"[\"https:\/\/tickets.oneboxtds.com\/lavillarroel\/events\/47921?hl=ca-ES\"]","group_buy_link":"https:\/\/www.promentrada.com\/ca\/programacio\/c\/1816-sere-grups.html","show_language":"Espectacle en castell\u00e0 ","show_duration":"85","show_start_date":"20260124000000","show_end_date":"20260201000000","show_sort_date":"20260124000000","txt_custom_show_dates":"del 24 de gener a l'1 de febrer de 2026 ","show_disciplines":"11","show_ultimes_funcions":false,"hide_tarifes_especials":false,"show_properament":false,"txt_additional_info":"Recomanat a partir de 16 anys ","txt_present":"","show_season":[101],"txt_season":"[\"2025\/26\"]","txt_cycle":"Off La Villarroel","txt_claim":"","txt_cast_excerpt":"","txt_cast":"<p>Dramat\u00fargia i direcci\u00f3: <strong>Lautaro Delgado Tymruk i Sof\u00eda Brito <br \/><\/strong>Dramaturgista: <strong>Conrado Beretta <\/strong><\/p>\r\n<p>Int\u00e8rprets: <strong>Lautaro Delgado Tymruk <\/strong><\/p>\r\n<p>Escenografia: <strong>Richy Salguero <br \/><\/strong>Il\u00b7luminaci\u00f3: <strong>Ricardo Sica <\/strong><\/p>\r\n<p>Direcci\u00f3 de producci\u00f3:<strong> Lautaro Delgado Tymruk i Sof\u00eda Brito<\/strong> <br \/>Producci\u00f3 executiva: <strong>Compa\u00f1\u00eda SER\u00c9 <\/strong><\/p>\r\n<p>Cap t\u00e8cnica del teatre: <strong>Marta P\u00e9rez <\/strong><\/p>\r\n<p>M\u00e0rqueting i comunicaci\u00f3:<strong> La Villarroel <\/strong><\/p>\r\n<p>Agra\u00efments:<strong> Guillermo Fernandez, Carlos Garc\u00eda, Ana Mar\u00eda Careaga, Damian Loreti, Emiliano Ruy, Carola Noriega, Eugenia Levin, Sabrina Osowski, Archivo de la memoria, Andrea Copani <\/strong><\/p>\r\n<p>Distribuci\u00f3: <br \/>Catalunya \u2013 <strong>FOCUS <\/strong><br \/>Resta de l\u2019Estat espanyol: <strong>Elena Mart\u00ednez<\/strong> <br \/>Resta del m\u00f3n: <strong>D\u00e9bora Staiff <\/strong><\/p>\r\n<p>\u00c9s una producci\u00f3 de la <strong>Compa\u00f1\u00eda SER\u00c9<\/strong> <\/p>","txt_reviews":"Osvaldo Quiroga|La Izquierda Diario|\u201cUna actuaci\u00f3 memorable en un espectacle que quedar\u00e0 en la mem\u00f2ria dels espectadors.\u201d  \r\nJuan Pablo Russo|Escribiendo Cine|\u201cUn relat visceral que transcendeix la representaci\u00f3 teatral per esdevenir un acte pol\u00edtic de resist\u00e8ncia i reivindicaci\u00f3.\u201d \r\nElsa Drucaroff|La Agenda|\u201cExtraordin\u00e0ria. Una pe\u00e7a commovedora\u201d  ","hashtag":"Ser\u00e9","have_promo":"","slogan":"","id_exhibicio":2318,"id_versio":1811,"id_local":4,"txt_seo_desc":"Ser\u00e9 a La Villarroel de Barcelona","data_images":"[{\"localizer\":\"V4PORTADAWIDE\",\"url\":\"media\/ver\/port\/wide\/v4\/3170C\/01_091_00059148\/1-Portada_0_2880x1260SERE.jpg\",\"thumb_url\":\"\",\"title\":\"Ser\u00e9 - L'off La Villarroel - Barcelona \",\"description\":\"sere a la villarroel de barcelona\",\"copyright\":\"\",\"order\":1},{\"localizer\":\"V4PORTADA\",\"url\":\"media\/ver\/port\/v4\/3170C\/01_090_00059149\/2-Portada_1_760x760SERE.jpg\",\"thumb_url\":\"\",\"title\":\"Ser\u00e9 - L'off La Villarroel - Barcelona \",\"description\":\"sere a la villarroel de barcelona\",\"copyright\":\"\",\"order\":2},{\"localizer\":\"V4PORTADAWIDEMOBILE\",\"url\":\"media\/ver\/port\/wide\/mobile\/v4\/3170C\/01_092_00059150\/3-Portada_Mobile_828x1800SERE.jpg\",\"thumb_url\":\"\",\"title\":\"Ser\u00e9 - L'off La Villarroel - Barcelona \",\"description\":\"sere a la villarroel de barcelona\",\"copyright\":\"\",\"order\":3},{\"localizer\":\"V4CARTELL\",\"url\":\"media\/ver\/cartell\/v4\/3170C\/01_089_00059151\/4-Cartell_web_720x1100SERE.jpg\",\"thumb_url\":\"\",\"title\":\"Ser\u00e9 - L'off La Villarroel - Barcelona \",\"description\":\"sere a la villarroel de barcelona\",\"copyright\":\"\",\"order\":4},{\"localizer\":\"V3SLIDE\",\"url\":\"media\/ftgalslide\/v3\/3170C\/01_086_00059153\/Foto_Sere01_por_Ricardo_Sica.jpg\",\"thumb_url\":\"media\/ftgalslide\/v3\/3170C\/01_086_00059153\/Foto_Sere01_por_Ricardo_Sica_thumb.jpg\",\"title\":\"Ser\u00e9 - L'off La Villarroel - Barcelona \",\"description\":\"sere a la villarroel de barcelona\",\"copyright\":\"https:\/\/youtu.be\/RHx8HVHSjMc\",\"order\":6},{\"localizer\":\"V3SLIDE\",\"url\":\"media\/ftgalslide\/v3\/31769\/01_086_00059527\/Foto_Sere2_por_Ricardo_Sica.jpg\",\"thumb_url\":\"media\/ftgalslide\/v3\/31769\/01_086_00059527\/Foto_Sere2_por_Ricardo_Sica_thumb.jpg\",\"title\":\"Ser\u00e9 - La Villarroel\",\"description\":\"ser\u00e9 a la villarroel\",\"copyright\":\"\",\"order\":9},{\"localizer\":\"V3SLIDE\",\"url\":\"media\/ftgalslide\/v3\/31769\/01_086_00059528\/Sere_by_Laly_Sola_2.jpg\",\"thumb_url\":\"media\/ftgalslide\/v3\/31769\/01_086_00059528\/Sere_by_Laly_Sola_2_thumb.jpg\",\"title\":\"Ser\u00e9 - La Villarroel\",\"description\":\"ser\u00e9 a la villarroel\",\"copyright\":\"\",\"order\":10}]","material__texto_intro":"","data_material":null,"data_gallery":"","data_discounts":"[]","contract_is_open":false,"in_tour":false},"yoast_head":"<!-- This site is optimized with the Yoast SEO plugin v27.5 - https:\/\/yoast.com\/product\/yoast-seo-wordpress\/ -->\n<title>Ser\u00e9 - La Villarroel<\/title>\n<meta name=\"robots\" content=\"index, follow, max-snippet:-1, max-image-preview:large, max-video-preview:-1\" \/>\n<link rel=\"canonical\" href=\"https:\/\/www.lavillarroel.cat\/ca\/ex\/sere\/\" \/>\n<script type=\"application\/ld+json\" class=\"yoast-schema-graph\">{\"@context\":\"https:\\\/\\\/schema.org\",\"@graph\":[{\"@type\":\"WebPage\",\"@id\":\"https:\\\/\\\/www.lavillarroel.cat\\\/ca\\\/ex\\\/sere\\\/\",\"url\":\"https:\\\/\\\/www.lavillarroel.cat\\\/ca\\\/ex\\\/sere\\\/\",\"name\":\"Ser\u00e9 - La Villarroel\",\"isPartOf\":{\"@id\":\"https:\\\/\\\/www.lavillarroel.cat\\\/ca\\\/#website\"},\"datePublished\":\"2025-09-04T14:45:09+00:00\",\"dateModified\":\"2026-01-19T13:00:22+00:00\",\"breadcrumb\":{\"@id\":\"https:\\\/\\\/www.lavillarroel.cat\\\/ca\\\/ex\\\/sere\\\/#breadcrumb\"},\"inLanguage\":\"ca\",\"potentialAction\":[{\"@type\":\"ReadAction\",\"target\":[\"https:\\\/\\\/www.lavillarroel.cat\\\/ca\\\/ex\\\/sere\\\/\"]}]},{\"@type\":\"BreadcrumbList\",\"@id\":\"https:\\\/\\\/www.lavillarroel.cat\\\/ca\\\/ex\\\/sere\\\/#breadcrumb\",\"itemListElement\":[{\"@type\":\"ListItem\",\"position\":1,\"name\":\"Inici\",\"item\":\"https:\\\/\\\/www.lavillarroel.cat\\\/ca\\\/\"},{\"@type\":\"ListItem\",\"position\":2,\"name\":\"Espectacles\",\"item\":\"https:\\\/\\\/www.lavillarroel.cat\\\/ca\\\/ex\\\/\"},{\"@type\":\"ListItem\",\"position\":3,\"name\":\"Ser\u00e9\"}]},{\"@type\":\"WebSite\",\"@id\":\"https:\\\/\\\/www.lavillarroel.cat\\\/ca\\\/#website\",\"url\":\"https:\\\/\\\/www.lavillarroel.cat\\\/ca\\\/\",\"name\":\"La Villarroel\",\"description\":\"\",\"publisher\":{\"@id\":\"https:\\\/\\\/www.lavillarroel.cat\\\/ca\\\/#organization\"},\"potentialAction\":[{\"@type\":\"SearchAction\",\"target\":{\"@type\":\"EntryPoint\",\"urlTemplate\":\"https:\\\/\\\/www.lavillarroel.cat\\\/ca\\\/?s={search_term_string}\"},\"query-input\":{\"@type\":\"PropertyValueSpecification\",\"valueRequired\":true,\"valueName\":\"search_term_string\"}}],\"inLanguage\":\"ca\"},{\"@type\":\"Organization\",\"@id\":\"https:\\\/\\\/www.lavillarroel.cat\\\/ca\\\/#organization\",\"name\":\"La Villarroel\",\"url\":\"https:\\\/\\\/www.lavillarroel.cat\\\/ca\\\/\",\"logo\":{\"@type\":\"ImageObject\",\"inLanguage\":\"ca\",\"@id\":\"https:\\\/\\\/www.lavillarroel.cat\\\/ca\\\/#\\\/schema\\\/logo\\\/image\\\/\",\"url\":\"https:\\\/\\\/www.lavillarroel.cat\\\/wp-content\\\/uploads\\\/sites\\\/5\\\/2017\\\/09\\\/teatre-villaroel-logo.svg\",\"contentUrl\":\"https:\\\/\\\/www.lavillarroel.cat\\\/wp-content\\\/uploads\\\/sites\\\/5\\\/2017\\\/09\\\/teatre-villaroel-logo.svg\",\"width\":1,\"height\":1,\"caption\":\"La Villarroel\"},\"image\":{\"@id\":\"https:\\\/\\\/www.lavillarroel.cat\\\/ca\\\/#\\\/schema\\\/logo\\\/image\\\/\"},\"sameAs\":[\"http:\\\/\\\/www.facebook.com\\\/TeatreVillarroel\",\"https:\\\/\\\/x.com\\\/la_villarroel\",\"http:\\\/\\\/instagram.com\\\/la_villarroel\",\"http:\\\/\\\/www.youtube.com\\\/user\\\/LaVillarroel#p\\\/u\"]}]}<\/script>\n<!-- \/ Yoast SEO plugin. -->","yoast_head_json":{"title":"Ser\u00e9 - La Villarroel","robots":{"index":"index","follow":"follow","max-snippet":"max-snippet:-1","max-image-preview":"max-image-preview:large","max-video-preview":"max-video-preview:-1"},"canonical":"https:\/\/www.lavillarroel.cat\/ca\/ex\/sere\/","schema":{"@context":"https:\/\/schema.org","@graph":[{"@type":"WebPage","@id":"https:\/\/www.lavillarroel.cat\/ca\/ex\/sere\/","url":"https:\/\/www.lavillarroel.cat\/ca\/ex\/sere\/","name":"Ser\u00e9 - La Villarroel","isPartOf":{"@id":"https:\/\/www.lavillarroel.cat\/ca\/#website"},"datePublished":"2025-09-04T14:45:09+00:00","dateModified":"2026-01-19T13:00:22+00:00","breadcrumb":{"@id":"https:\/\/www.lavillarroel.cat\/ca\/ex\/sere\/#breadcrumb"},"inLanguage":"ca","potentialAction":[{"@type":"ReadAction","target":["https:\/\/www.lavillarroel.cat\/ca\/ex\/sere\/"]}]},{"@type":"BreadcrumbList","@id":"https:\/\/www.lavillarroel.cat\/ca\/ex\/sere\/#breadcrumb","itemListElement":[{"@type":"ListItem","position":1,"name":"Inici","item":"https:\/\/www.lavillarroel.cat\/ca\/"},{"@type":"ListItem","position":2,"name":"Espectacles","item":"https:\/\/www.lavillarroel.cat\/ca\/ex\/"},{"@type":"ListItem","position":3,"name":"Ser\u00e9"}]},{"@type":"WebSite","@id":"https:\/\/www.lavillarroel.cat\/ca\/#website","url":"https:\/\/www.lavillarroel.cat\/ca\/","name":"La Villarroel","description":"","publisher":{"@id":"https:\/\/www.lavillarroel.cat\/ca\/#organization"},"potentialAction":[{"@type":"SearchAction","target":{"@type":"EntryPoint","urlTemplate":"https:\/\/www.lavillarroel.cat\/ca\/?s={search_term_string}"},"query-input":{"@type":"PropertyValueSpecification","valueRequired":true,"valueName":"search_term_string"}}],"inLanguage":"ca"},{"@type":"Organization","@id":"https:\/\/www.lavillarroel.cat\/ca\/#organization","name":"La Villarroel","url":"https:\/\/www.lavillarroel.cat\/ca\/","logo":{"@type":"ImageObject","inLanguage":"ca","@id":"https:\/\/www.lavillarroel.cat\/ca\/#\/schema\/logo\/image\/","url":"https:\/\/www.lavillarroel.cat\/wp-content\/uploads\/sites\/5\/2017\/09\/teatre-villaroel-logo.svg","contentUrl":"https:\/\/www.lavillarroel.cat\/wp-content\/uploads\/sites\/5\/2017\/09\/teatre-villaroel-logo.svg","width":1,"height":1,"caption":"La Villarroel"},"image":{"@id":"https:\/\/www.lavillarroel.cat\/ca\/#\/schema\/logo\/image\/"},"sameAs":["http:\/\/www.facebook.com\/TeatreVillarroel","https:\/\/x.com\/la_villarroel","http:\/\/instagram.com\/la_villarroel","http:\/\/www.youtube.com\/user\/LaVillarroel#p\/u"]}]}},"translations":[{"id":4178,"locale":"ca"},{"id":4179,"locale":"es"}],"_links":{"self":[{"href":"https:\/\/www.lavillarroel.cat\/ca\/wp-json\/wp\/v2\/ex\/4178","targetHints":{"allow":["GET"]}}],"collection":[{"href":"https:\/\/www.lavillarroel.cat\/ca\/wp-json\/wp\/v2\/ex"}],"about":[{"href":"https:\/\/www.lavillarroel.cat\/ca\/wp-json\/wp\/v2\/types\/ex"}],"author":[{"embeddable":true,"href":"https:\/\/www.lavillarroel.cat\/ca\/wp-json\/wp\/v2\/users\/2"}],"replies":[{"embeddable":true,"href":"https:\/\/www.lavillarroel.cat\/ca\/wp-json\/wp\/v2\/comments?post=4178"}],"acf:term":[{"embeddable":true,"taxonomy":"season","href":"https:\/\/www.lavillarroel.cat\/ca\/wp-json\/wp\/v2\/season\/101"}],"wp:attachment":[{"href":"https:\/\/www.lavillarroel.cat\/ca\/wp-json\/wp\/v2\/media?parent=4178"}],"curies":[{"name":"wp","href":"https:\/\/api.w.org\/{rel}","templated":true}]}}

Seré

<p><strong>Seré és molt més que una obra de teatre; és un recordatori vital de la història, un homenatge a la memòria i una poderosa invitació a la reflexió.</strong> </p>
<p>L’actor és envaït per una veu. Seré és un manual de supervivència. Un instructiu de fugida. A partir del testimoni que va donar Guillermo Fernández l’any 1985 durant el Judici a les Juntes sobre el seu segrest i fugida del centre clandestí de detenció anomenat Mansión Seré, un actor hi posarà el seu cos. </p>
<p>&nbsp;</p>

Espectacle en castellà

<p>Dramatúrgia i direcció: <strong>Lautaro Delgado Tymruk i Sofía Brito <br /></strong>Dramaturgista: <strong>Conrado Beretta </strong></p>
<p>Intèrprets: <strong>Lautaro Delgado Tymruk </strong></p>
<p>Escenografia: <strong>Richy Salguero <br /></strong>Il·luminació: <strong>Ricardo Sica </strong></p>
<p>Direcció de producció:<strong> Lautaro Delgado Tymruk i Sofía Brito</strong> <br />Producció executiva: <strong>Compañía SERÉ </strong></p>
<p>Cap tècnica del teatre: <strong>Marta Pérez </strong></p>
<p>Màrqueting i comunicació:<strong> La Villarroel </strong></p>
<p>Agraïments:<strong> Guillermo Fernandez, Carlos García, Ana María Careaga, Damian Loreti, Emiliano Ruy, Carola Noriega, Eugenia Levin, Sabrina Osowski, Archivo de la memoria, Andrea Copani </strong></p>
<p>Distribució: <br />Catalunya – <strong>FOCUS </strong><br />Resta de l’Estat espanyol: <strong>Elena Martínez</strong> <br />Resta del món: <strong>Débora Staiff </strong></p>
<p>És una producció de la <strong>Compañía SERÉ</strong> </p>

Osvaldo Quiroga|La Izquierda Diario|“Una actuació memorable en un espectacle que quedarà en la memòria dels espectadors.”  
Juan Pablo Russo|Escribiendo Cine|“Un relat visceral que transcendeix la representació teatral per esdevenir un acte polític de resistència i reivindicació.” 
Elsa Drucaroff|La Agenda|“Extraordinària. Una peça commovedora”

Seré a La Villarroel de Barcelona

[{"localizer":"V4PORTADAWIDE","url":"media/ver/port/wide/v4/3170C/01_091_00059148/1-Portada_0_2880x1260SERE.jpg","thumb_url":"","title":"Seré - L'off La Villarroel - Barcelona ","description":"sere a la villarroel de barcelona","copyright":"","order":1},{"localizer":"V4PORTADA","url":"media/ver/port/v4/3170C/01_090_00059149/2-Portada_1_760x760SERE.jpg","thumb_url":"","title":"Seré - L'off La Villarroel - Barcelona ","description":"sere a la villarroel de barcelona","copyright":"","order":2},{"localizer":"V4PORTADAWIDEMOBILE","url":"media/ver/port/wide/mobile/v4/3170C/01_092_00059150/3-Portada_Mobile_828x1800SERE.jpg","thumb_url":"","title":"Seré - L'off La Villarroel - Barcelona ","description":"sere a la villarroel de barcelona","copyright":"","order":3},{"localizer":"V4CARTELL","url":"media/ver/cartell/v4/3170C/01_089_00059151/4-Cartell_web_720x1100SERE.jpg","thumb_url":"","title":"Seré - L'off La Villarroel - Barcelona ","description":"sere a la villarroel de barcelona","copyright":"","order":4},{"localizer":"V3SLIDE","url":"media/ftgalslide/v3/3170C/01_086_00059153/Foto_Sere01_por_Ricardo_Sica.jpg","thumb_url":"media/ftgalslide/v3/3170C/01_086_00059153/Foto_Sere01_por_Ricardo_Sica_thumb.jpg","title":"Seré - L'off La Villarroel - Barcelona ","description":"sere a la villarroel de barcelona","copyright":"https://youtu.be/RHx8HVHSjMc","order":6},{"localizer":"V3SLIDE","url":"media/ftgalslide/v3/31769/01_086_00059527/Foto_Sere2_por_Ricardo_Sica.jpg","thumb_url":"media/ftgalslide/v3/31769/01_086_00059527/Foto_Sere2_por_Ricardo_Sica_thumb.jpg","title":"Seré - La Villarroel","description":"seré a la villarroel","copyright":"","order":9},{"localizer":"V3SLIDE","url":"media/ftgalslide/v3/31769/01_086_00059528/Sere_by_Laly_Sola_2.jpg","thumb_url":"media/ftgalslide/v3/31769/01_086_00059528/Sere_by_Laly_Sola_2_thumb.jpg","title":"Seré - La Villarroel","description":"seré a la villarroel","copyright":"","order":10}]

<!-- This site is optimized with the Yoast SEO plugin v27.5 - https://yoast.com/product/yoast-seo-wordpress/ -->
<title>Seré - La Villarroel</title>
<meta name="robots" content="index, follow, max-snippet:-1, max-image-preview:large, max-video-preview:-1" />
<link rel="canonical" href="https://www.lavillarroel.cat/ca/ex/sere/" />
<script type="application/ld+json" class="yoast-schema-graph">{"@context":"https:\/\/schema.org","@graph":[{"@type":"WebPage","@id":"https:\/\/www.lavillarroel.cat\/ca\/ex\/sere\/","url":"https:\/\/www.lavillarroel.cat\/ca\/ex\/sere\/","name":"Seré - La Villarroel","isPartOf":{"@id":"https:\/\/www.lavillarroel.cat\/ca\/#website"},"datePublished":"2025-09-04T14:45:09+00:00","dateModified":"2026-01-19T13:00:22+00:00","breadcrumb":{"@id":"https:\/\/www.lavillarroel.cat\/ca\/ex\/sere\/#breadcrumb"},"inLanguage":"ca","potentialAction":[{"@type":"ReadAction","target":["https:\/\/www.lavillarroel.cat\/ca\/ex\/sere\/"]}]},{"@type":"BreadcrumbList","@id":"https:\/\/www.lavillarroel.cat\/ca\/ex\/sere\/#breadcrumb","itemListElement":[{"@type":"ListItem","position":1,"name":"Inici","item":"https:\/\/www.lavillarroel.cat\/ca\/"},{"@type":"ListItem","position":2,"name":"Espectacles","item":"https:\/\/www.lavillarroel.cat\/ca\/ex\/"},{"@type":"ListItem","position":3,"name":"Seré"}]},{"@type":"WebSite","@id":"https:\/\/www.lavillarroel.cat\/ca\/#website","url":"https:\/\/www.lavillarroel.cat\/ca\/","name":"La Villarroel","description":"","publisher":{"@id":"https:\/\/www.lavillarroel.cat\/ca\/#organization"},"potentialAction":[{"@type":"SearchAction","target":{"@type":"EntryPoint","urlTemplate":"https:\/\/www.lavillarroel.cat\/ca\/?s={search_term_string}"},"query-input":{"@type":"PropertyValueSpecification","valueRequired":true,"valueName":"search_term_string"}}],"inLanguage":"ca"},{"@type":"Organization","@id":"https:\/\/www.lavillarroel.cat\/ca\/#organization","name":"La Villarroel","url":"https:\/\/www.lavillarroel.cat\/ca\/","logo":{"@type":"ImageObject","inLanguage":"ca","@id":"https:\/\/www.lavillarroel.cat\/ca\/#\/schema\/logo\/image\/","url":"https:\/\/www.lavillarroel.cat\/wp-content\/uploads\/sites\/5\/2017\/09\/teatre-villaroel-logo.svg","contentUrl":"https:\/\/www.lavillarroel.cat\/wp-content\/uploads\/sites\/5\/2017\/09\/teatre-villaroel-logo.svg","width":1,"height":1,"caption":"La Villarroel"},"image":{"@id":"https:\/\/www.lavillarroel.cat\/ca\/#\/schema\/logo\/image\/"},"sameAs":["http:\/\/www.facebook.com\/TeatreVillarroel","https:\/\/x.com\/la_villarroel","http:\/\/instagram.com\/la_villarroel","http:\/\/www.youtube.com\/user\/LaVillarroel#p\/u"]}]}</script>
<!-- / Yoast SEO plugin. -->

Seré - La Villarroel
