{"id":4186,"date":"2025-09-04T17:07:14","date_gmt":"2025-09-04T15:07:14","guid":{"rendered":"https:\/\/www.lavillarroel.cat\/ex\/besties\/"},"modified":"2025-10-29T11:06:13","modified_gmt":"2025-10-29T10:06:13","slug":"besties","status":"publish","type":"ex","link":"https:\/\/www.lavillarroel.cat\/ca\/ex\/besties\/","title":{"rendered":"B\u00e8sties"},"content":{"rendered":"","protected":false},"excerpt":{"rendered":"","protected":false},"author":2,"featured_media":0,"comment_status":"closed","ping_status":"closed","template":"","class_list":["post-4186","ex","type-ex","status-publish","hentry","season-2025-26"],"acf":{"txt_synopsis":"<p><strong>Fins on estaria disposada a arribar una mare perqu\u00e8 la seva filla aconsegueixi all\u00f2 que vol? <\/strong><\/p>\r\n<p>Sobre l\u2019escenari, una psicoterapeuta (Marta Marco) repassa les repercussions d\u2019un cas extrem: la filla de vuit anys de la seva pacient vol posar-se pits. A trav\u00e9s d\u2019una circumst\u00e0ncia que pot semblar-nos aberrant i anormal ens convida a revisar la nostra cultura. Quan, i com, comences a adonar-te que la teva moral est\u00e0 sent dirigida per la cultura popular? Per una societat en qu\u00e8 la sexualitat i el g\u00e8nere s\u00f3n una part important de qui som, com ens identifiquem i com ens definim?\u202f <\/p>\r\n<p>B\u00e8sties\u202fens parla sense embuts de la cultura de la hipersexualitzaci\u00f3 i la pornificaci\u00f3 dels i de les menors. Un text punyent que obre debats necessaris. <\/p>","main_buy_link":"https:\/\/tickets.oneboxtds.com\/lavillarroel\/events\/48068?hl=ca-ES","main_buy_links":"[\"https:\/\/tickets.oneboxtds.com\/lavillarroel\/events\/48068?hl=ca-ES\"]","group_buy_link":"","show_language":"Espectacle en catal\u00e0","show_duration":"70","show_start_date":"20251108000000","show_end_date":"20251108000000","show_sort_date":"20251108000000","txt_custom_show_dates":"el 8 de novembre de 2025 ","show_disciplines":"11","show_ultimes_funcions":false,"hide_tarifes_especials":false,"show_properament":false,"txt_additional_info":"Recomanat a partir de 14 anys\u202f ","txt_present":"","show_season":[101],"txt_season":"[\"2025\/26\"]","txt_cycle":"RBLS","txt_claim":"Fins on estaria disposada a arribar una mare perqu\u00e8 la seva filla aconsegueixi all\u00f2 que vol?  ","txt_cast_excerpt":"","txt_cast":"<p>Autoria:\u202f<strong>Monica Dolan&nbsp; <br \/><\/strong>Traducci\u00f3:\u202f<strong>Adriana Nadal<\/strong>&nbsp; <br \/>Direcci\u00f3:\u202f<strong>\u202fPau Roca<\/strong>&nbsp; <\/p>\r\n<p>Int\u00e8rpret: <strong>Marta Marco<\/strong>&nbsp; <\/p>\r\n<p>Escenografia:\u202f<strong>Paula Bosch<\/strong>&nbsp; <br \/>Vestuari:\u202f<strong>Pol Cornudella<\/strong>&nbsp; <br \/>Il\u00b7luminaci\u00f3:\u202f<strong>Guillem Gelabert<\/strong>&nbsp; <\/p>\r\n<p>Producci\u00f3:\u202f<strong>Pol Cornudella i Adriana Nadal<\/strong>&nbsp; <\/p>\r\n<p>Cap t\u00e8cnica del teatre:\u202f<strong>Marta P\u00e9rez&nbsp; <\/strong><\/p>\r\n<p>M\u00e0rqueting i comunicaci\u00f3:\u202f<strong>La Villarroel&nbsp; <br \/><\/strong>Xarxes: <strong>Eladi Bonastre<\/strong>&nbsp; <br \/>Disseny imatge:\u202f<strong>Kiku Pi\u00f1ol<\/strong>&nbsp; <br \/>Disseny gr\u00e0fic:\u202f<strong>Edu Buch<\/strong>&nbsp; <\/p>\r\n<p>Distribuci\u00f3: \u202f<strong>Anita L\u00fcscher\u202f<\/strong> (<a href=\"mailto:aluscher@mediterraneagira.com\">aluscher@mediterraneagira.com<\/a>)\u202f\u202f <\/p>\r\n<p>\u00c9s una coproducci\u00f3 de <strong>Sixto Paz Produccions <\/strong><\/p>","txt_reviews":"Santi Fondevila|ARA| \u201cUna esfere\u00efdora hist\u00f2ria sobre la sexualitzaci\u00f3 infantil\u201d \r\nMart\u00ed Figueras|Recomana| \u201cPau Roca dirigeix amb precisi\u00f3 una actriu maj\u00fascula com \u00e9s la Marta Marco\u201d \r\n-|Catorze|\u201cEl text est\u00e0 interpretat amb una pot\u00e8ncia i eleg\u00e0ncia que provoca una c\u00e0rrega emocional creixent.\u201d ","hashtag":"B\u00e8sties","have_promo":"","slogan":"","id_exhibicio":2332,"id_versio":1599,"id_local":4,"txt_seo_desc":"B\u00e8sties a La Villarroel de Barcelona","data_images":"[{\"localizer\":\"V3SLIDE\",\"url\":\"media\/ftgalslide\/v3\/3163F\/01_086_00055774\/Dsitri.jpg\",\"thumb_url\":\"media\/ftgalslide\/v3\/3163F\/01_086_00055774\/Dsitri_thumb.jpg\",\"title\":\"B\u00e8sties\",\"description\":\"besties\",\"copyright\":\"\",\"order\":2},{\"localizer\":\"V3CARTELL\",\"url\":\"media\/ver\/cartell\/v3\/31641\/01_085_00055931\/MicrosoftTeams-image_(4).png\",\"thumb_url\":\"media\/ver\/cartell\/v3\/31641\/01_085_00055931\/MicrosoftTeams-image_(4)_thumb.jpg\",\"title\":\"B\u00e8sties\",\"description\":\"besties\",\"copyright\":\"\",\"order\":3},{\"localizer\":\"V4PORTADAWIDE\",\"url\":\"media\/ver\/port\/wide\/v4\/3170D\/01_091_00059201\/1-Portada_0_2880x1260.jpg\",\"thumb_url\":\"\",\"title\":\"B\u00e8sties - La Villarroel - Barcelona\",\"description\":\"besties a la villarroel de barcelona\",\"copyright\":\"\",\"order\":4},{\"localizer\":\"V4PORTADA\",\"url\":\"media\/ver\/port\/v4\/3170D\/01_090_00059202\/2-Portada_1_760x760.jpg\",\"thumb_url\":\"\",\"title\":\"B\u00e8sties - La Villarroel - Barcelona\",\"description\":\"besties a la villarroel de barcelona\",\"copyright\":\"\",\"order\":5},{\"localizer\":\"V4CARTELL\",\"url\":\"media\/ver\/cartell\/v4\/3170D\/01_089_00059203\/4-Cartell_web_720x1100.jpg\",\"thumb_url\":\"\",\"title\":\"B\u00e8sties - La Villarroel - Barcelona\",\"description\":\"besties a la villarroel de barcelona\",\"copyright\":\"\",\"order\":6},{\"localizer\":\"V4PORTADAWIDEMOBILE\",\"url\":\"media\/ver\/port\/wide\/mobile\/v4\/3170D\/01_092_00059204\/3-Portada_Mobile_828x1800.jpg\",\"thumb_url\":\"\",\"title\":\"B\u00e8sties - La Villarroel - Barcelona\",\"description\":\"besties a la villarroel de barcelona\",\"copyright\":\"\",\"order\":7}]","material__texto_intro":"","data_material":null,"data_gallery":"","data_discounts":"[]","contract_is_open":false,"in_tour":false},"yoast_head":"<!-- This site is optimized with the Yoast SEO plugin v27.5 - https:\/\/yoast.com\/product\/yoast-seo-wordpress\/ -->\n<title>B\u00e8sties - La Villarroel<\/title>\n<meta name=\"robots\" content=\"index, follow, max-snippet:-1, max-image-preview:large, max-video-preview:-1\" \/>\n<link rel=\"canonical\" href=\"https:\/\/www.lavillarroel.cat\/ca\/ex\/besties\/\" \/>\n<script type=\"application\/ld+json\" class=\"yoast-schema-graph\">{\"@context\":\"https:\\\/\\\/schema.org\",\"@graph\":[{\"@type\":\"WebPage\",\"@id\":\"https:\\\/\\\/www.lavillarroel.cat\\\/ca\\\/ex\\\/besties\\\/\",\"url\":\"https:\\\/\\\/www.lavillarroel.cat\\\/ca\\\/ex\\\/besties\\\/\",\"name\":\"B\u00e8sties - La Villarroel\",\"isPartOf\":{\"@id\":\"https:\\\/\\\/www.lavillarroel.cat\\\/ca\\\/#website\"},\"datePublished\":\"2025-09-04T15:07:14+00:00\",\"dateModified\":\"2025-10-29T10:06:13+00:00\",\"breadcrumb\":{\"@id\":\"https:\\\/\\\/www.lavillarroel.cat\\\/ca\\\/ex\\\/besties\\\/#breadcrumb\"},\"inLanguage\":\"ca\",\"potentialAction\":[{\"@type\":\"ReadAction\",\"target\":[\"https:\\\/\\\/www.lavillarroel.cat\\\/ca\\\/ex\\\/besties\\\/\"]}]},{\"@type\":\"BreadcrumbList\",\"@id\":\"https:\\\/\\\/www.lavillarroel.cat\\\/ca\\\/ex\\\/besties\\\/#breadcrumb\",\"itemListElement\":[{\"@type\":\"ListItem\",\"position\":1,\"name\":\"Inici\",\"item\":\"https:\\\/\\\/www.lavillarroel.cat\\\/ca\\\/\"},{\"@type\":\"ListItem\",\"position\":2,\"name\":\"Espectacles\",\"item\":\"https:\\\/\\\/www.lavillarroel.cat\\\/ca\\\/ex\\\/\"},{\"@type\":\"ListItem\",\"position\":3,\"name\":\"B\u00e8sties\"}]},{\"@type\":\"WebSite\",\"@id\":\"https:\\\/\\\/www.lavillarroel.cat\\\/ca\\\/#website\",\"url\":\"https:\\\/\\\/www.lavillarroel.cat\\\/ca\\\/\",\"name\":\"La Villarroel\",\"description\":\"\",\"publisher\":{\"@id\":\"https:\\\/\\\/www.lavillarroel.cat\\\/ca\\\/#organization\"},\"potentialAction\":[{\"@type\":\"SearchAction\",\"target\":{\"@type\":\"EntryPoint\",\"urlTemplate\":\"https:\\\/\\\/www.lavillarroel.cat\\\/ca\\\/?s={search_term_string}\"},\"query-input\":{\"@type\":\"PropertyValueSpecification\",\"valueRequired\":true,\"valueName\":\"search_term_string\"}}],\"inLanguage\":\"ca\"},{\"@type\":\"Organization\",\"@id\":\"https:\\\/\\\/www.lavillarroel.cat\\\/ca\\\/#organization\",\"name\":\"La Villarroel\",\"url\":\"https:\\\/\\\/www.lavillarroel.cat\\\/ca\\\/\",\"logo\":{\"@type\":\"ImageObject\",\"inLanguage\":\"ca\",\"@id\":\"https:\\\/\\\/www.lavillarroel.cat\\\/ca\\\/#\\\/schema\\\/logo\\\/image\\\/\",\"url\":\"https:\\\/\\\/www.lavillarroel.cat\\\/wp-content\\\/uploads\\\/sites\\\/5\\\/2017\\\/09\\\/teatre-villaroel-logo.svg\",\"contentUrl\":\"https:\\\/\\\/www.lavillarroel.cat\\\/wp-content\\\/uploads\\\/sites\\\/5\\\/2017\\\/09\\\/teatre-villaroel-logo.svg\",\"width\":1,\"height\":1,\"caption\":\"La Villarroel\"},\"image\":{\"@id\":\"https:\\\/\\\/www.lavillarroel.cat\\\/ca\\\/#\\\/schema\\\/logo\\\/image\\\/\"},\"sameAs\":[\"http:\\\/\\\/www.facebook.com\\\/TeatreVillarroel\",\"https:\\\/\\\/x.com\\\/la_villarroel\",\"http:\\\/\\\/instagram.com\\\/la_villarroel\",\"http:\\\/\\\/www.youtube.com\\\/user\\\/LaVillarroel#p\\\/u\"]}]}<\/script>\n<!-- \/ Yoast SEO plugin. -->","yoast_head_json":{"title":"B\u00e8sties - La Villarroel","robots":{"index":"index","follow":"follow","max-snippet":"max-snippet:-1","max-image-preview":"max-image-preview:large","max-video-preview":"max-video-preview:-1"},"canonical":"https:\/\/www.lavillarroel.cat\/ca\/ex\/besties\/","schema":{"@context":"https:\/\/schema.org","@graph":[{"@type":"WebPage","@id":"https:\/\/www.lavillarroel.cat\/ca\/ex\/besties\/","url":"https:\/\/www.lavillarroel.cat\/ca\/ex\/besties\/","name":"B\u00e8sties - La Villarroel","isPartOf":{"@id":"https:\/\/www.lavillarroel.cat\/ca\/#website"},"datePublished":"2025-09-04T15:07:14+00:00","dateModified":"2025-10-29T10:06:13+00:00","breadcrumb":{"@id":"https:\/\/www.lavillarroel.cat\/ca\/ex\/besties\/#breadcrumb"},"inLanguage":"ca","potentialAction":[{"@type":"ReadAction","target":["https:\/\/www.lavillarroel.cat\/ca\/ex\/besties\/"]}]},{"@type":"BreadcrumbList","@id":"https:\/\/www.lavillarroel.cat\/ca\/ex\/besties\/#breadcrumb","itemListElement":[{"@type":"ListItem","position":1,"name":"Inici","item":"https:\/\/www.lavillarroel.cat\/ca\/"},{"@type":"ListItem","position":2,"name":"Espectacles","item":"https:\/\/www.lavillarroel.cat\/ca\/ex\/"},{"@type":"ListItem","position":3,"name":"B\u00e8sties"}]},{"@type":"WebSite","@id":"https:\/\/www.lavillarroel.cat\/ca\/#website","url":"https:\/\/www.lavillarroel.cat\/ca\/","name":"La Villarroel","description":"","publisher":{"@id":"https:\/\/www.lavillarroel.cat\/ca\/#organization"},"potentialAction":[{"@type":"SearchAction","target":{"@type":"EntryPoint","urlTemplate":"https:\/\/www.lavillarroel.cat\/ca\/?s={search_term_string}"},"query-input":{"@type":"PropertyValueSpecification","valueRequired":true,"valueName":"search_term_string"}}],"inLanguage":"ca"},{"@type":"Organization","@id":"https:\/\/www.lavillarroel.cat\/ca\/#organization","name":"La Villarroel","url":"https:\/\/www.lavillarroel.cat\/ca\/","logo":{"@type":"ImageObject","inLanguage":"ca","@id":"https:\/\/www.lavillarroel.cat\/ca\/#\/schema\/logo\/image\/","url":"https:\/\/www.lavillarroel.cat\/wp-content\/uploads\/sites\/5\/2017\/09\/teatre-villaroel-logo.svg","contentUrl":"https:\/\/www.lavillarroel.cat\/wp-content\/uploads\/sites\/5\/2017\/09\/teatre-villaroel-logo.svg","width":1,"height":1,"caption":"La Villarroel"},"image":{"@id":"https:\/\/www.lavillarroel.cat\/ca\/#\/schema\/logo\/image\/"},"sameAs":["http:\/\/www.facebook.com\/TeatreVillarroel","https:\/\/x.com\/la_villarroel","http:\/\/instagram.com\/la_villarroel","http:\/\/www.youtube.com\/user\/LaVillarroel#p\/u"]}]}},"translations":[{"id":4186,"locale":"ca"},{"id":4187,"locale":"es"}],"_links":{"self":[{"href":"https:\/\/www.lavillarroel.cat\/ca\/wp-json\/wp\/v2\/ex\/4186","targetHints":{"allow":["GET"]}}],"collection":[{"href":"https:\/\/www.lavillarroel.cat\/ca\/wp-json\/wp\/v2\/ex"}],"about":[{"href":"https:\/\/www.lavillarroel.cat\/ca\/wp-json\/wp\/v2\/types\/ex"}],"author":[{"embeddable":true,"href":"https:\/\/www.lavillarroel.cat\/ca\/wp-json\/wp\/v2\/users\/2"}],"replies":[{"embeddable":true,"href":"https:\/\/www.lavillarroel.cat\/ca\/wp-json\/wp\/v2\/comments?post=4186"}],"acf:term":[{"embeddable":true,"taxonomy":"season","href":"https:\/\/www.lavillarroel.cat\/ca\/wp-json\/wp\/v2\/season\/101"}],"wp:attachment":[{"href":"https:\/\/www.lavillarroel.cat\/ca\/wp-json\/wp\/v2\/media?parent=4186"}],"curies":[{"name":"wp","href":"https:\/\/api.w.org\/{rel}","templated":true}]}}

Bèsties

<p><strong>Fins on estaria disposada a arribar una mare perquè la seva filla aconsegueixi allò que vol? </strong></p>
<p>Sobre l’escenari, una psicoterapeuta (Marta Marco) repassa les repercussions d’un cas extrem: la filla de vuit anys de la seva pacient vol posar-se pits. A través d’una circumstància que pot semblar-nos aberrant i anormal ens convida a revisar la nostra cultura. Quan, i com, comences a adonar-te que la teva moral està sent dirigida per la cultura popular? Per una societat en què la sexualitat i el gènere són una part important de qui som, com ens identifiquem i com ens definim?  </p>
<p>Bèsties ens parla sense embuts de la cultura de la hipersexualització i la pornificació dels i de les menors. Un text punyent que obre debats necessaris. </p>

Espectacle en català

Fins on estaria disposada a arribar una mare perquè la seva filla aconsegueixi allò que vol?

<p>Autoria: <strong>Monica Dolan&nbsp; <br /></strong>Traducció: <strong>Adriana Nadal</strong>&nbsp; <br />Direcció: <strong> Pau Roca</strong>&nbsp; </p>
<p>Intèrpret: <strong>Marta Marco</strong>&nbsp; </p>
<p>Escenografia: <strong>Paula Bosch</strong>&nbsp; <br />Vestuari: <strong>Pol Cornudella</strong>&nbsp; <br />Il·luminació: <strong>Guillem Gelabert</strong>&nbsp; </p>
<p>Producció: <strong>Pol Cornudella i Adriana Nadal</strong>&nbsp; </p>
<p>Cap tècnica del teatre: <strong>Marta Pérez&nbsp; </strong></p>
<p>Màrqueting i comunicació: <strong>La Villarroel&nbsp; <br /></strong>Xarxes: <strong>Eladi Bonastre</strong>&nbsp; <br />Disseny imatge: <strong>Kiku Piñol</strong>&nbsp; <br />Disseny gràfic: <strong>Edu Buch</strong>&nbsp; </p>
<p>Distribució:  <strong>Anita Lüscher </strong> (<a href="mailto:aluscher@mediterraneagira.com">aluscher@mediterraneagira.com</a>)   </p>
<p>És una coproducció de <strong>Sixto Paz Produccions </strong></p>

Santi Fondevila|ARA| “Una esfereïdora història sobre la sexualització infantil” 
Martí Figueras|Recomana| “Pau Roca dirigeix amb precisió una actriu majúscula com és la Marta Marco” 
-|Catorze|“El text està interpretat amb una potència i elegància que provoca una càrrega emocional creixent.”

Bèsties a La Villarroel de Barcelona

[{"localizer":"V3SLIDE","url":"media/ftgalslide/v3/3163F/01_086_00055774/Dsitri.jpg","thumb_url":"media/ftgalslide/v3/3163F/01_086_00055774/Dsitri_thumb.jpg","title":"Bèsties","description":"besties","copyright":"","order":2},{"localizer":"V3CARTELL","url":"media/ver/cartell/v3/31641/01_085_00055931/MicrosoftTeams-image_(4).png","thumb_url":"media/ver/cartell/v3/31641/01_085_00055931/MicrosoftTeams-image_(4)_thumb.jpg","title":"Bèsties","description":"besties","copyright":"","order":3},{"localizer":"V4PORTADAWIDE","url":"media/ver/port/wide/v4/3170D/01_091_00059201/1-Portada_0_2880x1260.jpg","thumb_url":"","title":"Bèsties - La Villarroel - Barcelona","description":"besties a la villarroel de barcelona","copyright":"","order":4},{"localizer":"V4PORTADA","url":"media/ver/port/v4/3170D/01_090_00059202/2-Portada_1_760x760.jpg","thumb_url":"","title":"Bèsties - La Villarroel - Barcelona","description":"besties a la villarroel de barcelona","copyright":"","order":5},{"localizer":"V4CARTELL","url":"media/ver/cartell/v4/3170D/01_089_00059203/4-Cartell_web_720x1100.jpg","thumb_url":"","title":"Bèsties - La Villarroel - Barcelona","description":"besties a la villarroel de barcelona","copyright":"","order":6},{"localizer":"V4PORTADAWIDEMOBILE","url":"media/ver/port/wide/mobile/v4/3170D/01_092_00059204/3-Portada_Mobile_828x1800.jpg","thumb_url":"","title":"Bèsties - La Villarroel - Barcelona","description":"besties a la villarroel de barcelona","copyright":"","order":7}]

<!-- This site is optimized with the Yoast SEO plugin v27.5 - https://yoast.com/product/yoast-seo-wordpress/ -->
<title>Bèsties - La Villarroel</title>
<meta name="robots" content="index, follow, max-snippet:-1, max-image-preview:large, max-video-preview:-1" />
<link rel="canonical" href="https://www.lavillarroel.cat/ca/ex/besties/" />
<script type="application/ld+json" class="yoast-schema-graph">{"@context":"https:\/\/schema.org","@graph":[{"@type":"WebPage","@id":"https:\/\/www.lavillarroel.cat\/ca\/ex\/besties\/","url":"https:\/\/www.lavillarroel.cat\/ca\/ex\/besties\/","name":"Bèsties - La Villarroel","isPartOf":{"@id":"https:\/\/www.lavillarroel.cat\/ca\/#website"},"datePublished":"2025-09-04T15:07:14+00:00","dateModified":"2025-10-29T10:06:13+00:00","breadcrumb":{"@id":"https:\/\/www.lavillarroel.cat\/ca\/ex\/besties\/#breadcrumb"},"inLanguage":"ca","potentialAction":[{"@type":"ReadAction","target":["https:\/\/www.lavillarroel.cat\/ca\/ex\/besties\/"]}]},{"@type":"BreadcrumbList","@id":"https:\/\/www.lavillarroel.cat\/ca\/ex\/besties\/#breadcrumb","itemListElement":[{"@type":"ListItem","position":1,"name":"Inici","item":"https:\/\/www.lavillarroel.cat\/ca\/"},{"@type":"ListItem","position":2,"name":"Espectacles","item":"https:\/\/www.lavillarroel.cat\/ca\/ex\/"},{"@type":"ListItem","position":3,"name":"Bèsties"}]},{"@type":"WebSite","@id":"https:\/\/www.lavillarroel.cat\/ca\/#website","url":"https:\/\/www.lavillarroel.cat\/ca\/","name":"La Villarroel","description":"","publisher":{"@id":"https:\/\/www.lavillarroel.cat\/ca\/#organization"},"potentialAction":[{"@type":"SearchAction","target":{"@type":"EntryPoint","urlTemplate":"https:\/\/www.lavillarroel.cat\/ca\/?s={search_term_string}"},"query-input":{"@type":"PropertyValueSpecification","valueRequired":true,"valueName":"search_term_string"}}],"inLanguage":"ca"},{"@type":"Organization","@id":"https:\/\/www.lavillarroel.cat\/ca\/#organization","name":"La Villarroel","url":"https:\/\/www.lavillarroel.cat\/ca\/","logo":{"@type":"ImageObject","inLanguage":"ca","@id":"https:\/\/www.lavillarroel.cat\/ca\/#\/schema\/logo\/image\/","url":"https:\/\/www.lavillarroel.cat\/wp-content\/uploads\/sites\/5\/2017\/09\/teatre-villaroel-logo.svg","contentUrl":"https:\/\/www.lavillarroel.cat\/wp-content\/uploads\/sites\/5\/2017\/09\/teatre-villaroel-logo.svg","width":1,"height":1,"caption":"La Villarroel"},"image":{"@id":"https:\/\/www.lavillarroel.cat\/ca\/#\/schema\/logo\/image\/"},"sameAs":["http:\/\/www.facebook.com\/TeatreVillarroel","https:\/\/x.com\/la_villarroel","http:\/\/instagram.com\/la_villarroel","http:\/\/www.youtube.com\/user\/LaVillarroel#p\/u"]}]}</script>
<!-- / Yoast SEO plugin. -->

Bèsties - La Villarroel
