{"id":4438,"date":"2026-09-03T15:52:19","date_gmt":"2026-09-03T13:52:19","guid":{"rendered":"https:\/\/www.lavillarroel.cat\/ex\/i-say-potato\/"},"modified":"2026-09-03T17:29:17","modified_gmt":"2026-09-03T15:29:17","slug":"i-say-potato","status":"publish","type":"ex","link":"https:\/\/www.lavillarroel.cat\/ca\/ex\/i-say-potato\/","title":{"rendered":"I say potato"},"content":{"rendered":"","protected":false},"excerpt":{"rendered":"","protected":false},"author":2,"featured_media":0,"comment_status":"closed","ping_status":"closed","template":"","class_list":["post-4438","ex","type-ex","status-publish","hentry","season-2026-27"],"acf":{"txt_synopsis":"<p><strong>La segona part de l&#39;exitosa <em>You say tomato ( per aquells que l&#39;hagin vist) <\/em> <\/strong> <\/p><p><strong>Una mirada sobre el pas del temps (per aquells que no l&#39;hagin vist)<\/strong>  <\/p><p><em>I Say Potato<\/em> \u00e9s una com\u00e8dia sobre la solitud i sobre el pas del temps; \u00e9s una elegia per la vida que un dia vam somiar tenir i \u00e9s, sobretot, una apassionada discussi\u00f3 amb un &#39;Ex&#39;. \u00c9s una hist\u00f2ria d&#39;amor \u2014 suposo\u2014 per\u00f2 de l&#39;amor de veritat, que ni dura per sempre ni desapareix mai del tot.  <\/p>","main_buy_link":" https:\/\/tickets.oneboxtds.com\/lavillarroel\/events\/58866?hl=ca-ES ","main_buy_links":"[\" https:\/\/tickets.oneboxtds.com\/lavillarroel\/events\/58866?hl=ca-ES \"]","group_buy_link":"https:\/\/www.promentrada.com\/ca\/programacio\/c\/2158-i-say-potato-grups.html","show_language":"Espectacle en catal\u00e0  ","show_duration":"70","show_start_date":"20270212000000","show_end_date":"20270314000000","show_sort_date":"20270212000000","txt_custom_show_dates":"","show_disciplines":"6","show_ultimes_funcions":false,"hide_tarifes_especials":false,"show_properament":false,"txt_additional_info":"<p>Recomanat per a <strong>totes les edats<\/strong>  <strong> <\/strong> <\/p>","txt_present":"","show_season":[105],"txt_season":"[\"2026\/27\"]","txt_cycle":"","txt_claim":"","txt_cast_excerpt":"","txt_cast":"<p>Autoria i dramat\u00fargia: <strong>Joan Yago<br><\/strong>Direcci\u00f3:  <strong>Joan Maria Segura i Bernadas<\/strong> <\/p><p>  <\/p><p>Int\u00e8rprets: <strong>Anna Moliner i Joan Negri\u00e9<\/strong>  <\/p><p>  <\/p><p>Escenografia: <strong>Enric Planas<\/strong> <br>Vestuari: <strong>Carlota Ricart <br><\/strong>Il\u00b7luminaci\u00f3: <strong>Isa Joaniquet<\/strong>\u00a0<br>M\u00fasica i espai sonor: <strong>Xavier Mestres<\/strong>  <\/p><p>  <\/p><p>Producci\u00f3 executiva: <strong>Joan Negri\u00e9<\/strong> <br>Productora: <strong>Roser Soler<\/strong>\u00a0<br>Producci\u00f3 en gira: <strong>\u00c0ngel Monlle\u00f3<\/strong> <br>Ger\u00e8ncia: <strong>Manel Torres<\/strong>  <\/p><p>  <\/p><p>Regidoria: <strong>Marc Pinyol<\/strong> <br>Responsable t\u00e8cnic: <strong>Ramon Beneito<\/strong> <br>Cap t\u00e8cnic del teatre: <strong>Andr\u00e9s Piza<\/strong>  <\/p><p>   <\/p><p>Premsa i comunicaci\u00f3: <strong>Laia Mar\u00edn<\/strong>\u00a0<br>M\u00e0rqueting i comunicaci\u00f3 del teatre: <strong>La Villarroel<\/strong> <br>Fotografia cartell: <strong>Sergi Panizo<br><\/strong>Disseny gr\u00e0fic: <strong>Albert Ru\u00e9<\/strong>  <\/p><p>   <\/p><p>  <\/p><p>  <\/p><p>Amb el suport de: <strong>Institut Catal\u00e0 de les Empreses Culturals (ICEC) - Generalitat de Catalunya<\/strong> <\/p><p> <\/p><p>Agra\u00efments:<strong> La Virgueria, Nau Ivanow, E\u00f2lia i Atrium, Dana Carbonell-Sala Siconi<\/strong> <\/p><p>  <\/p><p>Distribuci\u00f3: <strong>Mar Puig<\/strong>  <\/p><p>  <\/p><p>\u00c9s una producci\u00f3 de <strong>Sala Trono<\/strong>  <\/p>","txt_reviews":"","hashtag":"ISayPotato","have_promo":"","slogan":"","id_exhibicio":2422,"id_versio":1887,"id_local":4,"txt_seo_desc":"I say potato a La Villarroel de Barcelona","data_images":"[{\"localizer\":\"V4CARTELL\",\"url\":\"media\/ver\/cartell\/v4\/2026\/09\/e859ad74-63af-4840-b8b9-431b3a965c86.jpg\",\"thumb_url\":\"media\/ver\/cartell\/v4\/2026\/09\/e6a30d0c-bcf8-4c5e-8e5a-e64274b88e5e.jpg\",\"title\":\"I say potato a La Villarroel de Barcelona\",\"description\":\"<p>I&nbsp;say&nbsp;potato&nbsp;a&nbsp;La&nbsp;Villarroel&nbsp;de&nbsp;Barcelona<\/p>\",\"copyright\":\"\",\"order\":0},{\"localizer\":\"V4PORTADA\",\"url\":\"media\/ver\/port\/v4\/2026\/09\/54dd3c2a-6818-41f8-be4d-c90ee610c6ee.jpg\",\"thumb_url\":\"media\/ver\/port\/v4\/2026\/09\/a2e1ea37-a6e4-415c-9d0a-2570a3de2385.jpg\",\"title\":\"I say potato a La Villarroel de Barcelona\",\"description\":\"<p>I&nbsp;say&nbsp;potato&nbsp;a&nbsp;La&nbsp;Villarroel&nbsp;de&nbsp;Barcelona<\/p>\",\"copyright\":\"\",\"order\":0},{\"localizer\":\"V4PORTADAWIDE\",\"url\":\"media\/ver\/port\/wide\/v4\/2026\/09\/b16fcfa7-ef7f-4385-936a-4a6deaf277a3.jpg\",\"thumb_url\":\"media\/ver\/port\/wide\/v4\/2026\/09\/51957764-0265-4088-b9cb-403f4b61f4e1.jpg\",\"title\":\"I say potato a La Villarroel de Barcelona\",\"description\":\"<p>I&nbsp;say&nbsp;potato&nbsp;a&nbsp;La&nbsp;Villarroel&nbsp;de&nbsp;Barcelona<\/p>\",\"copyright\":\"\",\"order\":0},{\"localizer\":\"V4PORTADAWIDEMOBILE\",\"url\":\"media\/ver\/port\/wide\/mobile\/v4\/2026\/09\/8771a430-6cbe-489d-95e7-6dbe4f9950da.jpg\",\"thumb_url\":\"media\/ver\/port\/wide\/mobile\/v4\/2026\/09\/9dd1b88c-ab2a-40e0-91f8-efed4bebdfe1.jpg\",\"title\":\"I say potato a La Villarroel de Barcelona\",\"description\":\"<p>I&nbsp;say&nbsp;potato&nbsp;a&nbsp;La&nbsp;Villarroel&nbsp;de&nbsp;Barcelona<\/p>\",\"copyright\":\"\",\"order\":0}]","material__texto_intro":"","data_material":null,"data_gallery":"","data_discounts":"[]","contract_is_open":false,"in_tour":false},"yoast_head":"<!-- This site is optimized with the Yoast SEO plugin v28.4 - https:\/\/yoast.com\/product\/yoast-seo-wordpress\/ -->\n<title>I say potato - La Villarroel<\/title>\n<meta name=\"robots\" content=\"index, follow, max-snippet:-1, max-image-preview:large, max-video-preview:-1\" \/>\n<link rel=\"canonical\" href=\"https:\/\/www.lavillarroel.cat\/ca\/ex\/i-say-potato\/\" \/>\n<script type=\"application\/ld+json\" class=\"yoast-schema-graph\">{\"@context\":\"https:\\\/\\\/schema.org\",\"@graph\":[{\"@type\":\"WebPage\",\"@id\":\"https:\\\/\\\/www.lavillarroel.cat\\\/ca\\\/ex\\\/i-say-potato\\\/\",\"url\":\"https:\\\/\\\/www.lavillarroel.cat\\\/ca\\\/ex\\\/i-say-potato\\\/\",\"name\":\"I say potato - La Villarroel\",\"isPartOf\":{\"@id\":\"https:\\\/\\\/www.lavillarroel.cat\\\/ca\\\/#website\"},\"datePublished\":\"2026-09-03T13:52:19+00:00\",\"dateModified\":\"2026-09-03T15:29:17+00:00\",\"breadcrumb\":{\"@id\":\"https:\\\/\\\/www.lavillarroel.cat\\\/ca\\\/ex\\\/i-say-potato\\\/#breadcrumb\"},\"inLanguage\":\"ca\",\"potentialAction\":[{\"@type\":\"ReadAction\",\"target\":[\"https:\\\/\\\/www.lavillarroel.cat\\\/ca\\\/ex\\\/i-say-potato\\\/\"]}]},{\"@type\":\"BreadcrumbList\",\"@id\":\"https:\\\/\\\/www.lavillarroel.cat\\\/ca\\\/ex\\\/i-say-potato\\\/#breadcrumb\",\"itemListElement\":[{\"@type\":\"ListItem\",\"position\":1,\"name\":\"Inici\",\"item\":\"https:\\\/\\\/www.lavillarroel.cat\\\/ca\\\/\"},{\"@type\":\"ListItem\",\"position\":2,\"name\":\"Espectacles\",\"item\":\"https:\\\/\\\/www.lavillarroel.cat\\\/ca\\\/ex\\\/\"},{\"@type\":\"ListItem\",\"position\":3,\"name\":\"I say potato\"}]},{\"@type\":\"WebSite\",\"@id\":\"https:\\\/\\\/www.lavillarroel.cat\\\/ca\\\/#website\",\"url\":\"https:\\\/\\\/www.lavillarroel.cat\\\/ca\\\/\",\"name\":\"La Villarroel\",\"description\":\"\",\"publisher\":{\"@id\":\"https:\\\/\\\/www.lavillarroel.cat\\\/ca\\\/#organization\"},\"potentialAction\":[{\"@type\":\"SearchAction\",\"target\":{\"@type\":\"EntryPoint\",\"urlTemplate\":\"https:\\\/\\\/www.lavillarroel.cat\\\/ca\\\/?s={search_term_string}\"},\"query-input\":{\"@type\":\"PropertyValueSpecification\",\"valueRequired\":true,\"valueName\":\"search_term_string\"}}],\"inLanguage\":\"ca\"},{\"@type\":\"Organization\",\"@id\":\"https:\\\/\\\/www.lavillarroel.cat\\\/ca\\\/#organization\",\"name\":\"La Villarroel\",\"url\":\"https:\\\/\\\/www.lavillarroel.cat\\\/ca\\\/\",\"logo\":{\"@type\":\"ImageObject\",\"inLanguage\":\"ca\",\"@id\":\"https:\\\/\\\/www.lavillarroel.cat\\\/ca\\\/#\\\/schema\\\/logo\\\/image\\\/\",\"url\":\"https:\\\/\\\/www.lavillarroel.cat\\\/wp-content\\\/uploads\\\/sites\\\/5\\\/2017\\\/09\\\/teatre-villaroel-logo.svg\",\"contentUrl\":\"https:\\\/\\\/www.lavillarroel.cat\\\/wp-content\\\/uploads\\\/sites\\\/5\\\/2017\\\/09\\\/teatre-villaroel-logo.svg\",\"width\":1,\"height\":1,\"caption\":\"La Villarroel\"},\"image\":{\"@id\":\"https:\\\/\\\/www.lavillarroel.cat\\\/ca\\\/#\\\/schema\\\/logo\\\/image\\\/\"},\"sameAs\":[\"http:\\\/\\\/www.facebook.com\\\/TeatreVillarroel\",\"https:\\\/\\\/x.com\\\/la_villarroel\",\"http:\\\/\\\/instagram.com\\\/la_villarroel\",\"http:\\\/\\\/www.youtube.com\\\/user\\\/LaVillarroel#p\\\/u\"]}]}<\/script>\n<!-- \/ Yoast SEO plugin. -->","yoast_head_json":{"title":"I say potato - La Villarroel","robots":{"index":"index","follow":"follow","max-snippet":"max-snippet:-1","max-image-preview":"max-image-preview:large","max-video-preview":"max-video-preview:-1"},"canonical":"https:\/\/www.lavillarroel.cat\/ca\/ex\/i-say-potato\/","schema":{"@context":"https:\/\/schema.org","@graph":[{"@type":"WebPage","@id":"https:\/\/www.lavillarroel.cat\/ca\/ex\/i-say-potato\/","url":"https:\/\/www.lavillarroel.cat\/ca\/ex\/i-say-potato\/","name":"I say potato - La Villarroel","isPartOf":{"@id":"https:\/\/www.lavillarroel.cat\/ca\/#website"},"datePublished":"2026-09-03T13:52:19+00:00","dateModified":"2026-09-03T15:29:17+00:00","breadcrumb":{"@id":"https:\/\/www.lavillarroel.cat\/ca\/ex\/i-say-potato\/#breadcrumb"},"inLanguage":"ca","potentialAction":[{"@type":"ReadAction","target":["https:\/\/www.lavillarroel.cat\/ca\/ex\/i-say-potato\/"]}]},{"@type":"BreadcrumbList","@id":"https:\/\/www.lavillarroel.cat\/ca\/ex\/i-say-potato\/#breadcrumb","itemListElement":[{"@type":"ListItem","position":1,"name":"Inici","item":"https:\/\/www.lavillarroel.cat\/ca\/"},{"@type":"ListItem","position":2,"name":"Espectacles","item":"https:\/\/www.lavillarroel.cat\/ca\/ex\/"},{"@type":"ListItem","position":3,"name":"I say potato"}]},{"@type":"WebSite","@id":"https:\/\/www.lavillarroel.cat\/ca\/#website","url":"https:\/\/www.lavillarroel.cat\/ca\/","name":"La Villarroel","description":"","publisher":{"@id":"https:\/\/www.lavillarroel.cat\/ca\/#organization"},"potentialAction":[{"@type":"SearchAction","target":{"@type":"EntryPoint","urlTemplate":"https:\/\/www.lavillarroel.cat\/ca\/?s={search_term_string}"},"query-input":{"@type":"PropertyValueSpecification","valueRequired":true,"valueName":"search_term_string"}}],"inLanguage":"ca"},{"@type":"Organization","@id":"https:\/\/www.lavillarroel.cat\/ca\/#organization","name":"La Villarroel","url":"https:\/\/www.lavillarroel.cat\/ca\/","logo":{"@type":"ImageObject","inLanguage":"ca","@id":"https:\/\/www.lavillarroel.cat\/ca\/#\/schema\/logo\/image\/","url":"https:\/\/www.lavillarroel.cat\/wp-content\/uploads\/sites\/5\/2017\/09\/teatre-villaroel-logo.svg","contentUrl":"https:\/\/www.lavillarroel.cat\/wp-content\/uploads\/sites\/5\/2017\/09\/teatre-villaroel-logo.svg","width":1,"height":1,"caption":"La Villarroel"},"image":{"@id":"https:\/\/www.lavillarroel.cat\/ca\/#\/schema\/logo\/image\/"},"sameAs":["http:\/\/www.facebook.com\/TeatreVillarroel","https:\/\/x.com\/la_villarroel","http:\/\/instagram.com\/la_villarroel","http:\/\/www.youtube.com\/user\/LaVillarroel#p\/u"]}]}},"translations":[{"id":4438,"locale":"ca"},{"id":4439,"locale":"es"}],"_links":{"self":[{"href":"https:\/\/www.lavillarroel.cat\/ca\/wp-json\/wp\/v2\/ex\/4438","targetHints":{"allow":["GET"]}}],"collection":[{"href":"https:\/\/www.lavillarroel.cat\/ca\/wp-json\/wp\/v2\/ex"}],"about":[{"href":"https:\/\/www.lavillarroel.cat\/ca\/wp-json\/wp\/v2\/types\/ex"}],"author":[{"embeddable":true,"href":"https:\/\/www.lavillarroel.cat\/ca\/wp-json\/wp\/v2\/users\/2"}],"replies":[{"embeddable":true,"href":"https:\/\/www.lavillarroel.cat\/ca\/wp-json\/wp\/v2\/comments?post=4438"}],"acf:term":[{"embeddable":true,"taxonomy":"season","href":"https:\/\/www.lavillarroel.cat\/ca\/wp-json\/wp\/v2\/season\/105"}],"wp:attachment":[{"href":"https:\/\/www.lavillarroel.cat\/ca\/wp-json\/wp\/v2\/media?parent=4438"}],"curies":[{"name":"wp","href":"https:\/\/api.w.org\/{rel}","templated":true}]}}

<p><strong>La segona part de l&#39;exitosa <em>You say tomato ( per aquells que l&#39;hagin vist) </em> </strong> </p><p><strong>Una mirada sobre el pas del temps (per aquells que no l&#39;hagin vist)</strong>  </p><p><em>I Say Potato</em> és una comèdia sobre la solitud i sobre el pas del temps; és una elegia per la vida que un dia vam somiar tenir i és, sobretot, una apassionada discussió amb un &#39;Ex&#39;. És una història d&#39;amor — suposo— però de l&#39;amor de veritat, que ni dura per sempre ni desapareix mai del tot.  </p>

Espectacle en català

<p>Autoria i dramatúrgia: <strong>Joan Yago<br></strong>Direcció:  <strong>Joan Maria Segura i Bernadas</strong> </p><p>  </p><p>Intèrprets: <strong>Anna Moliner i Joan Negrié</strong>  </p><p>  </p><p>Escenografia: <strong>Enric Planas</strong> <br>Vestuari: <strong>Carlota Ricart <br></strong>Il·luminació: <strong>Isa Joaniquet</strong> <br>Música i espai sonor: <strong>Xavier Mestres</strong>  </p><p>  </p><p>Producció executiva: <strong>Joan Negrié</strong> <br>Productora: <strong>Roser Soler</strong> <br>Producció en gira: <strong>Àngel Monlleó</strong> <br>Gerència: <strong>Manel Torres</strong>  </p><p>  </p><p>Regidoria: <strong>Marc Pinyol</strong> <br>Responsable tècnic: <strong>Ramon Beneito</strong> <br>Cap tècnic del teatre: <strong>Andrés Piza</strong>  </p><p>   </p><p>Premsa i comunicació: <strong>Laia Marín</strong> <br>Màrqueting i comunicació del teatre: <strong>La Villarroel</strong> <br>Fotografia cartell: <strong>Sergi Panizo<br></strong>Disseny gràfic: <strong>Albert Rué</strong>  </p><p>   </p><p>  </p><p>  </p><p>Amb el suport de: <strong>Institut Català de les Empreses Culturals (ICEC) - Generalitat de Catalunya</strong> </p><p> </p><p>Agraïments:<strong> La Virgueria, Nau Ivanow, Eòlia i Atrium, Dana Carbonell-Sala Siconi</strong> </p><p>  </p><p>Distribució: <strong>Mar Puig</strong>  </p><p>  </p><p>És una producció de <strong>Sala Trono</strong>  </p>
