{"id":4446,"date":"2026-09-03T16:20:18","date_gmt":"2026-09-03T14:20:18","guid":{"rendered":"https:\/\/www.lavillarroel.cat\/ex\/diseccion-de-la-bondad-en-tres-actos\/"},"modified":"2026-09-03T16:20:18","modified_gmt":"2026-09-03T14:20:18","slug":"diseccion-de-la-bondad-en-tres-actos","status":"publish","type":"ex","link":"https:\/\/www.lavillarroel.cat\/ca\/ex\/diseccion-de-la-bondad-en-tres-actos\/","title":{"rendered":"Disecci\u00f3n de la bondad en tres actos"},"content":{"rendered":"","protected":false},"excerpt":{"rendered":"","protected":false},"author":2,"featured_media":0,"comment_status":"closed","ping_status":"closed","template":"","class_list":["post-4446","ex","type-ex","status-publish","hentry","season-2026-27"],"acf":{"txt_synopsis":"<p class=\"ql-align-justify\" align=\"justify\"><strong>Un espectacle que barreja teatre i il\u00b7lusionisme per presentar tres mirades sobre el frau.<\/strong> <\/p><p class=\"ql-align-justify\" align=\"justify\">  <\/p><p class=\"ql-align-justify\" align=\"justify\">Una persona surt a escena. Mitjan\u00e7ant l&#39;il\u00b7lusionisme i tres relats particulars, ens condueix cap a una experi\u00e8ncia enganyosa sobre la naturalesa de la veritat.  <\/p><p class=\"ql-align-justify\" align=\"justify\">En aquesta obra hi ha un mag i la seva ajudant que utilitzen tots els m\u00e8todes rid\u00edculament imaginables per continuar cobrant la pensi\u00f3 d&#39;una mare difunta. Un agricultor que adapta la seva mem\u00f2ria per aconseguir el cobrament d&#39;una indemnitzaci\u00f3 milion\u00e0ria. Un estafador encantador amb mil identitats que espolia el seu entorn m\u00e9s proper.  <\/p><p class=\"ql-align-justify\" align=\"justify\">\u00c9s una farsa en tres actes, constru\u00efda davant del p\u00fablic i amb la seva complicitat.  <\/p><p> <\/p>","main_buy_link":"https:\/\/tickets.oneboxtds.com\/lavillarroel\/events\/58955?hl=ca-ES","main_buy_links":"[\"https:\/\/tickets.oneboxtds.com\/lavillarroel\/events\/58955?hl=ca-ES\"]","group_buy_link":"https:\/\/www.promentrada.com\/ca\/programacio\/c\/2161-diseccion-de-la-bondad-en-tres-actos-grups.html","show_language":"Espectacle en castell\u00e0  ","show_duration":"80","show_start_date":"20270318000000","show_end_date":"20270328000000","show_sort_date":"20270318000000","txt_custom_show_dates":"","show_disciplines":"11","show_ultimes_funcions":false,"hide_tarifes_especials":false,"show_properament":false,"txt_additional_info":"<p>Recomanat a partir de <strong>14 anys<\/strong>   <\/p>","txt_present":"","show_season":[105],"txt_season":"[\"2026\/27\"]","txt_cycle":"","txt_claim":"","txt_cast_excerpt":"","txt_cast":"<p>Creaci\u00f3, direcci\u00f3 i interpretaci\u00f3: <strong>Diego Lorca i Pako Merino<br><\/strong>Dramat\u00fargia: <strong>Diego Lorca<\/strong>  <\/p><p>  <\/p><p>  <\/p><p>Escenografia: <strong>Luis Crespo<\/strong> <br>Vestuari: <strong>Sergi Cerdan<\/strong> <br>Il\u00b7luminaci\u00f3: <strong>Jordi Thom\u00e0s<\/strong> <br>Espai sonor:  <strong>Sergi Cerdan<\/strong> <br>M\u00fasica: <strong>Arnau Obiols<\/strong>  <\/p><p>  <\/p><p>Expert en il\u00b7lusionisme: <strong>H.H.<\/strong> <br>T\u00e8cnic: <strong>Txell Cabanas<\/strong> <br>Cap t\u00e8cnic del teatre: <strong>Andr\u00e9s Piza<\/strong>  <\/p><p>   <\/p><p> <\/p><p>M\u00e0rqueting i comunicaci\u00f3: <strong>La Villarroel<\/strong>  <\/p><p> <\/p><p> <\/p><p>  <\/p><p>  <\/p><p>  <\/p><p>\u00c9s una producci\u00f3 de <strong>Titzina Teatre<\/strong>  <\/p>","txt_reviews":"","hashtag":"Disecci\u00f3nDeLaBondad","have_promo":"","slogan":"","id_exhibicio":2424,"id_versio":1889,"id_local":4,"txt_seo_desc":"Disecci\u00f3n de la bondad en tres actos a La Villarroel de Barcelona","data_images":"[{\"localizer\":\"V4CARTELL\",\"url\":\"media\/ver\/cartell\/v4\/2026\/09\/cb5aa3cd-6713-483e-a1ab-f495ece902dd.jpg\",\"thumb_url\":\"media\/ver\/cartell\/v4\/2026\/09\/3bf2ede4-51e5-430d-b0ec-6e2262905881.jpg\",\"title\":\"Disecci\u00f3n de la bondad en tres actos a La Villarroel de Barcelona\",\"description\":\"<p>Disecci\u00f3n&nbsp;de&nbsp;la&nbsp;bondad&nbsp;en&nbsp;tres&nbsp;actos&nbsp;a&nbsp;La&nbsp;Villarroel&nbsp;de&nbsp;Barcelona<\/p>\",\"copyright\":\"\",\"order\":0},{\"localizer\":\"V4PORTADA\",\"url\":\"media\/ver\/port\/v4\/2026\/09\/e815425f-9e30-4339-a815-f1ccd89268a2.jpg\",\"thumb_url\":\"media\/ver\/port\/v4\/2026\/09\/eabbf188-2172-4364-9dc8-cbff73fd407c.jpg\",\"title\":\"Disecci\u00f3n de la bondad en tres actos a La Villarroel de Barcelona\",\"description\":\"<p>Disecci\u00f3n&nbsp;de&nbsp;la&nbsp;bondad&nbsp;en&nbsp;tres&nbsp;actos&nbsp;a&nbsp;La&nbsp;Villarroel&nbsp;de&nbsp;Barcelona<\/p>\",\"copyright\":\"\",\"order\":0},{\"localizer\":\"V4PORTADAWIDE\",\"url\":\"media\/ver\/port\/wide\/v4\/2026\/09\/1905a1c4-7c8a-4e1d-ba4a-b70a124ac14f.jpg\",\"thumb_url\":\"media\/ver\/port\/wide\/v4\/2026\/09\/2330462c-d87e-4b2e-a20e-24ca52816d3c.jpg\",\"title\":\"Disecci\u00f3n de la bondad en tres actos a La Villarroel de Barcelona\",\"description\":\"<p>Disecci\u00f3n&nbsp;de&nbsp;la&nbsp;bondad&nbsp;en&nbsp;tres&nbsp;actos&nbsp;a&nbsp;La&nbsp;Villarroel&nbsp;de&nbsp;Barcelona<\/p>\",\"copyright\":\"\",\"order\":0},{\"localizer\":\"V4PORTADAWIDEMOBILE\",\"url\":\"media\/ver\/port\/wide\/mobile\/v4\/2026\/09\/fe99380a-b899-402b-83a0-7e4ccfc881c9.jpg\",\"thumb_url\":\"media\/ver\/port\/wide\/mobile\/v4\/2026\/09\/2389e576-c927-4abd-a082-06897c701ec3.jpg\",\"title\":\"Disecci\u00f3n de la bondad en tres actos a La Villarroel de Barcelona\",\"description\":\"<p>Disecci\u00f3n&nbsp;de&nbsp;la&nbsp;bondad&nbsp;en&nbsp;tres&nbsp;actos&nbsp;a&nbsp;La&nbsp;Villarroel&nbsp;de&nbsp;Barcelona<\/p>\",\"copyright\":\"\",\"order\":0}]","material__texto_intro":"","data_material":null,"data_gallery":"","data_discounts":"[]","contract_is_open":false,"in_tour":false},"yoast_head":"<!-- This site is optimized with the Yoast SEO plugin v28.4 - https:\/\/yoast.com\/product\/yoast-seo-wordpress\/ -->\n<title>Disecci\u00f3n de la bondad en tres actos - La Villarroel<\/title>\n<meta name=\"robots\" content=\"index, follow, max-snippet:-1, max-image-preview:large, max-video-preview:-1\" \/>\n<link rel=\"canonical\" href=\"https:\/\/www.lavillarroel.cat\/ca\/ex\/diseccion-de-la-bondad-en-tres-actos\/\" \/>\n<script type=\"application\/ld+json\" class=\"yoast-schema-graph\">{\"@context\":\"https:\\\/\\\/schema.org\",\"@graph\":[{\"@type\":\"WebPage\",\"@id\":\"https:\\\/\\\/www.lavillarroel.cat\\\/ca\\\/ex\\\/diseccion-de-la-bondad-en-tres-actos\\\/\",\"url\":\"https:\\\/\\\/www.lavillarroel.cat\\\/ca\\\/ex\\\/diseccion-de-la-bondad-en-tres-actos\\\/\",\"name\":\"Disecci\u00f3n de la bondad en tres actos - La Villarroel\",\"isPartOf\":{\"@id\":\"https:\\\/\\\/www.lavillarroel.cat\\\/ca\\\/#website\"},\"datePublished\":\"2026-09-03T14:20:18+00:00\",\"breadcrumb\":{\"@id\":\"https:\\\/\\\/www.lavillarroel.cat\\\/ca\\\/ex\\\/diseccion-de-la-bondad-en-tres-actos\\\/#breadcrumb\"},\"inLanguage\":\"ca\",\"potentialAction\":[{\"@type\":\"ReadAction\",\"target\":[\"https:\\\/\\\/www.lavillarroel.cat\\\/ca\\\/ex\\\/diseccion-de-la-bondad-en-tres-actos\\\/\"]}]},{\"@type\":\"BreadcrumbList\",\"@id\":\"https:\\\/\\\/www.lavillarroel.cat\\\/ca\\\/ex\\\/diseccion-de-la-bondad-en-tres-actos\\\/#breadcrumb\",\"itemListElement\":[{\"@type\":\"ListItem\",\"position\":1,\"name\":\"Inici\",\"item\":\"https:\\\/\\\/www.lavillarroel.cat\\\/ca\\\/\"},{\"@type\":\"ListItem\",\"position\":2,\"name\":\"Espectacles\",\"item\":\"https:\\\/\\\/www.lavillarroel.cat\\\/ca\\\/ex\\\/\"},{\"@type\":\"ListItem\",\"position\":3,\"name\":\"Disecci\u00f3n de la bondad en tres actos\"}]},{\"@type\":\"WebSite\",\"@id\":\"https:\\\/\\\/www.lavillarroel.cat\\\/ca\\\/#website\",\"url\":\"https:\\\/\\\/www.lavillarroel.cat\\\/ca\\\/\",\"name\":\"La Villarroel\",\"description\":\"\",\"publisher\":{\"@id\":\"https:\\\/\\\/www.lavillarroel.cat\\\/ca\\\/#organization\"},\"potentialAction\":[{\"@type\":\"SearchAction\",\"target\":{\"@type\":\"EntryPoint\",\"urlTemplate\":\"https:\\\/\\\/www.lavillarroel.cat\\\/ca\\\/?s={search_term_string}\"},\"query-input\":{\"@type\":\"PropertyValueSpecification\",\"valueRequired\":true,\"valueName\":\"search_term_string\"}}],\"inLanguage\":\"ca\"},{\"@type\":\"Organization\",\"@id\":\"https:\\\/\\\/www.lavillarroel.cat\\\/ca\\\/#organization\",\"name\":\"La Villarroel\",\"url\":\"https:\\\/\\\/www.lavillarroel.cat\\\/ca\\\/\",\"logo\":{\"@type\":\"ImageObject\",\"inLanguage\":\"ca\",\"@id\":\"https:\\\/\\\/www.lavillarroel.cat\\\/ca\\\/#\\\/schema\\\/logo\\\/image\\\/\",\"url\":\"https:\\\/\\\/www.lavillarroel.cat\\\/wp-content\\\/uploads\\\/sites\\\/5\\\/2017\\\/09\\\/teatre-villaroel-logo.svg\",\"contentUrl\":\"https:\\\/\\\/www.lavillarroel.cat\\\/wp-content\\\/uploads\\\/sites\\\/5\\\/2017\\\/09\\\/teatre-villaroel-logo.svg\",\"width\":1,\"height\":1,\"caption\":\"La Villarroel\"},\"image\":{\"@id\":\"https:\\\/\\\/www.lavillarroel.cat\\\/ca\\\/#\\\/schema\\\/logo\\\/image\\\/\"},\"sameAs\":[\"http:\\\/\\\/www.facebook.com\\\/TeatreVillarroel\",\"https:\\\/\\\/x.com\\\/la_villarroel\",\"http:\\\/\\\/instagram.com\\\/la_villarroel\",\"http:\\\/\\\/www.youtube.com\\\/user\\\/LaVillarroel#p\\\/u\"]}]}<\/script>\n<!-- \/ Yoast SEO plugin. -->","yoast_head_json":{"title":"Disecci\u00f3n de la bondad en tres actos - La Villarroel","robots":{"index":"index","follow":"follow","max-snippet":"max-snippet:-1","max-image-preview":"max-image-preview:large","max-video-preview":"max-video-preview:-1"},"canonical":"https:\/\/www.lavillarroel.cat\/ca\/ex\/diseccion-de-la-bondad-en-tres-actos\/","schema":{"@context":"https:\/\/schema.org","@graph":[{"@type":"WebPage","@id":"https:\/\/www.lavillarroel.cat\/ca\/ex\/diseccion-de-la-bondad-en-tres-actos\/","url":"https:\/\/www.lavillarroel.cat\/ca\/ex\/diseccion-de-la-bondad-en-tres-actos\/","name":"Disecci\u00f3n de la bondad en tres actos - La Villarroel","isPartOf":{"@id":"https:\/\/www.lavillarroel.cat\/ca\/#website"},"datePublished":"2026-09-03T14:20:18+00:00","breadcrumb":{"@id":"https:\/\/www.lavillarroel.cat\/ca\/ex\/diseccion-de-la-bondad-en-tres-actos\/#breadcrumb"},"inLanguage":"ca","potentialAction":[{"@type":"ReadAction","target":["https:\/\/www.lavillarroel.cat\/ca\/ex\/diseccion-de-la-bondad-en-tres-actos\/"]}]},{"@type":"BreadcrumbList","@id":"https:\/\/www.lavillarroel.cat\/ca\/ex\/diseccion-de-la-bondad-en-tres-actos\/#breadcrumb","itemListElement":[{"@type":"ListItem","position":1,"name":"Inici","item":"https:\/\/www.lavillarroel.cat\/ca\/"},{"@type":"ListItem","position":2,"name":"Espectacles","item":"https:\/\/www.lavillarroel.cat\/ca\/ex\/"},{"@type":"ListItem","position":3,"name":"Disecci\u00f3n de la bondad en tres actos"}]},{"@type":"WebSite","@id":"https:\/\/www.lavillarroel.cat\/ca\/#website","url":"https:\/\/www.lavillarroel.cat\/ca\/","name":"La Villarroel","description":"","publisher":{"@id":"https:\/\/www.lavillarroel.cat\/ca\/#organization"},"potentialAction":[{"@type":"SearchAction","target":{"@type":"EntryPoint","urlTemplate":"https:\/\/www.lavillarroel.cat\/ca\/?s={search_term_string}"},"query-input":{"@type":"PropertyValueSpecification","valueRequired":true,"valueName":"search_term_string"}}],"inLanguage":"ca"},{"@type":"Organization","@id":"https:\/\/www.lavillarroel.cat\/ca\/#organization","name":"La Villarroel","url":"https:\/\/www.lavillarroel.cat\/ca\/","logo":{"@type":"ImageObject","inLanguage":"ca","@id":"https:\/\/www.lavillarroel.cat\/ca\/#\/schema\/logo\/image\/","url":"https:\/\/www.lavillarroel.cat\/wp-content\/uploads\/sites\/5\/2017\/09\/teatre-villaroel-logo.svg","contentUrl":"https:\/\/www.lavillarroel.cat\/wp-content\/uploads\/sites\/5\/2017\/09\/teatre-villaroel-logo.svg","width":1,"height":1,"caption":"La Villarroel"},"image":{"@id":"https:\/\/www.lavillarroel.cat\/ca\/#\/schema\/logo\/image\/"},"sameAs":["http:\/\/www.facebook.com\/TeatreVillarroel","https:\/\/x.com\/la_villarroel","http:\/\/instagram.com\/la_villarroel","http:\/\/www.youtube.com\/user\/LaVillarroel#p\/u"]}]}},"translations":[{"id":4446,"locale":"ca"},{"id":4447,"locale":"es"}],"_links":{"self":[{"href":"https:\/\/www.lavillarroel.cat\/ca\/wp-json\/wp\/v2\/ex\/4446","targetHints":{"allow":["GET"]}}],"collection":[{"href":"https:\/\/www.lavillarroel.cat\/ca\/wp-json\/wp\/v2\/ex"}],"about":[{"href":"https:\/\/www.lavillarroel.cat\/ca\/wp-json\/wp\/v2\/types\/ex"}],"author":[{"embeddable":true,"href":"https:\/\/www.lavillarroel.cat\/ca\/wp-json\/wp\/v2\/users\/2"}],"replies":[{"embeddable":true,"href":"https:\/\/www.lavillarroel.cat\/ca\/wp-json\/wp\/v2\/comments?post=4446"}],"acf:term":[{"embeddable":true,"taxonomy":"season","href":"https:\/\/www.lavillarroel.cat\/ca\/wp-json\/wp\/v2\/season\/105"}],"wp:attachment":[{"href":"https:\/\/www.lavillarroel.cat\/ca\/wp-json\/wp\/v2\/media?parent=4446"}],"curies":[{"name":"wp","href":"https:\/\/api.w.org\/{rel}","templated":true}]}}

Disección de la bondad en tres actos

<p class="ql-align-justify" align="justify"><strong>Un espectacle que barreja teatre i il·lusionisme per presentar tres mirades sobre el frau.</strong> </p><p class="ql-align-justify" align="justify">  </p><p class="ql-align-justify" align="justify">Una persona surt a escena. Mitjançant l&#39;il·lusionisme i tres relats particulars, ens condueix cap a una experiència enganyosa sobre la naturalesa de la veritat.  </p><p class="ql-align-justify" align="justify">En aquesta obra hi ha un mag i la seva ajudant que utilitzen tots els mètodes ridículament imaginables per continuar cobrant la pensió d&#39;una mare difunta. Un agricultor que adapta la seva memòria per aconseguir el cobrament d&#39;una indemnització milionària. Un estafador encantador amb mil identitats que espolia el seu entorn més proper.  </p><p class="ql-align-justify" align="justify">És una farsa en tres actes, construïda davant del públic i amb la seva complicitat.  </p><p> </p>

Espectacle en castellà

<p>Creació, direcció i interpretació: <strong>Diego Lorca i Pako Merino<br></strong>Dramatúrgia: <strong>Diego Lorca</strong>  </p><p>  </p><p>  </p><p>Escenografia: <strong>Luis Crespo</strong> <br>Vestuari: <strong>Sergi Cerdan</strong> <br>Il·luminació: <strong>Jordi Thomàs</strong> <br>Espai sonor:  <strong>Sergi Cerdan</strong> <br>Música: <strong>Arnau Obiols</strong>  </p><p>  </p><p>Expert en il·lusionisme: <strong>H.H.</strong> <br>Tècnic: <strong>Txell Cabanas</strong> <br>Cap tècnic del teatre: <strong>Andrés Piza</strong>  </p><p>   </p><p> </p><p>Màrqueting i comunicació: <strong>La Villarroel</strong>  </p><p> </p><p> </p><p>  </p><p>  </p><p>  </p><p>És una producció de <strong>Titzina Teatre</strong>  </p>

DisecciónDeLaBondad

Disección de la bondad en tres actos a La Villarroel de Barcelona

[{"localizer":"V4CARTELL","url":"media/ver/cartell/v4/2026/09/cb5aa3cd-6713-483e-a1ab-f495ece902dd.jpg","thumb_url":"media/ver/cartell/v4/2026/09/3bf2ede4-51e5-430d-b0ec-6e2262905881.jpg","title":"Disección de la bondad en tres actos a La Villarroel de Barcelona","description":"<p>Disección&nbsp;de&nbsp;la&nbsp;bondad&nbsp;en&nbsp;tres&nbsp;actos&nbsp;a&nbsp;La&nbsp;Villarroel&nbsp;de&nbsp;Barcelona</p>","copyright":"","order":0},{"localizer":"V4PORTADA","url":"media/ver/port/v4/2026/09/e815425f-9e30-4339-a815-f1ccd89268a2.jpg","thumb_url":"media/ver/port/v4/2026/09/eabbf188-2172-4364-9dc8-cbff73fd407c.jpg","title":"Disección de la bondad en tres actos a La Villarroel de Barcelona","description":"<p>Disección&nbsp;de&nbsp;la&nbsp;bondad&nbsp;en&nbsp;tres&nbsp;actos&nbsp;a&nbsp;La&nbsp;Villarroel&nbsp;de&nbsp;Barcelona</p>","copyright":"","order":0},{"localizer":"V4PORTADAWIDE","url":"media/ver/port/wide/v4/2026/09/1905a1c4-7c8a-4e1d-ba4a-b70a124ac14f.jpg","thumb_url":"media/ver/port/wide/v4/2026/09/2330462c-d87e-4b2e-a20e-24ca52816d3c.jpg","title":"Disección de la bondad en tres actos a La Villarroel de Barcelona","description":"<p>Disección&nbsp;de&nbsp;la&nbsp;bondad&nbsp;en&nbsp;tres&nbsp;actos&nbsp;a&nbsp;La&nbsp;Villarroel&nbsp;de&nbsp;Barcelona</p>","copyright":"","order":0},{"localizer":"V4PORTADAWIDEMOBILE","url":"media/ver/port/wide/mobile/v4/2026/09/fe99380a-b899-402b-83a0-7e4ccfc881c9.jpg","thumb_url":"media/ver/port/wide/mobile/v4/2026/09/2389e576-c927-4abd-a082-06897c701ec3.jpg","title":"Disección de la bondad en tres actos a La Villarroel de Barcelona","description":"<p>Disección&nbsp;de&nbsp;la&nbsp;bondad&nbsp;en&nbsp;tres&nbsp;actos&nbsp;a&nbsp;La&nbsp;Villarroel&nbsp;de&nbsp;Barcelona</p>","copyright":"","order":0}]

<!-- This site is optimized with the Yoast SEO plugin v28.4 - https://yoast.com/product/yoast-seo-wordpress/ -->
<title>Disección de la bondad en tres actos - La Villarroel</title>
<meta name="robots" content="index, follow, max-snippet:-1, max-image-preview:large, max-video-preview:-1" />
<link rel="canonical" href="https://www.lavillarroel.cat/ca/ex/diseccion-de-la-bondad-en-tres-actos/" />
<script type="application/ld+json" class="yoast-schema-graph">{"@context":"https:\/\/schema.org","@graph":[{"@type":"WebPage","@id":"https:\/\/www.lavillarroel.cat\/ca\/ex\/diseccion-de-la-bondad-en-tres-actos\/","url":"https:\/\/www.lavillarroel.cat\/ca\/ex\/diseccion-de-la-bondad-en-tres-actos\/","name":"Disección de la bondad en tres actos - La Villarroel","isPartOf":{"@id":"https:\/\/www.lavillarroel.cat\/ca\/#website"},"datePublished":"2026-09-03T14:20:18+00:00","breadcrumb":{"@id":"https:\/\/www.lavillarroel.cat\/ca\/ex\/diseccion-de-la-bondad-en-tres-actos\/#breadcrumb"},"inLanguage":"ca","potentialAction":[{"@type":"ReadAction","target":["https:\/\/www.lavillarroel.cat\/ca\/ex\/diseccion-de-la-bondad-en-tres-actos\/"]}]},{"@type":"BreadcrumbList","@id":"https:\/\/www.lavillarroel.cat\/ca\/ex\/diseccion-de-la-bondad-en-tres-actos\/#breadcrumb","itemListElement":[{"@type":"ListItem","position":1,"name":"Inici","item":"https:\/\/www.lavillarroel.cat\/ca\/"},{"@type":"ListItem","position":2,"name":"Espectacles","item":"https:\/\/www.lavillarroel.cat\/ca\/ex\/"},{"@type":"ListItem","position":3,"name":"Disección de la bondad en tres actos"}]},{"@type":"WebSite","@id":"https:\/\/www.lavillarroel.cat\/ca\/#website","url":"https:\/\/www.lavillarroel.cat\/ca\/","name":"La Villarroel","description":"","publisher":{"@id":"https:\/\/www.lavillarroel.cat\/ca\/#organization"},"potentialAction":[{"@type":"SearchAction","target":{"@type":"EntryPoint","urlTemplate":"https:\/\/www.lavillarroel.cat\/ca\/?s={search_term_string}"},"query-input":{"@type":"PropertyValueSpecification","valueRequired":true,"valueName":"search_term_string"}}],"inLanguage":"ca"},{"@type":"Organization","@id":"https:\/\/www.lavillarroel.cat\/ca\/#organization","name":"La Villarroel","url":"https:\/\/www.lavillarroel.cat\/ca\/","logo":{"@type":"ImageObject","inLanguage":"ca","@id":"https:\/\/www.lavillarroel.cat\/ca\/#\/schema\/logo\/image\/","url":"https:\/\/www.lavillarroel.cat\/wp-content\/uploads\/sites\/5\/2017\/09\/teatre-villaroel-logo.svg","contentUrl":"https:\/\/www.lavillarroel.cat\/wp-content\/uploads\/sites\/5\/2017\/09\/teatre-villaroel-logo.svg","width":1,"height":1,"caption":"La Villarroel"},"image":{"@id":"https:\/\/www.lavillarroel.cat\/ca\/#\/schema\/logo\/image\/"},"sameAs":["http:\/\/www.facebook.com\/TeatreVillarroel","https:\/\/x.com\/la_villarroel","http:\/\/instagram.com\/la_villarroel","http:\/\/www.youtube.com\/user\/LaVillarroel#p\/u"]}]}</script>
<!-- / Yoast SEO plugin. -->

Disección de la bondad en tres actos - La Villarroel
