{"id":2791,"date":"2017-09-19T08:38:58","date_gmt":"2017-09-19T06:38:58","guid":{"rendered":"https:\/\/pre.lavillarroel.cat\/ex\/\/teatro-para-pajaros\/"},"modified":"2017-09-19T08:38:58","modified_gmt":"2017-09-19T06:38:58","slug":"teatro-para-pajaros","status":"publish","type":"ex","link":"https:\/\/www.lavillarroel.cat\/es\/ex\/teatro-para-pajaros\/","title":{"rendered":"Teatro para p\u00e1jaros"},"content":{"rendered":"","protected":false},"excerpt":{"rendered":"","protected":false},"author":2,"featured_media":0,"comment_status":"closed","ping_status":"closed","template":"","class_list":["post-2791","ex","type-ex","status-publish","hentry","season-2012-13"],"acf":{"txt_synopsis":"<p>Dos personajes hablan de la libertad que deber\u00eda existir en una pareja, el deseo de todos de una vida mejor, \u00bfno?... lo que queremos y finalmente no hacemos por miedo a perder...<\/p>\n<p align=\"justify\">Es una pieza que gira alrededor del mundo del teatro desde la perspectiva de los creadores, de aquellos que necesitan del&nbsp;otro para generar un trabajo digno, de las imposibilidades, de las frustraciones, de la p\u00e9rdida de la dignidad y tambi\u00e9n de c\u00f3mo poder sentirse \u00edntegro.<\/p>\n<p align=\"justify\"><strong>Duraci\u00f3n: 1 h 15 min (sin entreacto)<br \/><\/strong><\/p>","main_buy_link":"#","main_buy_links":"","group_buy_link":"","show_language":"","show_duration":"","show_start_date":"20120913000000","show_end_date":"20121007000000","show_sort_date":"20120913000000","txt_custom_show_dates":"del 13 de septiembre al 7 de octubre de 2012","show_disciplines":"","show_ultimes_funcions":false,"hide_tarifes_especials":false,"show_properament":false,"txt_additional_info":"","txt_present":"","show_season":[84],"txt_season":"[\"2012\/13\"]","txt_cycle":"","txt_claim":"No todo es negro o blanco en la vida","txt_cast_excerpt":"","txt_cast":"","txt_reviews":"<p align=\"justify\">\"El Teatro que nos gusta\", \"Teatro en estado puro\", \"Si la subida del IVA obliga a ser a\u00fan m\u00e1s selectivos, ellos deber\u00edan llenar\" <strong>Bego\u00f1a Barrena. El Pa\u00eds<\/strong><\/p>\n<p align=\"justify\">\"Ocells fascinants\", \"Aquesta creaci\u00f3 de Veronese, suposa per La Villarroel una de les inauguracions de temporada m\u00e9s brillants des que Carol L\u00f3pez s\u2019encarrega de la direcci\u00f3 art\u00edstica\", \"Una meravella\" <strong>Joan Anton Benach. La Vanguardia<\/strong><\/p>\n<p align=\"justify\">\"\u00c9s magn\u00edfica, la manera d\u2019introduir qu\u00e8 passa a l\u2019exterior en l\u2019acci\u00f3\", \"La proposta mereix una visita, no els defraudar\u00e0\" <strong>Santi Fondevila. Time Out<\/strong><\/p>\n<p align=\"justify\">\u201cUn magistral caos organizado, s\u00f3lo al alcance de los grandes. Puro texto. No deje de hacer teatro se\u00f1or Veronese.\u201d <strong>Sergi Doria. ABC<\/strong><\/p>\n<p align=\"justify\">\u201cLos seis int\u00e9rpretes se entregan de una manera tan generosa como humilde, que desarma al espectador m\u00e1s fr\u00edo.\u201d&nbsp;<strong>Jos\u00e9 Carlos Sorribes. El Peri\u00f3dico<\/strong><\/p>\n<p align=\"justify\">&nbsp;<\/p>","hashtag":"","have_promo":"","slogan":"","id_exhibicio":776,"id_versio":600,"id_local":4,"txt_seo_desc":"","data_images":"[{\"localizer\":\"V2CARTELL\",\"url\":\"media\/ver\/cartell\/311F8\/01_079_00022125\/list3.jpg\",\"thumb_url\":\"media\/ver\/cartell\/311F8\/01_079_00022125\/list3_thumb.jpg\",\"title\":\"Teatro para p\u00e1jaros\",\"description\":\"Teatro para p\u00e1jaros\",\"copyright\":\"\",\"order\":3},{\"localizer\":\"V2PORTADA\",\"url\":\"media\/ver\/port\/311F9\/01_078_00022400\/PAJAROSWEB2.jpg\",\"thumb_url\":\"media\/ver\/port\/311F9\/01_078_00022400\/PAJAROSWEB2_thumb.jpg\",\"title\":\"Teatro para p\u00e1jaros\",\"description\":\"Teatro para p\u00e1jaros\",\"copyright\":\"\",\"order\":-1}]","material__texto_intro":"","data_material":null,"data_gallery":"","data_discounts":"[{\"InfoAddicional\":\"<p><strong>Tarifa especial:<\/strong> Tarjeta Rosa, Tarjeta Discapacidad, Club TR3SC&nbsp;y Carnet Jove.*<\/p><p><em>*Descuentos Tarjeta Rosa y Tarjeta Discapacidad s\u00f3lo aplicables comprando en taquilla <\/em><\/p><p><strong>Descuentos para grupos y escuelas<br \/><\/strong><\/p>\",\"Url\":\"http:\/\/www.promentrada.com\",\"Codi\":\"0\",\"LogoUrl\":\"media\/fimage\/31389\/01_005_00038530\/logo_prome_nuevo_v_web.jpg\"},{\"InfoAddicional\":\"<p><strong>Descuentos para particulares<br \/><\/strong><\/p>\",\"Url\":\"http:\/\/vip.promentrada.com\",\"Codi\":\"0\",\"LogoUrl\":\"media\/fimage\/31389\/01_005_00038559\/logo_prome_vip_v_web.jpg\"}]","contract_is_open":false,"in_tour":false},"yoast_head":"<!-- This site is optimized with the Yoast SEO plugin v27.4 - https:\/\/yoast.com\/product\/yoast-seo-wordpress\/ -->\n<title>Teatro para p\u00e1jaros - La Villarroel<\/title>\n<meta name=\"robots\" content=\"index, follow, max-snippet:-1, max-image-preview:large, max-video-preview:-1\" \/>\n<link rel=\"canonical\" href=\"https:\/\/www.lavillarroel.cat\/es\/ex\/teatro-para-pajaros\/\" \/>\n<script type=\"application\/ld+json\" class=\"yoast-schema-graph\">{\"@context\":\"https:\\\/\\\/schema.org\",\"@graph\":[{\"@type\":\"WebPage\",\"@id\":\"https:\\\/\\\/www.lavillarroel.cat\\\/es\\\/ex\\\/teatro-para-pajaros\\\/\",\"url\":\"https:\\\/\\\/www.lavillarroel.cat\\\/es\\\/ex\\\/teatro-para-pajaros\\\/\",\"name\":\"Teatro para p\u00e1jaros - La Villarroel\",\"isPartOf\":{\"@id\":\"https:\\\/\\\/www.lavillarroel.cat\\\/es\\\/#website\"},\"datePublished\":\"2017-09-19T06:38:58+00:00\",\"breadcrumb\":{\"@id\":\"https:\\\/\\\/www.lavillarroel.cat\\\/es\\\/ex\\\/teatro-para-pajaros\\\/#breadcrumb\"},\"inLanguage\":\"es\",\"potentialAction\":[{\"@type\":\"ReadAction\",\"target\":[\"https:\\\/\\\/www.lavillarroel.cat\\\/es\\\/ex\\\/teatro-para-pajaros\\\/\"]}]},{\"@type\":\"BreadcrumbList\",\"@id\":\"https:\\\/\\\/www.lavillarroel.cat\\\/es\\\/ex\\\/teatro-para-pajaros\\\/#breadcrumb\",\"itemListElement\":[{\"@type\":\"ListItem\",\"position\":1,\"name\":\"Inici\",\"item\":\"https:\\\/\\\/www.lavillarroel.cat\\\/es\\\/\"},{\"@type\":\"ListItem\",\"position\":2,\"name\":\"Espectacles\",\"item\":\"https:\\\/\\\/www.lavillarroel.cat\\\/es\\\/ex\\\/\"},{\"@type\":\"ListItem\",\"position\":3,\"name\":\"Teatro para p\u00e1jaros\"}]},{\"@type\":\"WebSite\",\"@id\":\"https:\\\/\\\/www.lavillarroel.cat\\\/es\\\/#website\",\"url\":\"https:\\\/\\\/www.lavillarroel.cat\\\/es\\\/\",\"name\":\"La Villarroel\",\"description\":\"\",\"publisher\":{\"@id\":\"https:\\\/\\\/www.lavillarroel.cat\\\/es\\\/#organization\"},\"potentialAction\":[{\"@type\":\"SearchAction\",\"target\":{\"@type\":\"EntryPoint\",\"urlTemplate\":\"https:\\\/\\\/www.lavillarroel.cat\\\/es\\\/?s={search_term_string}\"},\"query-input\":{\"@type\":\"PropertyValueSpecification\",\"valueRequired\":true,\"valueName\":\"search_term_string\"}}],\"inLanguage\":\"es\"},{\"@type\":\"Organization\",\"@id\":\"https:\\\/\\\/www.lavillarroel.cat\\\/es\\\/#organization\",\"name\":\"La Villarroel\",\"url\":\"https:\\\/\\\/www.lavillarroel.cat\\\/es\\\/\",\"logo\":{\"@type\":\"ImageObject\",\"inLanguage\":\"es\",\"@id\":\"https:\\\/\\\/www.lavillarroel.cat\\\/es\\\/#\\\/schema\\\/logo\\\/image\\\/\",\"url\":\"https:\\\/\\\/www.lavillarroel.cat\\\/wp-content\\\/uploads\\\/sites\\\/5\\\/2017\\\/09\\\/teatre-villaroel-logo.svg\",\"contentUrl\":\"https:\\\/\\\/www.lavillarroel.cat\\\/wp-content\\\/uploads\\\/sites\\\/5\\\/2017\\\/09\\\/teatre-villaroel-logo.svg\",\"width\":1,\"height\":1,\"caption\":\"La Villarroel\"},\"image\":{\"@id\":\"https:\\\/\\\/www.lavillarroel.cat\\\/es\\\/#\\\/schema\\\/logo\\\/image\\\/\"},\"sameAs\":[\"http:\\\/\\\/www.facebook.com\\\/TeatreVillarroel\",\"https:\\\/\\\/x.com\\\/la_villarroel\",\"http:\\\/\\\/instagram.com\\\/la_villarroel\",\"http:\\\/\\\/www.youtube.com\\\/user\\\/LaVillarroel#p\\\/u\"]}]}<\/script>\n<!-- \/ Yoast SEO plugin. -->","yoast_head_json":{"title":"Teatro para p\u00e1jaros - La Villarroel","robots":{"index":"index","follow":"follow","max-snippet":"max-snippet:-1","max-image-preview":"max-image-preview:large","max-video-preview":"max-video-preview:-1"},"canonical":"https:\/\/www.lavillarroel.cat\/es\/ex\/teatro-para-pajaros\/","schema":{"@context":"https:\/\/schema.org","@graph":[{"@type":"WebPage","@id":"https:\/\/www.lavillarroel.cat\/es\/ex\/teatro-para-pajaros\/","url":"https:\/\/www.lavillarroel.cat\/es\/ex\/teatro-para-pajaros\/","name":"Teatro para p\u00e1jaros - La Villarroel","isPartOf":{"@id":"https:\/\/www.lavillarroel.cat\/es\/#website"},"datePublished":"2017-09-19T06:38:58+00:00","breadcrumb":{"@id":"https:\/\/www.lavillarroel.cat\/es\/ex\/teatro-para-pajaros\/#breadcrumb"},"inLanguage":"es","potentialAction":[{"@type":"ReadAction","target":["https:\/\/www.lavillarroel.cat\/es\/ex\/teatro-para-pajaros\/"]}]},{"@type":"BreadcrumbList","@id":"https:\/\/www.lavillarroel.cat\/es\/ex\/teatro-para-pajaros\/#breadcrumb","itemListElement":[{"@type":"ListItem","position":1,"name":"Inici","item":"https:\/\/www.lavillarroel.cat\/es\/"},{"@type":"ListItem","position":2,"name":"Espectacles","item":"https:\/\/www.lavillarroel.cat\/es\/ex\/"},{"@type":"ListItem","position":3,"name":"Teatro para p\u00e1jaros"}]},{"@type":"WebSite","@id":"https:\/\/www.lavillarroel.cat\/es\/#website","url":"https:\/\/www.lavillarroel.cat\/es\/","name":"La Villarroel","description":"","publisher":{"@id":"https:\/\/www.lavillarroel.cat\/es\/#organization"},"potentialAction":[{"@type":"SearchAction","target":{"@type":"EntryPoint","urlTemplate":"https:\/\/www.lavillarroel.cat\/es\/?s={search_term_string}"},"query-input":{"@type":"PropertyValueSpecification","valueRequired":true,"valueName":"search_term_string"}}],"inLanguage":"es"},{"@type":"Organization","@id":"https:\/\/www.lavillarroel.cat\/es\/#organization","name":"La Villarroel","url":"https:\/\/www.lavillarroel.cat\/es\/","logo":{"@type":"ImageObject","inLanguage":"es","@id":"https:\/\/www.lavillarroel.cat\/es\/#\/schema\/logo\/image\/","url":"https:\/\/www.lavillarroel.cat\/wp-content\/uploads\/sites\/5\/2017\/09\/teatre-villaroel-logo.svg","contentUrl":"https:\/\/www.lavillarroel.cat\/wp-content\/uploads\/sites\/5\/2017\/09\/teatre-villaroel-logo.svg","width":1,"height":1,"caption":"La Villarroel"},"image":{"@id":"https:\/\/www.lavillarroel.cat\/es\/#\/schema\/logo\/image\/"},"sameAs":["http:\/\/www.facebook.com\/TeatreVillarroel","https:\/\/x.com\/la_villarroel","http:\/\/instagram.com\/la_villarroel","http:\/\/www.youtube.com\/user\/LaVillarroel#p\/u"]}]}},"translations":[{"id":2586,"locale":"ca"},{"id":2791,"locale":"es"}],"_links":{"self":[{"href":"https:\/\/www.lavillarroel.cat\/es\/wp-json\/wp\/v2\/ex\/2791","targetHints":{"allow":["GET"]}}],"collection":[{"href":"https:\/\/www.lavillarroel.cat\/es\/wp-json\/wp\/v2\/ex"}],"about":[{"href":"https:\/\/www.lavillarroel.cat\/es\/wp-json\/wp\/v2\/types\/ex"}],"author":[{"embeddable":true,"href":"https:\/\/www.lavillarroel.cat\/es\/wp-json\/wp\/v2\/users\/2"}],"replies":[{"embeddable":true,"href":"https:\/\/www.lavillarroel.cat\/es\/wp-json\/wp\/v2\/comments?post=2791"}],"acf:term":[{"embeddable":true,"taxonomy":"season","href":"https:\/\/www.lavillarroel.cat\/es\/wp-json\/wp\/v2\/season\/84"}],"wp:attachment":[{"href":"https:\/\/www.lavillarroel.cat\/es\/wp-json\/wp\/v2\/media?parent=2791"}],"curies":[{"name":"wp","href":"https:\/\/api.w.org\/{rel}","templated":true}]}}

Teatro para pájaros

<p>Dos personajes hablan de la libertad que debería existir en una pareja, el deseo de todos de una vida mejor, ¿no?... lo que queremos y finalmente no hacemos por miedo a perder...</p>
<p align="justify">Es una pieza que gira alrededor del mundo del teatro desde la perspectiva de los creadores, de aquellos que necesitan del&nbsp;otro para generar un trabajo digno, de las imposibilidades, de las frustraciones, de la pérdida de la dignidad y también de cómo poder sentirse íntegro.</p>
<p align="justify"><strong>Duración: 1 h 15 min (sin entreacto)<br /></strong></p>

<p align="justify">"El Teatro que nos gusta", "Teatro en estado puro", "Si la subida del IVA obliga a ser aún más selectivos, ellos deberían llenar" <strong>Begoña Barrena. El País</strong></p>
<p align="justify">"Ocells fascinants", "Aquesta creació de Veronese, suposa per La Villarroel una de les inauguracions de temporada més brillants des que Carol López s’encarrega de la direcció artística", "Una meravella" <strong>Joan Anton Benach. La Vanguardia</strong></p>
<p align="justify">"És magnífica, la manera d’introduir què passa a l’exterior en l’acció", "La proposta mereix una visita, no els defraudarà" <strong>Santi Fondevila. Time Out</strong></p>
<p align="justify">“Un magistral caos organizado, sólo al alcance de los grandes. Puro texto. No deje de hacer teatro señor Veronese.” <strong>Sergi Doria. ABC</strong></p>
<p align="justify">“Los seis intérpretes se entregan de una manera tan generosa como humilde, que desarma al espectador más frío.”&nbsp;<strong>José Carlos Sorribes. El Periódico</strong></p>
<p align="justify">&nbsp;</p>

[{"localizer":"V2CARTELL","url":"media/ver/cartell/311F8/01_079_00022125/list3.jpg","thumb_url":"media/ver/cartell/311F8/01_079_00022125/list3_thumb.jpg","title":"Teatro para pájaros","description":"Teatro para pájaros","copyright":"","order":3},{"localizer":"V2PORTADA","url":"media/ver/port/311F9/01_078_00022400/PAJAROSWEB2.jpg","thumb_url":"media/ver/port/311F9/01_078_00022400/PAJAROSWEB2_thumb.jpg","title":"Teatro para pájaros","description":"Teatro para pájaros","copyright":"","order":-1}]

[{"InfoAddicional":"<p><strong>Tarifa especial:</strong> Tarjeta Rosa, Tarjeta Discapacidad, Club TR3SC&nbsp;y Carnet Jove.*</p><p><em>*Descuentos Tarjeta Rosa y Tarjeta Discapacidad sólo aplicables comprando en taquilla </em></p><p><strong>Descuentos para grupos y escuelas<br /></strong></p>","Url":"http://www.promentrada.com","Codi":"0","LogoUrl":"media/fimage/31389/01_005_00038530/logo_prome_nuevo_v_web.jpg"},{"InfoAddicional":"<p><strong>Descuentos para particulares<br /></strong></p>","Url":"http://vip.promentrada.com","Codi":"0","LogoUrl":"media/fimage/31389/01_005_00038559/logo_prome_vip_v_web.jpg"}]

<!-- This site is optimized with the Yoast SEO plugin v27.4 - https://yoast.com/product/yoast-seo-wordpress/ -->
<title>Teatro para pájaros - La Villarroel</title>
<meta name="robots" content="index, follow, max-snippet:-1, max-image-preview:large, max-video-preview:-1" />
<link rel="canonical" href="https://www.lavillarroel.cat/es/ex/teatro-para-pajaros/" />
<script type="application/ld+json" class="yoast-schema-graph">{"@context":"https:\/\/schema.org","@graph":[{"@type":"WebPage","@id":"https:\/\/www.lavillarroel.cat\/es\/ex\/teatro-para-pajaros\/","url":"https:\/\/www.lavillarroel.cat\/es\/ex\/teatro-para-pajaros\/","name":"Teatro para pájaros - La Villarroel","isPartOf":{"@id":"https:\/\/www.lavillarroel.cat\/es\/#website"},"datePublished":"2017-09-19T06:38:58+00:00","breadcrumb":{"@id":"https:\/\/www.lavillarroel.cat\/es\/ex\/teatro-para-pajaros\/#breadcrumb"},"inLanguage":"es","potentialAction":[{"@type":"ReadAction","target":["https:\/\/www.lavillarroel.cat\/es\/ex\/teatro-para-pajaros\/"]}]},{"@type":"BreadcrumbList","@id":"https:\/\/www.lavillarroel.cat\/es\/ex\/teatro-para-pajaros\/#breadcrumb","itemListElement":[{"@type":"ListItem","position":1,"name":"Inici","item":"https:\/\/www.lavillarroel.cat\/es\/"},{"@type":"ListItem","position":2,"name":"Espectacles","item":"https:\/\/www.lavillarroel.cat\/es\/ex\/"},{"@type":"ListItem","position":3,"name":"Teatro para pájaros"}]},{"@type":"WebSite","@id":"https:\/\/www.lavillarroel.cat\/es\/#website","url":"https:\/\/www.lavillarroel.cat\/es\/","name":"La Villarroel","description":"","publisher":{"@id":"https:\/\/www.lavillarroel.cat\/es\/#organization"},"potentialAction":[{"@type":"SearchAction","target":{"@type":"EntryPoint","urlTemplate":"https:\/\/www.lavillarroel.cat\/es\/?s={search_term_string}"},"query-input":{"@type":"PropertyValueSpecification","valueRequired":true,"valueName":"search_term_string"}}],"inLanguage":"es"},{"@type":"Organization","@id":"https:\/\/www.lavillarroel.cat\/es\/#organization","name":"La Villarroel","url":"https:\/\/www.lavillarroel.cat\/es\/","logo":{"@type":"ImageObject","inLanguage":"es","@id":"https:\/\/www.lavillarroel.cat\/es\/#\/schema\/logo\/image\/","url":"https:\/\/www.lavillarroel.cat\/wp-content\/uploads\/sites\/5\/2017\/09\/teatre-villaroel-logo.svg","contentUrl":"https:\/\/www.lavillarroel.cat\/wp-content\/uploads\/sites\/5\/2017\/09\/teatre-villaroel-logo.svg","width":1,"height":1,"caption":"La Villarroel"},"image":{"@id":"https:\/\/www.lavillarroel.cat\/es\/#\/schema\/logo\/image\/"},"sameAs":["http:\/\/www.facebook.com\/TeatreVillarroel","https:\/\/x.com\/la_villarroel","http:\/\/instagram.com\/la_villarroel","http:\/\/www.youtube.com\/user\/LaVillarroel#p\/u"]}]}</script>
<!-- / Yoast SEO plugin. -->

Teatro para pájaros - La Villarroel
