{"id":2874,"date":"2018-08-21T14:11:47","date_gmt":"2018-08-21T12:11:47","guid":{"rendered":"https:\/\/pre.lavillarroel.cat\/ex\/\/el-declive\/"},"modified":"2018-08-21T14:11:47","modified_gmt":"2018-08-21T12:11:47","slug":"el-declive","status":"publish","type":"ex","link":"https:\/\/www.lavillarroel.cat\/es\/ex\/el-declive\/","title":{"rendered":"El declive"},"content":{"rendered":"","protected":false},"excerpt":{"rendered":"","protected":false},"author":2,"featured_media":0,"comment_status":"closed","ping_status":"closed","template":"","class_list":["post-2874","ex","type-ex","status-publish","hentry","season-2018-19"],"acf":{"txt_synopsis":"<p>A partir de un realismo crudo, la obra aborda interrogantes y conflictos universales del ser como el valor de la libertad, el desgaste propio de las relaciones interpersonales o los mandatos que se acumulan a lo largo de una vida. <br \/>La pieza se desarrolla en torno al v\u00ednculo entre dos matrimonios de adultos maduros, que transformar\u00e1n un domingo rutinario y aburrido en un oscuro caos donde las miserias m\u00e1s profundas de cada individuo salen a luz. <\/p>\n<p><em>El declive<\/em> propone as\u00ed una reflexi\u00f3n acerca del modo en el que construimos la felicidad y la posibilidad de cambiar de paradigmas a\u00fan en el \u00faltimo instante.<br \/><\/p>","main_buy_link":"","main_buy_links":"","group_buy_link":"","show_language":"Espectaculo en castellano","show_duration":"60","show_start_date":"20181031000000","show_end_date":"20181111000000","show_sort_date":"20181031000000","txt_custom_show_dates":"del 31 de octubre al 11 de noviembre de 2018","show_disciplines":"","show_ultimes_funcions":false,"hide_tarifes_especials":false,"show_properament":false,"txt_additional_info":"","txt_present":"","show_season":[90],"txt_season":"[\"2018\/19\"]","txt_cycle":"","txt_claim":"","txt_cast_excerpt":"","txt_cast":"<p>Autor: <strong>Nelson Valente<\/strong> <br \/>Dramat\u00fargia, puesta en escena y direcci\u00f3n: <strong>Nelson Valente<\/strong> <br \/><\/p>\n<p>Con:<br \/><strong>Enrique Amido<\/strong> - Tito<br \/><strong>Cristina Pachi Molloy<\/strong> - Susana<br \/><strong>Carlos Rosas<\/strong> - Antonio <br \/><strong>Lide Uranga<\/strong> - Nelly <br \/>&nbsp;<br \/>Asistente de direcci\u00f3n: <strong>Leandro Calcagno<\/strong> <br \/>Producci\u00f3n ejecutiva&nbsp;y distribuci\u00f3n: <strong>Gabriela Marsal, Leila Barenboim, Mireia Gr\u00e0cia (Mika Project)<\/strong> <\/p>","txt_reviews":"Santi Fondevila|Diari ARA|\"Quatre superbs int\u00e8rprets ens acosten aquest tros de vida amb commovedora sinceritat.\"\nNeus Monico|Teatre Barcelona|\"Una proposta del tot imprescindible!\"\nDavid Bueno|N\u00favol|\"Una aparent facilitat que, segurament, \u00e9s el secret del seu \u00e8xit.\" \nNicolas Larruy|Espect\u00e1culos BCN|\"Para no perderse ni una frase, ni un gesto, ni una entonaci\u00f3n.\"","hashtag":"ElDeclive","have_promo":"","slogan":"","id_exhibicio":1582,"id_versio":1302,"id_local":4,"txt_seo_desc":"","data_images":"[{\"localizer\":\"V2CARTELLDISTRI\",\"url\":\"media\/cartell\/distrib\/3144E\/01_082_00045016\/eldeclive.jpg\",\"thumb_url\":\"media\/cartell\/distrib\/3144E\/01_082_00045016\/eldeclive_thumb.jpg\",\"title\":\"El declive\",\"description\":\"El declive\",\"copyright\":\"\",\"order\":1},{\"localizer\":\"V3CARTELL\",\"url\":\"media\/ver\/cartell\/v3\/31450\/01_085_00045756\/cartelleldecliveofflavillarroelbarcelona.jpg\",\"thumb_url\":\"media\/ver\/cartell\/v3\/31450\/01_085_00045756\/cartelleldecliveofflavillarroelbarcelona_thumb.jpg\",\"title\":\"el declive\",\"description\":\"el declive off la villarroel teatre barcelona\",\"copyright\":\"\",\"order\":10},{\"localizer\":\"V3SLIDE\",\"url\":\"media\/ftgalslide\/v3\/31450\/01_086_00045760\/eldecliveofflavillarroelbarcelona1.jpg\",\"thumb_url\":\"media\/ftgalslide\/v3\/31450\/01_086_00045760\/eldecliveofflavillarroelbarcelona1_thumb.jpg\",\"title\":\"el declive\",\"description\":\"el declive off la villarroel teatre barcelona\",\"copyright\":\"\",\"order\":11},{\"localizer\":\"V3SLIDE\",\"url\":\"media\/ftgalslide\/v3\/31450\/01_086_00045761\/eldecliveofflavillarroelbarcelona2.jpg\",\"thumb_url\":\"media\/ftgalslide\/v3\/31450\/01_086_00045761\/eldecliveofflavillarroelbarcelona2_thumb.jpg\",\"title\":\"el declive\",\"description\":\"el declive off la villarroel teatre barcelona\",\"copyright\":\"\",\"order\":12},{\"localizer\":\"V3SLIDE\",\"url\":\"media\/ftgalslide\/v3\/31450\/01_086_00045762\/eldecliveofflavillarroelbarcelona3.jpg\",\"thumb_url\":\"media\/ftgalslide\/v3\/31450\/01_086_00045762\/eldecliveofflavillarroelbarcelona3_thumb.jpg\",\"title\":\"el declive\",\"description\":\"el declive off la villarroel teatre barcelona\",\"copyright\":\"\",\"order\":13},{\"localizer\":\"V3SLIDE\",\"url\":\"media\/ftgalslide\/v3\/31450\/01_086_00045763\/eldecliveofflavillarroelbarcelona4.jpg\",\"thumb_url\":\"media\/ftgalslide\/v3\/31450\/01_086_00045763\/eldecliveofflavillarroelbarcelona4_thumb.jpg\",\"title\":\"el declive\",\"description\":\"el declive off la villarroel teatre barcelona\",\"copyright\":\"\",\"order\":14},{\"localizer\":\"V3SLIDE\",\"url\":\"media\/ftgalslide\/v3\/31450\/01_086_00045764\/eldecliveofflavillarroelbarcelona5.jpg\",\"thumb_url\":\"media\/ftgalslide\/v3\/31450\/01_086_00045764\/eldecliveofflavillarroelbarcelona5_thumb.jpg\",\"title\":\"el declive\",\"description\":\"el declive off la villarroel teatre barcelona\",\"copyright\":\"\",\"order\":15},{\"localizer\":\"V3PORTADA\",\"url\":\"media\/ver\/port\/v3\/31453\/01_084_00046492\/1-el-declive-off-la-villarroel-barcelona-ultimes-funcions.jpg\",\"thumb_url\":\"media\/ver\/port\/v3\/31453\/01_084_00046492\/1-el-declive-off-la-villarroel-barcelona-ultimes-funcions_thumb.jpg\",\"title\":\"el declive\",\"description\":\"el declive off la villarroel teatre barcelona\",\"copyright\":\"\",\"order\":18}]","material__texto_intro":"","data_material":null,"data_gallery":"","data_discounts":"[{\"InfoAddicional\":\"<p><strong>Descuentos para grupos y escuelas<br \/><\/strong><\/p>\",\"Url\":\"https:\/\/www.promentrada.com\/es\/catalog\/\",\"Codi\":\"VILL75\",\"LogoUrl\":\"media\/fimage\/31389\/01_005_00038530\/logo_prome_nuevo_v_web.jpg\",\"TitolBoto\":\"Descuentos para grupos y escuelas\",\"Type\":\"discount\"},{\"InfoAddicional\":\"<p><strong>Descuentos para particulares<br \/><\/strong><\/p>\",\"Url\":\"http:\/\/vip.promentrada.com\",\"Codi\":\"VILL75\",\"LogoUrl\":\"media\/fimage\/31389\/01_005_00038559\/logo_prome_vip_v_web.jpg\",\"TitolBoto\":\"Descuentos para particulares\",\"Type\":\"discount\"}]","contract_is_open":false,"in_tour":false},"yoast_head":"<!-- This site is optimized with the Yoast SEO plugin v27.5 - https:\/\/yoast.com\/product\/yoast-seo-wordpress\/ -->\n<title>El declive - La Villarroel<\/title>\n<meta name=\"robots\" content=\"index, follow, max-snippet:-1, max-image-preview:large, max-video-preview:-1\" \/>\n<link rel=\"canonical\" href=\"https:\/\/www.lavillarroel.cat\/es\/ex\/el-declive\/\" \/>\n<script type=\"application\/ld+json\" class=\"yoast-schema-graph\">{\"@context\":\"https:\\\/\\\/schema.org\",\"@graph\":[{\"@type\":\"WebPage\",\"@id\":\"https:\\\/\\\/www.lavillarroel.cat\\\/es\\\/ex\\\/el-declive\\\/\",\"url\":\"https:\\\/\\\/www.lavillarroel.cat\\\/es\\\/ex\\\/el-declive\\\/\",\"name\":\"El declive - La Villarroel\",\"isPartOf\":{\"@id\":\"https:\\\/\\\/www.lavillarroel.cat\\\/es\\\/#website\"},\"datePublished\":\"2018-08-21T12:11:47+00:00\",\"breadcrumb\":{\"@id\":\"https:\\\/\\\/www.lavillarroel.cat\\\/es\\\/ex\\\/el-declive\\\/#breadcrumb\"},\"inLanguage\":\"es\",\"potentialAction\":[{\"@type\":\"ReadAction\",\"target\":[\"https:\\\/\\\/www.lavillarroel.cat\\\/es\\\/ex\\\/el-declive\\\/\"]}]},{\"@type\":\"BreadcrumbList\",\"@id\":\"https:\\\/\\\/www.lavillarroel.cat\\\/es\\\/ex\\\/el-declive\\\/#breadcrumb\",\"itemListElement\":[{\"@type\":\"ListItem\",\"position\":1,\"name\":\"Inici\",\"item\":\"https:\\\/\\\/www.lavillarroel.cat\\\/es\\\/\"},{\"@type\":\"ListItem\",\"position\":2,\"name\":\"Espectacles\",\"item\":\"https:\\\/\\\/www.lavillarroel.cat\\\/es\\\/ex\\\/\"},{\"@type\":\"ListItem\",\"position\":3,\"name\":\"El declive\"}]},{\"@type\":\"WebSite\",\"@id\":\"https:\\\/\\\/www.lavillarroel.cat\\\/es\\\/#website\",\"url\":\"https:\\\/\\\/www.lavillarroel.cat\\\/es\\\/\",\"name\":\"La Villarroel\",\"description\":\"\",\"publisher\":{\"@id\":\"https:\\\/\\\/www.lavillarroel.cat\\\/es\\\/#organization\"},\"potentialAction\":[{\"@type\":\"SearchAction\",\"target\":{\"@type\":\"EntryPoint\",\"urlTemplate\":\"https:\\\/\\\/www.lavillarroel.cat\\\/es\\\/?s={search_term_string}\"},\"query-input\":{\"@type\":\"PropertyValueSpecification\",\"valueRequired\":true,\"valueName\":\"search_term_string\"}}],\"inLanguage\":\"es\"},{\"@type\":\"Organization\",\"@id\":\"https:\\\/\\\/www.lavillarroel.cat\\\/es\\\/#organization\",\"name\":\"La Villarroel\",\"url\":\"https:\\\/\\\/www.lavillarroel.cat\\\/es\\\/\",\"logo\":{\"@type\":\"ImageObject\",\"inLanguage\":\"es\",\"@id\":\"https:\\\/\\\/www.lavillarroel.cat\\\/es\\\/#\\\/schema\\\/logo\\\/image\\\/\",\"url\":\"https:\\\/\\\/www.lavillarroel.cat\\\/wp-content\\\/uploads\\\/sites\\\/5\\\/2017\\\/09\\\/teatre-villaroel-logo.svg\",\"contentUrl\":\"https:\\\/\\\/www.lavillarroel.cat\\\/wp-content\\\/uploads\\\/sites\\\/5\\\/2017\\\/09\\\/teatre-villaroel-logo.svg\",\"width\":1,\"height\":1,\"caption\":\"La Villarroel\"},\"image\":{\"@id\":\"https:\\\/\\\/www.lavillarroel.cat\\\/es\\\/#\\\/schema\\\/logo\\\/image\\\/\"},\"sameAs\":[\"http:\\\/\\\/www.facebook.com\\\/TeatreVillarroel\",\"https:\\\/\\\/x.com\\\/la_villarroel\",\"http:\\\/\\\/instagram.com\\\/la_villarroel\",\"http:\\\/\\\/www.youtube.com\\\/user\\\/LaVillarroel#p\\\/u\"]}]}<\/script>\n<!-- \/ Yoast SEO plugin. -->","yoast_head_json":{"title":"El declive - La Villarroel","robots":{"index":"index","follow":"follow","max-snippet":"max-snippet:-1","max-image-preview":"max-image-preview:large","max-video-preview":"max-video-preview:-1"},"canonical":"https:\/\/www.lavillarroel.cat\/es\/ex\/el-declive\/","schema":{"@context":"https:\/\/schema.org","@graph":[{"@type":"WebPage","@id":"https:\/\/www.lavillarroel.cat\/es\/ex\/el-declive\/","url":"https:\/\/www.lavillarroel.cat\/es\/ex\/el-declive\/","name":"El declive - La Villarroel","isPartOf":{"@id":"https:\/\/www.lavillarroel.cat\/es\/#website"},"datePublished":"2018-08-21T12:11:47+00:00","breadcrumb":{"@id":"https:\/\/www.lavillarroel.cat\/es\/ex\/el-declive\/#breadcrumb"},"inLanguage":"es","potentialAction":[{"@type":"ReadAction","target":["https:\/\/www.lavillarroel.cat\/es\/ex\/el-declive\/"]}]},{"@type":"BreadcrumbList","@id":"https:\/\/www.lavillarroel.cat\/es\/ex\/el-declive\/#breadcrumb","itemListElement":[{"@type":"ListItem","position":1,"name":"Inici","item":"https:\/\/www.lavillarroel.cat\/es\/"},{"@type":"ListItem","position":2,"name":"Espectacles","item":"https:\/\/www.lavillarroel.cat\/es\/ex\/"},{"@type":"ListItem","position":3,"name":"El declive"}]},{"@type":"WebSite","@id":"https:\/\/www.lavillarroel.cat\/es\/#website","url":"https:\/\/www.lavillarroel.cat\/es\/","name":"La Villarroel","description":"","publisher":{"@id":"https:\/\/www.lavillarroel.cat\/es\/#organization"},"potentialAction":[{"@type":"SearchAction","target":{"@type":"EntryPoint","urlTemplate":"https:\/\/www.lavillarroel.cat\/es\/?s={search_term_string}"},"query-input":{"@type":"PropertyValueSpecification","valueRequired":true,"valueName":"search_term_string"}}],"inLanguage":"es"},{"@type":"Organization","@id":"https:\/\/www.lavillarroel.cat\/es\/#organization","name":"La Villarroel","url":"https:\/\/www.lavillarroel.cat\/es\/","logo":{"@type":"ImageObject","inLanguage":"es","@id":"https:\/\/www.lavillarroel.cat\/es\/#\/schema\/logo\/image\/","url":"https:\/\/www.lavillarroel.cat\/wp-content\/uploads\/sites\/5\/2017\/09\/teatre-villaroel-logo.svg","contentUrl":"https:\/\/www.lavillarroel.cat\/wp-content\/uploads\/sites\/5\/2017\/09\/teatre-villaroel-logo.svg","width":1,"height":1,"caption":"La Villarroel"},"image":{"@id":"https:\/\/www.lavillarroel.cat\/es\/#\/schema\/logo\/image\/"},"sameAs":["http:\/\/www.facebook.com\/TeatreVillarroel","https:\/\/x.com\/la_villarroel","http:\/\/instagram.com\/la_villarroel","http:\/\/www.youtube.com\/user\/LaVillarroel#p\/u"]}]}},"translations":[{"id":2669,"locale":"ca"},{"id":2874,"locale":"es"}],"_links":{"self":[{"href":"https:\/\/www.lavillarroel.cat\/es\/wp-json\/wp\/v2\/ex\/2874","targetHints":{"allow":["GET"]}}],"collection":[{"href":"https:\/\/www.lavillarroel.cat\/es\/wp-json\/wp\/v2\/ex"}],"about":[{"href":"https:\/\/www.lavillarroel.cat\/es\/wp-json\/wp\/v2\/types\/ex"}],"author":[{"embeddable":true,"href":"https:\/\/www.lavillarroel.cat\/es\/wp-json\/wp\/v2\/users\/2"}],"replies":[{"embeddable":true,"href":"https:\/\/www.lavillarroel.cat\/es\/wp-json\/wp\/v2\/comments?post=2874"}],"acf:term":[{"embeddable":true,"taxonomy":"season","href":"https:\/\/www.lavillarroel.cat\/es\/wp-json\/wp\/v2\/season\/90"}],"wp:attachment":[{"href":"https:\/\/www.lavillarroel.cat\/es\/wp-json\/wp\/v2\/media?parent=2874"}],"curies":[{"name":"wp","href":"https:\/\/api.w.org\/{rel}","templated":true}]}}

<p>A partir de un realismo crudo, la obra aborda interrogantes y conflictos universales del ser como el valor de la libertad, el desgaste propio de las relaciones interpersonales o los mandatos que se acumulan a lo largo de una vida. <br />La pieza se desarrolla en torno al vínculo entre dos matrimonios de adultos maduros, que transformarán un domingo rutinario y aburrido en un oscuro caos donde las miserias más profundas de cada individuo salen a luz. </p>
<p><em>El declive</em> propone así una reflexión acerca del modo en el que construimos la felicidad y la posibilidad de cambiar de paradigmas aún en el último instante.<br /></p>

<p>Autor: <strong>Nelson Valente</strong> <br />Dramatúrgia, puesta en escena y dirección: <strong>Nelson Valente</strong> <br /></p>
<p>Con:<br /><strong>Enrique Amido</strong> - Tito<br /><strong>Cristina Pachi Molloy</strong> - Susana<br /><strong>Carlos Rosas</strong> - Antonio <br /><strong>Lide Uranga</strong> - Nelly <br />&nbsp;<br />Asistente de dirección: <strong>Leandro Calcagno</strong> <br />Producción ejecutiva&nbsp;y distribución: <strong>Gabriela Marsal, Leila Barenboim, Mireia Gràcia (Mika Project)</strong> </p>

Santi Fondevila|Diari ARA|"Quatre superbs intèrprets ens acosten aquest tros de vida amb commovedora sinceritat."
Neus Monico|Teatre Barcelona|"Una proposta del tot imprescindible!"
David Bueno|Núvol|"Una aparent facilitat que, segurament, és el secret del seu èxit." 
Nicolas Larruy|Espectáculos BCN|"Para no perderse ni una frase, ni un gesto, ni una entonación."
