{"id":2889,"date":"2019-08-08T08:46:22","date_gmt":"2019-08-08T06:46:22","guid":{"rendered":"https:\/\/pre.lavillarroel.cat\/ex\/\/el-pequeno-poni\/"},"modified":"2019-08-08T08:46:22","modified_gmt":"2019-08-08T06:46:22","slug":"el-pequeno-poni","status":"publish","type":"ex","link":"https:\/\/www.lavillarroel.cat\/es\/ex\/el-pequeno-poni\/","title":{"rendered":"El peque\u00f1o poni"},"content":{"rendered":"","protected":false},"excerpt":{"rendered":"","protected":false},"author":2,"featured_media":0,"comment_status":"closed","ping_status":"closed","template":"","class_list":["post-2889","ex","type-ex","status-publish","hentry","season-2018-19"],"acf":{"txt_synopsis":"Esta obra est\u00e1 inspirada en los hechos reales que tuvieron lugar en Estados Unidos durante el a\u00f1o 2014.<br \/><br \/>A Grayson, un ni\u00f1o de nueve a\u00f1os de edad, tras sufrir varios ataques f\u00edsicos y verbales, le fue prohibida la entrada al centro escolar en donde estudiaba por llevar colgada a sus espaldas una mochila de Mi peque\u00f1o pony. La direcci\u00f3n del colegio consider\u00f3 \u201cdetonante de acoso\u201d el hecho de que Grayson acudiera a clase acompa\u00f1ado de la mochila de sus dibujos animados favoritos, acus\u00e1ndole de haber provocado \u201cdisrupci\u00f3n en el aula\u201d. A d\u00eda de hoy, la escuela se defiende alegando que nunca tuvieron intenci\u00f3n de agredir a Grayson, sino que fue una estrategia para detener el acoso.<br \/><br \/>Un mes antes, y al igual que Grayson, otro chico de la misma edad, Michael Morones, tuvo serios problemas en la escuela lleg\u00e1ndole a ocurrir algo muy parecido. Tambi\u00e9n era seguidor de los mismos dibujos animados.<br \/><br \/>De esta forma, la famosa serie de animaci\u00f3n <em>My Little Pony<\/em> \u2014que, parad\u00f3jicamente, dedica sus cap\u00edtulos a La magia de la amistad y los valores del compa\u00f1erismo, se ha convertido inesperadamente en uno de los mayores s\u00edmbolos de la lucha contra el bullying.<br \/><br \/>Esta obra est\u00e1 dedicada a Michael Morones, a Grayson Bruce y a todos los ni\u00f1os y ni\u00f1as que, como ellos, han sufrido insultos y agresiones sin que ning\u00fan adulto a su alrededor haya hecho nada por evitarlo.<br \/><br \/>Una obra sobre el acoso escolar, esa dolorosa realidad en la que viven atrapados cada vez m\u00e1s ni\u00f1os y ni\u00f1as de todo el mundo; una reflexi\u00f3n acerca de la libertad, el miedo y el instinto de protecci\u00f3n; un retrato de la ceguera, la ineptitud y los prejuicios sociales de los adultos.<br \/>","main_buy_link":"","main_buy_links":"","group_buy_link":"","show_language":"","show_duration":"90","show_start_date":"20200502000000","show_end_date":"20200517000000","show_sort_date":"20200502000000","txt_custom_show_dates":"del 2 al 17 de mayo de 2020","show_disciplines":"","show_ultimes_funcions":false,"hide_tarifes_especials":false,"show_properament":false,"txt_additional_info":"","txt_present":"","show_season":[90],"txt_season":"[\"2018\/19\"]","txt_cycle":"","txt_claim":"","txt_cast_excerpt":"","txt_cast":"De: <strong>Paco Bezerra<\/strong><br \/>Direcci\u00f3n: <strong>Merc\u00e8 Vila Godoy<\/strong><br \/>Con: <strong>Gl\u00f2ria Sirvent <\/strong>y <strong>Sergio Matamala<\/strong><br \/>Producci\u00f3n: <strong>Flyhard Produccions<\/strong> \/ <strong>Sala Flyhard<\/strong>","txt_reviews":"","hashtag":"ElPeque\u00f1oPoni","have_promo":"","slogan":"","id_exhibicio":1706,"id_versio":1098,"id_local":4,"txt_seo_desc":"","data_images":"[{\"localizer\":\"V2PORTADA\",\"url\":\"media\/ver\/port\/31385\/01_078_00037244\/Cartel_web_bellas_artes_581_X_327.jpg\",\"thumb_url\":\"media\/ver\/port\/31385\/01_078_00037244\/Cartel_web_bellas_artes_581_X_327_thumb.jpg\",\"title\":\"El peque\u00f1o poni\",\"description\":\"El peque\u00f1o poni\",\"copyright\":\"\",\"order\":1},{\"localizer\":\"V2CARTELL\",\"url\":\"media\/ver\/cartell\/31385\/01_079_00037245\/Cartel_A4_Pequeno_PONI.jpg\",\"thumb_url\":\"media\/ver\/cartell\/31385\/01_079_00037245\/Cartel_A4_Pequeno_PONI_thumb.jpg\",\"title\":\"El peque\u00f1o poni\",\"description\":\"El peque\u00f1o poni\",\"copyright\":\"\",\"order\":2},{\"localizer\":\"V2SLIDE\",\"url\":\"media\/ftgalslide\/31385\/01_076_00037246\/elpequenoponi10big.jpg\",\"thumb_url\":\"media\/ftgalslide\/31385\/01_076_00037246\/elpequenoponi10big_thumb.jpg\",\"title\":\"El peque\u00f1o poni\",\"description\":\"Teatro Bellas Artes\",\"copyright\":\"\",\"order\":3},{\"localizer\":\"VERS_IMATGE_ESPECTACLE\",\"url\":\"media\/ftespect\/31385\/01_020_00037286\/elpequenoponi3big.jpg\",\"thumb_url\":\"media\/ftespect\/31385\/01_020_00037286\/elpequenoponi3big_thumb.jpg\",\"title\":\"Roberto Enr\u00edquez - El peque\u00f1o poni\",\"description\":\"Teatro Bellas Artes\",\"copyright\":\"\",\"order\":5}]","material__texto_intro":"","data_material":null,"data_gallery":"","data_discounts":"[]","contract_is_open":false,"in_tour":false},"yoast_head":"<!-- This site is optimized with the Yoast SEO plugin v27.5 - https:\/\/yoast.com\/product\/yoast-seo-wordpress\/ -->\n<title>El peque\u00f1o poni - La Villarroel<\/title>\n<meta name=\"robots\" content=\"index, follow, max-snippet:-1, max-image-preview:large, max-video-preview:-1\" \/>\n<link rel=\"canonical\" href=\"https:\/\/www.lavillarroel.cat\/es\/ex\/el-pequeno-poni\/\" \/>\n<script type=\"application\/ld+json\" class=\"yoast-schema-graph\">{\"@context\":\"https:\\\/\\\/schema.org\",\"@graph\":[{\"@type\":\"WebPage\",\"@id\":\"https:\\\/\\\/www.lavillarroel.cat\\\/es\\\/ex\\\/el-pequeno-poni\\\/\",\"url\":\"https:\\\/\\\/www.lavillarroel.cat\\\/es\\\/ex\\\/el-pequeno-poni\\\/\",\"name\":\"El peque\u00f1o poni - La Villarroel\",\"isPartOf\":{\"@id\":\"https:\\\/\\\/www.lavillarroel.cat\\\/es\\\/#website\"},\"datePublished\":\"2019-08-08T06:46:22+00:00\",\"breadcrumb\":{\"@id\":\"https:\\\/\\\/www.lavillarroel.cat\\\/es\\\/ex\\\/el-pequeno-poni\\\/#breadcrumb\"},\"inLanguage\":\"es\",\"potentialAction\":[{\"@type\":\"ReadAction\",\"target\":[\"https:\\\/\\\/www.lavillarroel.cat\\\/es\\\/ex\\\/el-pequeno-poni\\\/\"]}]},{\"@type\":\"BreadcrumbList\",\"@id\":\"https:\\\/\\\/www.lavillarroel.cat\\\/es\\\/ex\\\/el-pequeno-poni\\\/#breadcrumb\",\"itemListElement\":[{\"@type\":\"ListItem\",\"position\":1,\"name\":\"Inici\",\"item\":\"https:\\\/\\\/www.lavillarroel.cat\\\/es\\\/\"},{\"@type\":\"ListItem\",\"position\":2,\"name\":\"Espectacles\",\"item\":\"https:\\\/\\\/www.lavillarroel.cat\\\/es\\\/ex\\\/\"},{\"@type\":\"ListItem\",\"position\":3,\"name\":\"El peque\u00f1o poni\"}]},{\"@type\":\"WebSite\",\"@id\":\"https:\\\/\\\/www.lavillarroel.cat\\\/es\\\/#website\",\"url\":\"https:\\\/\\\/www.lavillarroel.cat\\\/es\\\/\",\"name\":\"La Villarroel\",\"description\":\"\",\"publisher\":{\"@id\":\"https:\\\/\\\/www.lavillarroel.cat\\\/es\\\/#organization\"},\"potentialAction\":[{\"@type\":\"SearchAction\",\"target\":{\"@type\":\"EntryPoint\",\"urlTemplate\":\"https:\\\/\\\/www.lavillarroel.cat\\\/es\\\/?s={search_term_string}\"},\"query-input\":{\"@type\":\"PropertyValueSpecification\",\"valueRequired\":true,\"valueName\":\"search_term_string\"}}],\"inLanguage\":\"es\"},{\"@type\":\"Organization\",\"@id\":\"https:\\\/\\\/www.lavillarroel.cat\\\/es\\\/#organization\",\"name\":\"La Villarroel\",\"url\":\"https:\\\/\\\/www.lavillarroel.cat\\\/es\\\/\",\"logo\":{\"@type\":\"ImageObject\",\"inLanguage\":\"es\",\"@id\":\"https:\\\/\\\/www.lavillarroel.cat\\\/es\\\/#\\\/schema\\\/logo\\\/image\\\/\",\"url\":\"https:\\\/\\\/www.lavillarroel.cat\\\/wp-content\\\/uploads\\\/sites\\\/5\\\/2017\\\/09\\\/teatre-villaroel-logo.svg\",\"contentUrl\":\"https:\\\/\\\/www.lavillarroel.cat\\\/wp-content\\\/uploads\\\/sites\\\/5\\\/2017\\\/09\\\/teatre-villaroel-logo.svg\",\"width\":1,\"height\":1,\"caption\":\"La Villarroel\"},\"image\":{\"@id\":\"https:\\\/\\\/www.lavillarroel.cat\\\/es\\\/#\\\/schema\\\/logo\\\/image\\\/\"},\"sameAs\":[\"http:\\\/\\\/www.facebook.com\\\/TeatreVillarroel\",\"https:\\\/\\\/x.com\\\/la_villarroel\",\"http:\\\/\\\/instagram.com\\\/la_villarroel\",\"http:\\\/\\\/www.youtube.com\\\/user\\\/LaVillarroel#p\\\/u\"]}]}<\/script>\n<!-- \/ Yoast SEO plugin. -->","yoast_head_json":{"title":"El peque\u00f1o poni - La Villarroel","robots":{"index":"index","follow":"follow","max-snippet":"max-snippet:-1","max-image-preview":"max-image-preview:large","max-video-preview":"max-video-preview:-1"},"canonical":"https:\/\/www.lavillarroel.cat\/es\/ex\/el-pequeno-poni\/","schema":{"@context":"https:\/\/schema.org","@graph":[{"@type":"WebPage","@id":"https:\/\/www.lavillarroel.cat\/es\/ex\/el-pequeno-poni\/","url":"https:\/\/www.lavillarroel.cat\/es\/ex\/el-pequeno-poni\/","name":"El peque\u00f1o poni - La Villarroel","isPartOf":{"@id":"https:\/\/www.lavillarroel.cat\/es\/#website"},"datePublished":"2019-08-08T06:46:22+00:00","breadcrumb":{"@id":"https:\/\/www.lavillarroel.cat\/es\/ex\/el-pequeno-poni\/#breadcrumb"},"inLanguage":"es","potentialAction":[{"@type":"ReadAction","target":["https:\/\/www.lavillarroel.cat\/es\/ex\/el-pequeno-poni\/"]}]},{"@type":"BreadcrumbList","@id":"https:\/\/www.lavillarroel.cat\/es\/ex\/el-pequeno-poni\/#breadcrumb","itemListElement":[{"@type":"ListItem","position":1,"name":"Inici","item":"https:\/\/www.lavillarroel.cat\/es\/"},{"@type":"ListItem","position":2,"name":"Espectacles","item":"https:\/\/www.lavillarroel.cat\/es\/ex\/"},{"@type":"ListItem","position":3,"name":"El peque\u00f1o poni"}]},{"@type":"WebSite","@id":"https:\/\/www.lavillarroel.cat\/es\/#website","url":"https:\/\/www.lavillarroel.cat\/es\/","name":"La Villarroel","description":"","publisher":{"@id":"https:\/\/www.lavillarroel.cat\/es\/#organization"},"potentialAction":[{"@type":"SearchAction","target":{"@type":"EntryPoint","urlTemplate":"https:\/\/www.lavillarroel.cat\/es\/?s={search_term_string}"},"query-input":{"@type":"PropertyValueSpecification","valueRequired":true,"valueName":"search_term_string"}}],"inLanguage":"es"},{"@type":"Organization","@id":"https:\/\/www.lavillarroel.cat\/es\/#organization","name":"La Villarroel","url":"https:\/\/www.lavillarroel.cat\/es\/","logo":{"@type":"ImageObject","inLanguage":"es","@id":"https:\/\/www.lavillarroel.cat\/es\/#\/schema\/logo\/image\/","url":"https:\/\/www.lavillarroel.cat\/wp-content\/uploads\/sites\/5\/2017\/09\/teatre-villaroel-logo.svg","contentUrl":"https:\/\/www.lavillarroel.cat\/wp-content\/uploads\/sites\/5\/2017\/09\/teatre-villaroel-logo.svg","width":1,"height":1,"caption":"La Villarroel"},"image":{"@id":"https:\/\/www.lavillarroel.cat\/es\/#\/schema\/logo\/image\/"},"sameAs":["http:\/\/www.facebook.com\/TeatreVillarroel","https:\/\/x.com\/la_villarroel","http:\/\/instagram.com\/la_villarroel","http:\/\/www.youtube.com\/user\/LaVillarroel#p\/u"]}]}},"translations":[{"id":2684,"locale":"ca"},{"id":2889,"locale":"es"}],"_links":{"self":[{"href":"https:\/\/www.lavillarroel.cat\/es\/wp-json\/wp\/v2\/ex\/2889","targetHints":{"allow":["GET"]}}],"collection":[{"href":"https:\/\/www.lavillarroel.cat\/es\/wp-json\/wp\/v2\/ex"}],"about":[{"href":"https:\/\/www.lavillarroel.cat\/es\/wp-json\/wp\/v2\/types\/ex"}],"author":[{"embeddable":true,"href":"https:\/\/www.lavillarroel.cat\/es\/wp-json\/wp\/v2\/users\/2"}],"replies":[{"embeddable":true,"href":"https:\/\/www.lavillarroel.cat\/es\/wp-json\/wp\/v2\/comments?post=2889"}],"acf:term":[{"embeddable":true,"taxonomy":"season","href":"https:\/\/www.lavillarroel.cat\/es\/wp-json\/wp\/v2\/season\/90"}],"wp:attachment":[{"href":"https:\/\/www.lavillarroel.cat\/es\/wp-json\/wp\/v2\/media?parent=2889"}],"curies":[{"name":"wp","href":"https:\/\/api.w.org\/{rel}","templated":true}]}}

El pequeño poni

Esta obra está inspirada en los hechos reales que tuvieron lugar en Estados Unidos durante el año 2014.<br /><br />A Grayson, un niño de nueve años de edad, tras sufrir varios ataques físicos y verbales, le fue prohibida la entrada al centro escolar en donde estudiaba por llevar colgada a sus espaldas una mochila de Mi pequeño pony. La dirección del colegio consideró “detonante de acoso” el hecho de que Grayson acudiera a clase acompañado de la mochila de sus dibujos animados favoritos, acusándole de haber provocado “disrupción en el aula”. A día de hoy, la escuela se defiende alegando que nunca tuvieron intención de agredir a Grayson, sino que fue una estrategia para detener el acoso.<br /><br />Un mes antes, y al igual que Grayson, otro chico de la misma edad, Michael Morones, tuvo serios problemas en la escuela llegándole a ocurrir algo muy parecido. También era seguidor de los mismos dibujos animados.<br /><br />De esta forma, la famosa serie de animación <em>My Little Pony</em> —que, paradójicamente, dedica sus capítulos a La magia de la amistad y los valores del compañerismo, se ha convertido inesperadamente en uno de los mayores símbolos de la lucha contra el bullying.<br /><br />Esta obra está dedicada a Michael Morones, a Grayson Bruce y a todos los niños y niñas que, como ellos, han sufrido insultos y agresiones sin que ningún adulto a su alrededor haya hecho nada por evitarlo.<br /><br />Una obra sobre el acoso escolar, esa dolorosa realidad en la que viven atrapados cada vez más niños y niñas de todo el mundo; una reflexión acerca de la libertad, el miedo y el instinto de protección; un retrato de la ceguera, la ineptitud y los prejuicios sociales de los adultos.<br />

De: <strong>Paco Bezerra</strong><br />Dirección: <strong>Mercè Vila Godoy</strong><br />Con: <strong>Glòria Sirvent </strong>y <strong>Sergio Matamala</strong><br />Producción: <strong>Flyhard Produccions</strong> / <strong>Sala Flyhard</strong>

ElPequeñoPoni

[{"localizer":"V2PORTADA","url":"media/ver/port/31385/01_078_00037244/Cartel_web_bellas_artes_581_X_327.jpg","thumb_url":"media/ver/port/31385/01_078_00037244/Cartel_web_bellas_artes_581_X_327_thumb.jpg","title":"El pequeño poni","description":"El pequeño poni","copyright":"","order":1},{"localizer":"V2CARTELL","url":"media/ver/cartell/31385/01_079_00037245/Cartel_A4_Pequeno_PONI.jpg","thumb_url":"media/ver/cartell/31385/01_079_00037245/Cartel_A4_Pequeno_PONI_thumb.jpg","title":"El pequeño poni","description":"El pequeño poni","copyright":"","order":2},{"localizer":"V2SLIDE","url":"media/ftgalslide/31385/01_076_00037246/elpequenoponi10big.jpg","thumb_url":"media/ftgalslide/31385/01_076_00037246/elpequenoponi10big_thumb.jpg","title":"El pequeño poni","description":"Teatro Bellas Artes","copyright":"","order":3},{"localizer":"VERS_IMATGE_ESPECTACLE","url":"media/ftespect/31385/01_020_00037286/elpequenoponi3big.jpg","thumb_url":"media/ftespect/31385/01_020_00037286/elpequenoponi3big_thumb.jpg","title":"Roberto Enríquez - El pequeño poni","description":"Teatro Bellas Artes","copyright":"","order":5}]

<!-- This site is optimized with the Yoast SEO plugin v27.5 - https://yoast.com/product/yoast-seo-wordpress/ -->
<title>El pequeño poni - La Villarroel</title>
<meta name="robots" content="index, follow, max-snippet:-1, max-image-preview:large, max-video-preview:-1" />
<link rel="canonical" href="https://www.lavillarroel.cat/es/ex/el-pequeno-poni/" />
<script type="application/ld+json" class="yoast-schema-graph">{"@context":"https:\/\/schema.org","@graph":[{"@type":"WebPage","@id":"https:\/\/www.lavillarroel.cat\/es\/ex\/el-pequeno-poni\/","url":"https:\/\/www.lavillarroel.cat\/es\/ex\/el-pequeno-poni\/","name":"El pequeño poni - La Villarroel","isPartOf":{"@id":"https:\/\/www.lavillarroel.cat\/es\/#website"},"datePublished":"2019-08-08T06:46:22+00:00","breadcrumb":{"@id":"https:\/\/www.lavillarroel.cat\/es\/ex\/el-pequeno-poni\/#breadcrumb"},"inLanguage":"es","potentialAction":[{"@type":"ReadAction","target":["https:\/\/www.lavillarroel.cat\/es\/ex\/el-pequeno-poni\/"]}]},{"@type":"BreadcrumbList","@id":"https:\/\/www.lavillarroel.cat\/es\/ex\/el-pequeno-poni\/#breadcrumb","itemListElement":[{"@type":"ListItem","position":1,"name":"Inici","item":"https:\/\/www.lavillarroel.cat\/es\/"},{"@type":"ListItem","position":2,"name":"Espectacles","item":"https:\/\/www.lavillarroel.cat\/es\/ex\/"},{"@type":"ListItem","position":3,"name":"El pequeño poni"}]},{"@type":"WebSite","@id":"https:\/\/www.lavillarroel.cat\/es\/#website","url":"https:\/\/www.lavillarroel.cat\/es\/","name":"La Villarroel","description":"","publisher":{"@id":"https:\/\/www.lavillarroel.cat\/es\/#organization"},"potentialAction":[{"@type":"SearchAction","target":{"@type":"EntryPoint","urlTemplate":"https:\/\/www.lavillarroel.cat\/es\/?s={search_term_string}"},"query-input":{"@type":"PropertyValueSpecification","valueRequired":true,"valueName":"search_term_string"}}],"inLanguage":"es"},{"@type":"Organization","@id":"https:\/\/www.lavillarroel.cat\/es\/#organization","name":"La Villarroel","url":"https:\/\/www.lavillarroel.cat\/es\/","logo":{"@type":"ImageObject","inLanguage":"es","@id":"https:\/\/www.lavillarroel.cat\/es\/#\/schema\/logo\/image\/","url":"https:\/\/www.lavillarroel.cat\/wp-content\/uploads\/sites\/5\/2017\/09\/teatre-villaroel-logo.svg","contentUrl":"https:\/\/www.lavillarroel.cat\/wp-content\/uploads\/sites\/5\/2017\/09\/teatre-villaroel-logo.svg","width":1,"height":1,"caption":"La Villarroel"},"image":{"@id":"https:\/\/www.lavillarroel.cat\/es\/#\/schema\/logo\/image\/"},"sameAs":["http:\/\/www.facebook.com\/TeatreVillarroel","https:\/\/x.com\/la_villarroel","http:\/\/instagram.com\/la_villarroel","http:\/\/www.youtube.com\/user\/LaVillarroel#p\/u"]}]}</script>
<!-- / Yoast SEO plugin. -->

El pequeño poni - La Villarroel
