{"id":2915,"date":"2021-09-01T14:38:21","date_gmt":"2021-09-01T12:38:21","guid":{"rendered":"https:\/\/pre.lavillarroel.cat\/ex\/\/raphaelle\/"},"modified":"2021-09-01T14:38:21","modified_gmt":"2021-09-01T12:38:21","slug":"raphaelle","status":"publish","type":"ex","link":"https:\/\/www.lavillarroel.cat\/es\/ex\/raphaelle\/","title":{"rendered":"Rapha\u00eblle"},"content":{"rendered":"","protected":false},"excerpt":{"rendered":"","protected":false},"author":2,"featured_media":0,"comment_status":"closed","ping_status":"closed","template":"","class_list":["post-2915","ex","type-ex","status-publish","hentry","season-2021-22"],"acf":{"txt_synopsis":"<p>\u00bfQu\u00e9 significa ser mujer? \u00bfQu\u00e9&nbsp;significa ser hombre?<\/p>\n<p>RAPHA\u00cbLLE es el relato intenso y vital de una joven mujer transexual, Rapha\u00eblle P\u00e9rez. Lucha, identidad y sue\u00f1os: estas son las claves de un espect\u00e1culo de teatro documental que proyecta una mirada, a la vez racional y emocionante, hacia un mundo en constante transformaci\u00f3n.<br \/><\/p>","main_buy_link":"https:\/\/grupfocus.4tickets.es\/LaVillarroel\/public\/janto\/?Nivel=Evento&idEvento=VILL109&Idioma=ES","main_buy_links":"","group_buy_link":"","show_language":"","show_duration":"90","show_start_date":"20211102000000","show_end_date":"20211102000000","show_sort_date":"20211102000000","txt_custom_show_dates":"el 2 de noviembre de 2021","show_disciplines":"","show_ultimes_funcions":false,"hide_tarifes_especials":false,"show_properament":false,"txt_additional_info":"","txt_present":"","show_season":[93],"txt_season":"[\"2021\/22\"]","txt_cycle":"","txt_claim":"","txt_cast_excerpt":"","txt_cast":"<p>Autor\u00eda <strong>La Conquesta del Pol Sud<\/strong><br \/>Direcci\u00f3n <strong>Carles Fern\u00e1ndez Giua<\/strong><\/p>\n<p>Es una producci\u00f3n de <strong>Grec Festival de Barcelona<\/strong>, <strong>Teatre Nacional de Catalunya<\/strong>, <strong>CCCB Centre de Cultura Contempor\u00e0nia <\/strong>y <strong>La Conquesta del Pol Sud<\/strong>, amb la col\u00b7laboraci\u00f3 de <strong>Generalitat de Catalunya<\/strong>. <strong>Departament de Cultura.<\/strong><\/p>\n<p>Reparto <strong>Rapha\u00eblle P\u00e9rez, Carles F. Giua i Eugenio Szwarcer<\/strong><br \/>Dise\u00f1o del espacio y video <strong>Eugenio Szwarcer<\/strong><br \/>Iluminaci\u00f3n <strong>Luis Mart\u00ed<\/strong><br \/>Espacio sonoro <strong>Damien Bazin<\/strong><br \/>Producci\u00f3n ejecutiva <strong>Carol Murcia<\/strong><\/p>\n<p>&nbsp;<\/p>\n<p><br \/>&nbsp;<\/p>","txt_reviews":"","hashtag":"Rapha\u00eblleRBLS","have_promo":"","slogan":"","id_exhibicio":1855,"id_versio":1482,"id_local":4,"txt_seo_desc":"Rapha\u00eblle es el relato intenso y vital de una joven mujer transsexual, Rapha\u00eblle P\u00e9rez protagonizado por ella misma que se presentar\u00e1 en el Festival RBLS en La Villarroel de Barcelona.","data_images":"[{\"localizer\":\"V3SLIDE\",\"url\":\"media\/ftgalslide\/v3\/3157E\/01_086_00051890\/LCPS_Raphaelle_foto_AlfredMauve_18.JPG\",\"thumb_url\":\"media\/ftgalslide\/v3\/3157E\/01_086_00051890\/LCPS_Raphaelle_foto_AlfredMauve_18_thumb.jpg\",\"title\":\"Rapha\u00eblle - La Villarroel\",\"description\":\"raphaelle al teatre la villarroel de barcelona\",\"copyright\":\"\",\"order\":3},{\"localizer\":\"V3SLIDE\",\"url\":\"media\/ftgalslide\/v3\/3157E\/01_086_00051891\/_Alfred_Mauve_Raphaelle07.JPG\",\"thumb_url\":\"media\/ftgalslide\/v3\/3157E\/01_086_00051891\/_Alfred_Mauve_Raphaelle07_thumb.jpg\",\"title\":\"Rapha\u00eblle - La Villarroel\",\"description\":\"raphaelle al teatre la villarroel de barcelona\",\"copyright\":\"\",\"order\":4},{\"localizer\":\"V3PORTADA\",\"url\":\"media\/ver\/port\/v3\/3157E\/01_084_00051896\/1-raphaelle-V2-la-villarroel-teatre.jpg\",\"thumb_url\":\"media\/ver\/port\/v3\/3157E\/01_084_00051896\/1-raphaelle-V2-la-villarroel-teatre_thumb.jpg\",\"title\":\"Rapha\u00eblle - La Villarroel\",\"description\":\"rapha\u00eblle a la villlarroel de barcelona\",\"copyright\":\"\",\"order\":5},{\"localizer\":\"V3CARTELL\",\"url\":\"media\/ver\/cartell\/v3\/3157E\/01_085_00051897\/cartell-web-raphaelle-V2-la-villarroel-teatre.jpg\",\"thumb_url\":\"media\/ver\/cartell\/v3\/3157E\/01_085_00051897\/cartell-web-raphaelle-V2-la-villarroel-teatre_thumb.jpg\",\"title\":\"Rapha\u00eblle - La Villarroel\",\"description\":\"rapha\u00eblle a la villlarroel de barcelona\",\"copyright\":\"\",\"order\":6}]","material__texto_intro":"","data_material":null,"data_gallery":"","data_discounts":"[]","contract_is_open":false,"in_tour":false},"yoast_head":"<!-- This site is optimized with the Yoast SEO plugin v27.5 - https:\/\/yoast.com\/product\/yoast-seo-wordpress\/ -->\n<title>Rapha\u00eblle - La Villarroel<\/title>\n<meta name=\"robots\" content=\"index, follow, max-snippet:-1, max-image-preview:large, max-video-preview:-1\" \/>\n<link rel=\"canonical\" href=\"https:\/\/www.lavillarroel.cat\/es\/ex\/raphaelle\/\" \/>\n<script type=\"application\/ld+json\" class=\"yoast-schema-graph\">{\"@context\":\"https:\\\/\\\/schema.org\",\"@graph\":[{\"@type\":\"WebPage\",\"@id\":\"https:\\\/\\\/www.lavillarroel.cat\\\/es\\\/ex\\\/raphaelle\\\/\",\"url\":\"https:\\\/\\\/www.lavillarroel.cat\\\/es\\\/ex\\\/raphaelle\\\/\",\"name\":\"Rapha\u00eblle - La Villarroel\",\"isPartOf\":{\"@id\":\"https:\\\/\\\/www.lavillarroel.cat\\\/es\\\/#website\"},\"datePublished\":\"2021-09-01T12:38:21+00:00\",\"breadcrumb\":{\"@id\":\"https:\\\/\\\/www.lavillarroel.cat\\\/es\\\/ex\\\/raphaelle\\\/#breadcrumb\"},\"inLanguage\":\"es\",\"potentialAction\":[{\"@type\":\"ReadAction\",\"target\":[\"https:\\\/\\\/www.lavillarroel.cat\\\/es\\\/ex\\\/raphaelle\\\/\"]}]},{\"@type\":\"BreadcrumbList\",\"@id\":\"https:\\\/\\\/www.lavillarroel.cat\\\/es\\\/ex\\\/raphaelle\\\/#breadcrumb\",\"itemListElement\":[{\"@type\":\"ListItem\",\"position\":1,\"name\":\"Inici\",\"item\":\"https:\\\/\\\/www.lavillarroel.cat\\\/es\\\/\"},{\"@type\":\"ListItem\",\"position\":2,\"name\":\"Espectacles\",\"item\":\"https:\\\/\\\/www.lavillarroel.cat\\\/es\\\/ex\\\/\"},{\"@type\":\"ListItem\",\"position\":3,\"name\":\"Rapha\u00eblle\"}]},{\"@type\":\"WebSite\",\"@id\":\"https:\\\/\\\/www.lavillarroel.cat\\\/es\\\/#website\",\"url\":\"https:\\\/\\\/www.lavillarroel.cat\\\/es\\\/\",\"name\":\"La Villarroel\",\"description\":\"\",\"publisher\":{\"@id\":\"https:\\\/\\\/www.lavillarroel.cat\\\/es\\\/#organization\"},\"potentialAction\":[{\"@type\":\"SearchAction\",\"target\":{\"@type\":\"EntryPoint\",\"urlTemplate\":\"https:\\\/\\\/www.lavillarroel.cat\\\/es\\\/?s={search_term_string}\"},\"query-input\":{\"@type\":\"PropertyValueSpecification\",\"valueRequired\":true,\"valueName\":\"search_term_string\"}}],\"inLanguage\":\"es\"},{\"@type\":\"Organization\",\"@id\":\"https:\\\/\\\/www.lavillarroel.cat\\\/es\\\/#organization\",\"name\":\"La Villarroel\",\"url\":\"https:\\\/\\\/www.lavillarroel.cat\\\/es\\\/\",\"logo\":{\"@type\":\"ImageObject\",\"inLanguage\":\"es\",\"@id\":\"https:\\\/\\\/www.lavillarroel.cat\\\/es\\\/#\\\/schema\\\/logo\\\/image\\\/\",\"url\":\"https:\\\/\\\/www.lavillarroel.cat\\\/wp-content\\\/uploads\\\/sites\\\/5\\\/2017\\\/09\\\/teatre-villaroel-logo.svg\",\"contentUrl\":\"https:\\\/\\\/www.lavillarroel.cat\\\/wp-content\\\/uploads\\\/sites\\\/5\\\/2017\\\/09\\\/teatre-villaroel-logo.svg\",\"width\":1,\"height\":1,\"caption\":\"La Villarroel\"},\"image\":{\"@id\":\"https:\\\/\\\/www.lavillarroel.cat\\\/es\\\/#\\\/schema\\\/logo\\\/image\\\/\"},\"sameAs\":[\"http:\\\/\\\/www.facebook.com\\\/TeatreVillarroel\",\"https:\\\/\\\/x.com\\\/la_villarroel\",\"http:\\\/\\\/instagram.com\\\/la_villarroel\",\"http:\\\/\\\/www.youtube.com\\\/user\\\/LaVillarroel#p\\\/u\"]}]}<\/script>\n<!-- \/ Yoast SEO plugin. -->","yoast_head_json":{"title":"Rapha\u00eblle - La Villarroel","robots":{"index":"index","follow":"follow","max-snippet":"max-snippet:-1","max-image-preview":"max-image-preview:large","max-video-preview":"max-video-preview:-1"},"canonical":"https:\/\/www.lavillarroel.cat\/es\/ex\/raphaelle\/","schema":{"@context":"https:\/\/schema.org","@graph":[{"@type":"WebPage","@id":"https:\/\/www.lavillarroel.cat\/es\/ex\/raphaelle\/","url":"https:\/\/www.lavillarroel.cat\/es\/ex\/raphaelle\/","name":"Rapha\u00eblle - La Villarroel","isPartOf":{"@id":"https:\/\/www.lavillarroel.cat\/es\/#website"},"datePublished":"2021-09-01T12:38:21+00:00","breadcrumb":{"@id":"https:\/\/www.lavillarroel.cat\/es\/ex\/raphaelle\/#breadcrumb"},"inLanguage":"es","potentialAction":[{"@type":"ReadAction","target":["https:\/\/www.lavillarroel.cat\/es\/ex\/raphaelle\/"]}]},{"@type":"BreadcrumbList","@id":"https:\/\/www.lavillarroel.cat\/es\/ex\/raphaelle\/#breadcrumb","itemListElement":[{"@type":"ListItem","position":1,"name":"Inici","item":"https:\/\/www.lavillarroel.cat\/es\/"},{"@type":"ListItem","position":2,"name":"Espectacles","item":"https:\/\/www.lavillarroel.cat\/es\/ex\/"},{"@type":"ListItem","position":3,"name":"Rapha\u00eblle"}]},{"@type":"WebSite","@id":"https:\/\/www.lavillarroel.cat\/es\/#website","url":"https:\/\/www.lavillarroel.cat\/es\/","name":"La Villarroel","description":"","publisher":{"@id":"https:\/\/www.lavillarroel.cat\/es\/#organization"},"potentialAction":[{"@type":"SearchAction","target":{"@type":"EntryPoint","urlTemplate":"https:\/\/www.lavillarroel.cat\/es\/?s={search_term_string}"},"query-input":{"@type":"PropertyValueSpecification","valueRequired":true,"valueName":"search_term_string"}}],"inLanguage":"es"},{"@type":"Organization","@id":"https:\/\/www.lavillarroel.cat\/es\/#organization","name":"La Villarroel","url":"https:\/\/www.lavillarroel.cat\/es\/","logo":{"@type":"ImageObject","inLanguage":"es","@id":"https:\/\/www.lavillarroel.cat\/es\/#\/schema\/logo\/image\/","url":"https:\/\/www.lavillarroel.cat\/wp-content\/uploads\/sites\/5\/2017\/09\/teatre-villaroel-logo.svg","contentUrl":"https:\/\/www.lavillarroel.cat\/wp-content\/uploads\/sites\/5\/2017\/09\/teatre-villaroel-logo.svg","width":1,"height":1,"caption":"La Villarroel"},"image":{"@id":"https:\/\/www.lavillarroel.cat\/es\/#\/schema\/logo\/image\/"},"sameAs":["http:\/\/www.facebook.com\/TeatreVillarroel","https:\/\/x.com\/la_villarroel","http:\/\/instagram.com\/la_villarroel","http:\/\/www.youtube.com\/user\/LaVillarroel#p\/u"]}]}},"translations":[{"id":2710,"locale":"ca"},{"id":2915,"locale":"es"}],"_links":{"self":[{"href":"https:\/\/www.lavillarroel.cat\/es\/wp-json\/wp\/v2\/ex\/2915","targetHints":{"allow":["GET"]}}],"collection":[{"href":"https:\/\/www.lavillarroel.cat\/es\/wp-json\/wp\/v2\/ex"}],"about":[{"href":"https:\/\/www.lavillarroel.cat\/es\/wp-json\/wp\/v2\/types\/ex"}],"author":[{"embeddable":true,"href":"https:\/\/www.lavillarroel.cat\/es\/wp-json\/wp\/v2\/users\/2"}],"replies":[{"embeddable":true,"href":"https:\/\/www.lavillarroel.cat\/es\/wp-json\/wp\/v2\/comments?post=2915"}],"acf:term":[{"embeddable":true,"taxonomy":"season","href":"https:\/\/www.lavillarroel.cat\/es\/wp-json\/wp\/v2\/season\/93"}],"wp:attachment":[{"href":"https:\/\/www.lavillarroel.cat\/es\/wp-json\/wp\/v2\/media?parent=2915"}],"curies":[{"name":"wp","href":"https:\/\/api.w.org\/{rel}","templated":true}]}}

Raphaëlle

<p>¿Qué significa ser mujer? ¿Qué&nbsp;significa ser hombre?</p>
<p>RAPHAËLLE es el relato intenso y vital de una joven mujer transexual, Raphaëlle Pérez. Lucha, identidad y sueños: estas son las claves de un espectáculo de teatro documental que proyecta una mirada, a la vez racional y emocionante, hacia un mundo en constante transformación.<br /></p>

<p>Autoría <strong>La Conquesta del Pol Sud</strong><br />Dirección <strong>Carles Fernández Giua</strong></p>
<p>Es una producción de <strong>Grec Festival de Barcelona</strong>, <strong>Teatre Nacional de Catalunya</strong>, <strong>CCCB Centre de Cultura Contemporània </strong>y <strong>La Conquesta del Pol Sud</strong>, amb la col·laboració de <strong>Generalitat de Catalunya</strong>. <strong>Departament de Cultura.</strong></p>
<p>Reparto <strong>Raphaëlle Pérez, Carles F. Giua i Eugenio Szwarcer</strong><br />Diseño del espacio y video <strong>Eugenio Szwarcer</strong><br />Iluminación <strong>Luis Martí</strong><br />Espacio sonoro <strong>Damien Bazin</strong><br />Producción ejecutiva <strong>Carol Murcia</strong></p>
<p>&nbsp;</p>
<p><br />&nbsp;</p>

RaphaëlleRBLS

Raphaëlle es el relato intenso y vital de una joven mujer transsexual, Raphaëlle Pérez protagonizado por ella misma que se presentará en el Festival RBLS en La Villarroel de Barcelona.

[{"localizer":"V3SLIDE","url":"media/ftgalslide/v3/3157E/01_086_00051890/LCPS_Raphaelle_foto_AlfredMauve_18.JPG","thumb_url":"media/ftgalslide/v3/3157E/01_086_00051890/LCPS_Raphaelle_foto_AlfredMauve_18_thumb.jpg","title":"Raphaëlle - La Villarroel","description":"raphaelle al teatre la villarroel de barcelona","copyright":"","order":3},{"localizer":"V3SLIDE","url":"media/ftgalslide/v3/3157E/01_086_00051891/_Alfred_Mauve_Raphaelle07.JPG","thumb_url":"media/ftgalslide/v3/3157E/01_086_00051891/_Alfred_Mauve_Raphaelle07_thumb.jpg","title":"Raphaëlle - La Villarroel","description":"raphaelle al teatre la villarroel de barcelona","copyright":"","order":4},{"localizer":"V3PORTADA","url":"media/ver/port/v3/3157E/01_084_00051896/1-raphaelle-V2-la-villarroel-teatre.jpg","thumb_url":"media/ver/port/v3/3157E/01_084_00051896/1-raphaelle-V2-la-villarroel-teatre_thumb.jpg","title":"Raphaëlle - La Villarroel","description":"raphaëlle a la villlarroel de barcelona","copyright":"","order":5},{"localizer":"V3CARTELL","url":"media/ver/cartell/v3/3157E/01_085_00051897/cartell-web-raphaelle-V2-la-villarroel-teatre.jpg","thumb_url":"media/ver/cartell/v3/3157E/01_085_00051897/cartell-web-raphaelle-V2-la-villarroel-teatre_thumb.jpg","title":"Raphaëlle - La Villarroel","description":"raphaëlle a la villlarroel de barcelona","copyright":"","order":6}]

<!-- This site is optimized with the Yoast SEO plugin v27.5 - https://yoast.com/product/yoast-seo-wordpress/ -->
<title>Raphaëlle - La Villarroel</title>
<meta name="robots" content="index, follow, max-snippet:-1, max-image-preview:large, max-video-preview:-1" />
<link rel="canonical" href="https://www.lavillarroel.cat/es/ex/raphaelle/" />
<script type="application/ld+json" class="yoast-schema-graph">{"@context":"https:\/\/schema.org","@graph":[{"@type":"WebPage","@id":"https:\/\/www.lavillarroel.cat\/es\/ex\/raphaelle\/","url":"https:\/\/www.lavillarroel.cat\/es\/ex\/raphaelle\/","name":"Raphaëlle - La Villarroel","isPartOf":{"@id":"https:\/\/www.lavillarroel.cat\/es\/#website"},"datePublished":"2021-09-01T12:38:21+00:00","breadcrumb":{"@id":"https:\/\/www.lavillarroel.cat\/es\/ex\/raphaelle\/#breadcrumb"},"inLanguage":"es","potentialAction":[{"@type":"ReadAction","target":["https:\/\/www.lavillarroel.cat\/es\/ex\/raphaelle\/"]}]},{"@type":"BreadcrumbList","@id":"https:\/\/www.lavillarroel.cat\/es\/ex\/raphaelle\/#breadcrumb","itemListElement":[{"@type":"ListItem","position":1,"name":"Inici","item":"https:\/\/www.lavillarroel.cat\/es\/"},{"@type":"ListItem","position":2,"name":"Espectacles","item":"https:\/\/www.lavillarroel.cat\/es\/ex\/"},{"@type":"ListItem","position":3,"name":"Raphaëlle"}]},{"@type":"WebSite","@id":"https:\/\/www.lavillarroel.cat\/es\/#website","url":"https:\/\/www.lavillarroel.cat\/es\/","name":"La Villarroel","description":"","publisher":{"@id":"https:\/\/www.lavillarroel.cat\/es\/#organization"},"potentialAction":[{"@type":"SearchAction","target":{"@type":"EntryPoint","urlTemplate":"https:\/\/www.lavillarroel.cat\/es\/?s={search_term_string}"},"query-input":{"@type":"PropertyValueSpecification","valueRequired":true,"valueName":"search_term_string"}}],"inLanguage":"es"},{"@type":"Organization","@id":"https:\/\/www.lavillarroel.cat\/es\/#organization","name":"La Villarroel","url":"https:\/\/www.lavillarroel.cat\/es\/","logo":{"@type":"ImageObject","inLanguage":"es","@id":"https:\/\/www.lavillarroel.cat\/es\/#\/schema\/logo\/image\/","url":"https:\/\/www.lavillarroel.cat\/wp-content\/uploads\/sites\/5\/2017\/09\/teatre-villaroel-logo.svg","contentUrl":"https:\/\/www.lavillarroel.cat\/wp-content\/uploads\/sites\/5\/2017\/09\/teatre-villaroel-logo.svg","width":1,"height":1,"caption":"La Villarroel"},"image":{"@id":"https:\/\/www.lavillarroel.cat\/es\/#\/schema\/logo\/image\/"},"sameAs":["http:\/\/www.facebook.com\/TeatreVillarroel","https:\/\/x.com\/la_villarroel","http:\/\/instagram.com\/la_villarroel","http:\/\/www.youtube.com\/user\/LaVillarroel#p\/u"]}]}</script>
<!-- / Yoast SEO plugin. -->

Raphaëlle - La Villarroel
