{"id":2927,"date":"2022-09-02T06:17:51","date_gmt":"2022-09-02T04:17:51","guid":{"rendered":"https:\/\/pre.lavillarroel.cat\/ex\/\/cost-de-vida\/"},"modified":"2023-05-08T12:56:33","modified_gmt":"2023-05-08T10:56:33","slug":"cost-de-vida","status":"publish","type":"ex","link":"https:\/\/www.lavillarroel.cat\/es\/ex\/cost-de-vida\/","title":{"rendered":"Cost de vida"},"content":{"rendered":"","protected":false},"excerpt":{"rendered":"","protected":false},"author":2,"featured_media":0,"comment_status":"closed","ping_status":"closed","template":"","class_list":["post-2927","ex","type-ex","status-publish","hentry","season-2022-23"],"acf":{"txt_synopsis":"<p>Eddie, un camionero en paro, y su exmujer, Ani, se reencuentran de una manera inesperada tras un accidente terrible que le ha dejado tetrapl\u00e9jica.<br \/>Jess, hija de inmigrantes, graduada universitaria, pluriempleada, se encuentra en un momento desesperado cuando se presenta a la oferta de trabajo de cuidadora que ha publicado John, un investigador universitario brillante con par\u00e1lisis cerebral.<br \/>A medida que estas cuatro vidas tan diferentes colisionan y se entrelazan, los roles se intercambian, se invierten y exponen. La complejidad de cuidar y dejarse cuidar. \u00bfQui\u00e9n ayuda a qui\u00e9n?<br \/>Esta nueva obra exquisitamente original, honesta y divertida de Martyna Majok, explora nuestra necesidad de conectar y ser queridos por encima de cualquier diferencia.<\/p>\n<p>&nbsp;<\/p>\n<p><br \/>&nbsp;<\/p>","main_buy_link":"","main_buy_links":"","group_buy_link":"","show_language":"Espect\u00e1culo en catal\u00e1n","show_duration":"110","show_start_date":"20230224000000","show_end_date":"20230402000000","show_sort_date":"20230224000000","txt_custom_show_dates":"del 24 de febrero al 2 de abril de 2023","show_disciplines":"11","show_ultimes_funcions":false,"hide_tarifes_especials":false,"show_properament":false,"txt_additional_info":"<p><i class=\"fa fa-info fa-2x fa-fw\"><\/i>El d\u00eda 22 de marzo se celebrar\u00e1 una postfunci\u00f3n a cargo de Xavi Pardo, cr\u00edtico de RAC1 y colaborador de Recomana.cat <\/p>","txt_present":"","show_season":[94],"txt_season":"[\"2022\/23\"]","txt_cycle":"","txt_claim":"Eddie, un camionero en paro, y su exmujer, Ani, se reencuentran de una manera inesperada tras un accidente terrible que le ha dejado tetrapl\u00e9jica","txt_cast_excerpt":"","txt_cast":"<p>T\u00edtulo original: <strong><em>Cost of living <br \/><\/em><\/strong>Autor\u00eda: <strong>Martyna Majok <br \/><\/strong>Traducci\u00f3n: <strong>Adriana Nadal<br \/><\/strong>Direcci\u00f3n: <strong>Pau Carri\u00f3&nbsp;<br \/><\/strong>&nbsp;<br \/>Int\u00e9rpretes: <strong>Julio Manrique, Pau Roca, Anna Sahun, Katrin Vankova<\/strong><\/p>\n<p>Escenograf\u00eda: <strong>Paula Bosch<br \/><\/strong>Vestuario: <strong>Pol Cornudella<br \/><\/strong>Iluminaci\u00f3n: <strong>Guillem Gelabert<br \/><\/strong>Movimiento:<strong> Anna Rubirola<br \/><\/strong>Ayudant\u00eda de direcci\u00f3n:<strong> Clara Mata<br \/><\/strong>&nbsp;<br \/>Producci\u00f3n: <strong>Adriana Nadal y Pol Cornudella<br \/><\/strong>Jefe t\u00e9cnico del teatro: <strong>Iker Gabald\u00f3n <br \/><br \/><\/strong>Construcci\u00f3n de escenograf\u00eda: <strong>Taller Jorba Mir\u00f3<br \/><br \/><\/strong>M\u00e1rquetin y comunicaci\u00f3n: <strong>La Villarroel<br \/><\/strong>Dise\u00f1o gr\u00e1fico: <strong>Edu Buch<br \/><\/strong>Redes Sixto Paz:<strong> Eladi Bonastre<br \/><\/strong>Aplicaciones gr\u00e1ficas: <strong>Santi&Kco<br \/><\/strong>Fotograf\u00eda: <strong>Kiku Pi\u00f1ol<br \/><br \/><\/strong>Agradecimientos:<strong> Institut Guttmann, Jana Arimany, ASPACE, Montse Boqueres, La Muriel, Montse Boqueres, La Muriel, Jumark (Like at home) y Perla 29<br \/><\/strong>Una coproducci\u00f3n de <strong>Sixto Paz y La Villarroel <\/strong><\/p>\n<p>Con el apoyo de: <strong>ICEC<\/strong><\/p>\n<p>Distribuci\u00f3n: <strong>Sergi Calleja<\/strong> (<a href=\"mailto:scalleja@focus.cat\">scalleja@focus.cat<\/a>)<\/p>\n<p><\/p>","txt_reviews":"","hashtag":"CostdeVida","have_promo":"","slogan":"","id_exhibicio":1951,"id_versio":1558,"id_local":4,"txt_seo_desc":"","data_images":"[{\"localizer\":\"V3CARTELL\",\"url\":\"media\/ver\/cartell\/v3\/315E4\/01_085_00055266\/Cartell-web-CARLOS-cost-de-vida-teatre-la-villarroel.jpg\",\"thumb_url\":\"media\/ver\/cartell\/v3\/315E4\/01_085_00055266\/Cartell-web-CARLOS-cost-de-vida-teatre-la-villarroel_thumb.jpg\",\"title\":\"Cost de vida - La Villarroel\",\"description\":\"cost de vida a la villarroel de barcelona\",\"copyright\":\"\",\"order\":5},{\"localizer\":\"V3SLIDE\",\"url\":\"media\/ftgalslide\/v3\/3163F\/01_086_00055679\/BK3A4199.jpg\",\"thumb_url\":\"media\/ftgalslide\/v3\/3163F\/01_086_00055679\/BK3A4199_thumb.jpg\",\"title\":\"Cost de Vida - La Villarroel\",\"description\":\"cost de vida a la villarroel\",\"copyright\":\"https:\/\/www.youtube.com\/watch?v=WEWmujdzc-U\",\"order\":6},{\"localizer\":\"V3SLIDE\",\"url\":\"media\/ftgalslide\/v3\/3163F\/01_086_00055680\/JULIO_I_ANNA.jpg\",\"thumb_url\":\"media\/ftgalslide\/v3\/3163F\/01_086_00055680\/JULIO_I_ANNA_thumb.jpg\",\"title\":\"Cost de Vida - La Villarroel\",\"description\":\"cost de vida  a la villarroel de barcelona\",\"copyright\":\"\",\"order\":7},{\"localizer\":\"V3SLIDE\",\"url\":\"media\/ftgalslide\/v3\/3163F\/01_086_00055681\/BK3A4298.jpg\",\"thumb_url\":\"media\/ftgalslide\/v3\/3163F\/01_086_00055681\/BK3A4298_thumb.jpg\",\"title\":\"Cost de Vida - La Villarroel\",\"description\":\"cost de vida a la villarroel de barcelona\",\"copyright\":\"\",\"order\":8},{\"localizer\":\"V3PORTADAWIDE\",\"url\":\"media\/ver\/port\/v3wide\/3163F\/01_088_00055757\/Portada-0.jpg\",\"thumb_url\":\"media\/ver\/port\/v3wide\/3163F\/01_088_00055757\/Portada-0_thumb.jpg\",\"title\":\"Cost de vida - La Villarroel\",\"description\":\"cost de vida a la villarroel de barcelona\",\"copyright\":\"\",\"order\":9},{\"localizer\":\"V3PORTADA\",\"url\":\"media\/ver\/port\/v3\/3163F\/01_084_00055758\/portada-1.jpg\",\"thumb_url\":\"media\/ver\/port\/v3\/3163F\/01_084_00055758\/portada-1_thumb.jpg\",\"title\":\"Cost de vida - La Villarroel\",\"description\":\"cost de vida a la villarroel de barcelona\",\"copyright\":\"\",\"order\":10}]","material__texto_intro":"","data_material":null,"data_gallery":"","data_discounts":"[]","contract_is_open":true,"in_tour":false},"yoast_head":"<!-- This site is optimized with the Yoast SEO plugin v27.5 - https:\/\/yoast.com\/product\/yoast-seo-wordpress\/ -->\n<title>Cost de vida - La Villarroel<\/title>\n<meta name=\"robots\" content=\"index, follow, max-snippet:-1, max-image-preview:large, max-video-preview:-1\" \/>\n<link rel=\"canonical\" href=\"https:\/\/www.lavillarroel.cat\/es\/ex\/cost-de-vida\/\" \/>\n<script type=\"application\/ld+json\" class=\"yoast-schema-graph\">{\"@context\":\"https:\\\/\\\/schema.org\",\"@graph\":[{\"@type\":\"WebPage\",\"@id\":\"https:\\\/\\\/www.lavillarroel.cat\\\/es\\\/ex\\\/cost-de-vida\\\/\",\"url\":\"https:\\\/\\\/www.lavillarroel.cat\\\/es\\\/ex\\\/cost-de-vida\\\/\",\"name\":\"Cost de vida - La Villarroel\",\"isPartOf\":{\"@id\":\"https:\\\/\\\/www.lavillarroel.cat\\\/es\\\/#website\"},\"datePublished\":\"2022-09-02T04:17:51+00:00\",\"dateModified\":\"2023-05-08T10:56:33+00:00\",\"breadcrumb\":{\"@id\":\"https:\\\/\\\/www.lavillarroel.cat\\\/es\\\/ex\\\/cost-de-vida\\\/#breadcrumb\"},\"inLanguage\":\"es\",\"potentialAction\":[{\"@type\":\"ReadAction\",\"target\":[\"https:\\\/\\\/www.lavillarroel.cat\\\/es\\\/ex\\\/cost-de-vida\\\/\"]}]},{\"@type\":\"BreadcrumbList\",\"@id\":\"https:\\\/\\\/www.lavillarroel.cat\\\/es\\\/ex\\\/cost-de-vida\\\/#breadcrumb\",\"itemListElement\":[{\"@type\":\"ListItem\",\"position\":1,\"name\":\"Inici\",\"item\":\"https:\\\/\\\/www.lavillarroel.cat\\\/es\\\/\"},{\"@type\":\"ListItem\",\"position\":2,\"name\":\"Espectacles\",\"item\":\"https:\\\/\\\/www.lavillarroel.cat\\\/es\\\/ex\\\/\"},{\"@type\":\"ListItem\",\"position\":3,\"name\":\"Cost de vida\"}]},{\"@type\":\"WebSite\",\"@id\":\"https:\\\/\\\/www.lavillarroel.cat\\\/es\\\/#website\",\"url\":\"https:\\\/\\\/www.lavillarroel.cat\\\/es\\\/\",\"name\":\"La Villarroel\",\"description\":\"\",\"publisher\":{\"@id\":\"https:\\\/\\\/www.lavillarroel.cat\\\/es\\\/#organization\"},\"potentialAction\":[{\"@type\":\"SearchAction\",\"target\":{\"@type\":\"EntryPoint\",\"urlTemplate\":\"https:\\\/\\\/www.lavillarroel.cat\\\/es\\\/?s={search_term_string}\"},\"query-input\":{\"@type\":\"PropertyValueSpecification\",\"valueRequired\":true,\"valueName\":\"search_term_string\"}}],\"inLanguage\":\"es\"},{\"@type\":\"Organization\",\"@id\":\"https:\\\/\\\/www.lavillarroel.cat\\\/es\\\/#organization\",\"name\":\"La Villarroel\",\"url\":\"https:\\\/\\\/www.lavillarroel.cat\\\/es\\\/\",\"logo\":{\"@type\":\"ImageObject\",\"inLanguage\":\"es\",\"@id\":\"https:\\\/\\\/www.lavillarroel.cat\\\/es\\\/#\\\/schema\\\/logo\\\/image\\\/\",\"url\":\"https:\\\/\\\/www.lavillarroel.cat\\\/wp-content\\\/uploads\\\/sites\\\/5\\\/2017\\\/09\\\/teatre-villaroel-logo.svg\",\"contentUrl\":\"https:\\\/\\\/www.lavillarroel.cat\\\/wp-content\\\/uploads\\\/sites\\\/5\\\/2017\\\/09\\\/teatre-villaroel-logo.svg\",\"width\":1,\"height\":1,\"caption\":\"La Villarroel\"},\"image\":{\"@id\":\"https:\\\/\\\/www.lavillarroel.cat\\\/es\\\/#\\\/schema\\\/logo\\\/image\\\/\"},\"sameAs\":[\"http:\\\/\\\/www.facebook.com\\\/TeatreVillarroel\",\"https:\\\/\\\/x.com\\\/la_villarroel\",\"http:\\\/\\\/instagram.com\\\/la_villarroel\",\"http:\\\/\\\/www.youtube.com\\\/user\\\/LaVillarroel#p\\\/u\"]}]}<\/script>\n<!-- \/ Yoast SEO plugin. -->","yoast_head_json":{"title":"Cost de vida - La Villarroel","robots":{"index":"index","follow":"follow","max-snippet":"max-snippet:-1","max-image-preview":"max-image-preview:large","max-video-preview":"max-video-preview:-1"},"canonical":"https:\/\/www.lavillarroel.cat\/es\/ex\/cost-de-vida\/","schema":{"@context":"https:\/\/schema.org","@graph":[{"@type":"WebPage","@id":"https:\/\/www.lavillarroel.cat\/es\/ex\/cost-de-vida\/","url":"https:\/\/www.lavillarroel.cat\/es\/ex\/cost-de-vida\/","name":"Cost de vida - La Villarroel","isPartOf":{"@id":"https:\/\/www.lavillarroel.cat\/es\/#website"},"datePublished":"2022-09-02T04:17:51+00:00","dateModified":"2023-05-08T10:56:33+00:00","breadcrumb":{"@id":"https:\/\/www.lavillarroel.cat\/es\/ex\/cost-de-vida\/#breadcrumb"},"inLanguage":"es","potentialAction":[{"@type":"ReadAction","target":["https:\/\/www.lavillarroel.cat\/es\/ex\/cost-de-vida\/"]}]},{"@type":"BreadcrumbList","@id":"https:\/\/www.lavillarroel.cat\/es\/ex\/cost-de-vida\/#breadcrumb","itemListElement":[{"@type":"ListItem","position":1,"name":"Inici","item":"https:\/\/www.lavillarroel.cat\/es\/"},{"@type":"ListItem","position":2,"name":"Espectacles","item":"https:\/\/www.lavillarroel.cat\/es\/ex\/"},{"@type":"ListItem","position":3,"name":"Cost de vida"}]},{"@type":"WebSite","@id":"https:\/\/www.lavillarroel.cat\/es\/#website","url":"https:\/\/www.lavillarroel.cat\/es\/","name":"La Villarroel","description":"","publisher":{"@id":"https:\/\/www.lavillarroel.cat\/es\/#organization"},"potentialAction":[{"@type":"SearchAction","target":{"@type":"EntryPoint","urlTemplate":"https:\/\/www.lavillarroel.cat\/es\/?s={search_term_string}"},"query-input":{"@type":"PropertyValueSpecification","valueRequired":true,"valueName":"search_term_string"}}],"inLanguage":"es"},{"@type":"Organization","@id":"https:\/\/www.lavillarroel.cat\/es\/#organization","name":"La Villarroel","url":"https:\/\/www.lavillarroel.cat\/es\/","logo":{"@type":"ImageObject","inLanguage":"es","@id":"https:\/\/www.lavillarroel.cat\/es\/#\/schema\/logo\/image\/","url":"https:\/\/www.lavillarroel.cat\/wp-content\/uploads\/sites\/5\/2017\/09\/teatre-villaroel-logo.svg","contentUrl":"https:\/\/www.lavillarroel.cat\/wp-content\/uploads\/sites\/5\/2017\/09\/teatre-villaroel-logo.svg","width":1,"height":1,"caption":"La Villarroel"},"image":{"@id":"https:\/\/www.lavillarroel.cat\/es\/#\/schema\/logo\/image\/"},"sameAs":["http:\/\/www.facebook.com\/TeatreVillarroel","https:\/\/x.com\/la_villarroel","http:\/\/instagram.com\/la_villarroel","http:\/\/www.youtube.com\/user\/LaVillarroel#p\/u"]}]}},"translations":[{"id":2722,"locale":"ca"},{"id":2927,"locale":"es"}],"_links":{"self":[{"href":"https:\/\/www.lavillarroel.cat\/es\/wp-json\/wp\/v2\/ex\/2927","targetHints":{"allow":["GET"]}}],"collection":[{"href":"https:\/\/www.lavillarroel.cat\/es\/wp-json\/wp\/v2\/ex"}],"about":[{"href":"https:\/\/www.lavillarroel.cat\/es\/wp-json\/wp\/v2\/types\/ex"}],"author":[{"embeddable":true,"href":"https:\/\/www.lavillarroel.cat\/es\/wp-json\/wp\/v2\/users\/2"}],"replies":[{"embeddable":true,"href":"https:\/\/www.lavillarroel.cat\/es\/wp-json\/wp\/v2\/comments?post=2927"}],"acf:term":[{"embeddable":true,"taxonomy":"season","href":"https:\/\/www.lavillarroel.cat\/es\/wp-json\/wp\/v2\/season\/94"}],"wp:attachment":[{"href":"https:\/\/www.lavillarroel.cat\/es\/wp-json\/wp\/v2\/media?parent=2927"}],"curies":[{"name":"wp","href":"https:\/\/api.w.org\/{rel}","templated":true}]}}

<p>Eddie, un camionero en paro, y su exmujer, Ani, se reencuentran de una manera inesperada tras un accidente terrible que le ha dejado tetrapléjica.<br />Jess, hija de inmigrantes, graduada universitaria, pluriempleada, se encuentra en un momento desesperado cuando se presenta a la oferta de trabajo de cuidadora que ha publicado John, un investigador universitario brillante con parálisis cerebral.<br />A medida que estas cuatro vidas tan diferentes colisionan y se entrelazan, los roles se intercambian, se invierten y exponen. La complejidad de cuidar y dejarse cuidar. ¿Quién ayuda a quién?<br />Esta nueva obra exquisitamente original, honesta y divertida de Martyna Majok, explora nuestra necesidad de conectar y ser queridos por encima de cualquier diferencia.</p>
<p>&nbsp;</p>
<p><br />&nbsp;</p>

Espectáculo en catalán

<p><i class="fa fa-info fa-2x fa-fw"></i>El día 22 de marzo se celebrará una postfunción a cargo de Xavi Pardo, crítico de RAC1 y colaborador de Recomana.cat </p>

Eddie, un camionero en paro, y su exmujer, Ani, se reencuentran de una manera inesperada tras un accidente terrible que le ha dejado tetrapléjica

<p>Título original: <strong><em>Cost of living <br /></em></strong>Autoría: <strong>Martyna Majok <br /></strong>Traducción: <strong>Adriana Nadal<br /></strong>Dirección: <strong>Pau Carrió&nbsp;<br /></strong>&nbsp;<br />Intérpretes: <strong>Julio Manrique, Pau Roca, Anna Sahun, Katrin Vankova</strong></p>
<p>Escenografía: <strong>Paula Bosch<br /></strong>Vestuario: <strong>Pol Cornudella<br /></strong>Iluminación: <strong>Guillem Gelabert<br /></strong>Movimiento:<strong> Anna Rubirola<br /></strong>Ayudantía de dirección:<strong> Clara Mata<br /></strong>&nbsp;<br />Producción: <strong>Adriana Nadal y Pol Cornudella<br /></strong>Jefe técnico del teatro: <strong>Iker Gabaldón <br /><br /></strong>Construcción de escenografía: <strong>Taller Jorba Miró<br /><br /></strong>Márquetin y comunicación: <strong>La Villarroel<br /></strong>Diseño gráfico: <strong>Edu Buch<br /></strong>Redes Sixto Paz:<strong> Eladi Bonastre<br /></strong>Aplicaciones gráficas: <strong>Santi&Kco<br /></strong>Fotografía: <strong>Kiku Piñol<br /><br /></strong>Agradecimientos:<strong> Institut Guttmann, Jana Arimany, ASPACE, Montse Boqueres, La Muriel, Montse Boqueres, La Muriel, Jumark (Like at home) y Perla 29<br /></strong>Una coproducción de <strong>Sixto Paz y La Villarroel </strong></p>
<p>Con el apoyo de: <strong>ICEC</strong></p>
<p>Distribución: <strong>Sergi Calleja</strong> (<a href="mailto:scalleja@focus.cat">scalleja@focus.cat</a>)</p>
<p></p>
