{"id":3843,"date":"2024-09-04T15:09:29","date_gmt":"2024-09-04T13:09:29","guid":{"rendered":"https:\/\/www.lavillarroel.cat\/ex\/boja-rbls\/"},"modified":"2026-02-03T17:36:18","modified_gmt":"2026-02-03T16:36:18","slug":"boja-2","status":"publish","type":"ex","link":"https:\/\/www.lavillarroel.cat\/es\/ex\/boja-2\/","title":{"rendered":"Boja"},"content":{"rendered":"","protected":false},"excerpt":{"rendered":"","protected":false},"author":2,"featured_media":0,"comment_status":"closed","ping_status":"closed","template":"","class_list":["post-3843","ex","type-ex","status-publish","hentry","season-2024-25-es"],"acf":{"txt_synopsis":"<p>\u00bfQu\u00e9 ocurre, realmente, dentro de la consulta de un psiquiatra?<\/p>\r\n<p><em>BOJA<\/em> es un espect\u00e1culo que retrata en primera persona la experiencia vivida por la actriz durante los \u00faltimos 16 a\u00f1os en consultas de diversos psiquiatras.<\/p>\r\n<p>\u00bfQu\u00e9 me pasa? \u00bfQu\u00e9 me pasa? Mariona lleva a\u00f1os haci\u00e9ndose esa pregunta. Nadie puede llegar a imaginar que las respuestas a su pregunta puedan ser tan in\u00e9ditas como c\u00f3micas.<\/p>\r\n<p>Un espect\u00e1culo sobre la b\u00fasqueda de la propia identidad y del sentido de la vida cuando parece que ya nada tiene sentido.<br \/><\/p>","main_buy_link":"","main_buy_links":"","group_buy_link":"","show_language":"Espect\u00e1culo en catal\u00e1n y castellano con canciones cantadas en ingl\u00e9s ","show_duration":"60","show_start_date":"20241111000000","show_end_date":"20241111000000","show_sort_date":"20241111000000","txt_custom_show_dates":"el 11 de noviembre de 2024 ","show_disciplines":"12","show_ultimes_funcions":false,"hide_tarifes_especials":false,"show_properament":false,"txt_additional_info":"<ul>\r\n<li>Recomendada a partir de 14 a\u00f1os \r\n<\/li><li>El lunes <strong>16 de febrero<\/strong> tendr\u00e1 lugar un <strong>coloquio postfunci\u00f3n<\/strong> con la participaci\u00f3n de Eva A., psic\u00f3loga psicoterapeuta de j\u00f3venes y adultos con m\u00e1s de 20 a\u00f1os de profesi\u00f3n, y la compa\u00f1\u00eda.\r\n<\/li><li>El lunes <strong>23 de febrero<\/strong> tendr\u00e1 lugar un <strong>coloquio postfunci\u00f3n<\/strong> con la participaci\u00f3n de Sara Guila Fidel Kinori, especialista en Psicologia Cl\u00ednica, adjunta del Servicio de Psiquiatr\u00eda del Hospital Universitari Vall d\u2019Hebron, y la compa\u00f1\u00eda.<br \/><\/li><\/ul>","txt_present":"","show_season":[100],"txt_season":"[\"2024\/25\"]","txt_cycle":"RBLS Festival Teatre Jove","txt_claim":"\u00bfQu\u00e9 ocurre, realmente, dentro de la consulta de un psiquiatra?","txt_cast_excerpt":"","txt_cast":"<p>Autor\u00eda: <strong>Mariona Esplugues <br \/><\/strong>Direcci\u00f3n:\u202f<strong>Mariona Esplugues y Andrea Castellanos <\/strong><\/p>\r\n<p>Int\u00e9rprete: <strong>Mariona Esplugues <\/strong><\/p>\r\n<p>Escenograf\u00eda y vestuario: <strong>Andrea Castellanos y Mariona Esplugues <br \/><\/strong>Iluminaci\u00f3n: <strong>Ona Grau <br \/><\/strong>Espacio sonoro: <strong>Marc Oller <br \/><\/strong>Apoyo audiovisual: <strong>Andrea Monje<\/strong> <\/p>\r\n<p>Asesoramiento de producci\u00f3n: <strong>Andrea Castellanos <br \/><\/strong>Jefa t\u00e9cnica del teatro: <strong>Marta P\u00e9rez\u202f<\/strong> <\/p>\r\n<p>M\u00e1rquetin y comunicaci\u00f3n de la compa\u00f1\u00eda: <strong>Nil Mart\u00edn <br \/><\/strong>M\u00e1rquetin y comunicaci\u00f3n del teatro: <strong>La Villarroel \u202f <\/strong><\/p>\r\n<p>Agradecimientos: <strong>Carol L\u00f3pez, Mar Medina, N\u00faria S\u00e1nchez, Queralt Casasayas <\/strong><\/p>\r\n<p>Es una producci\u00f3n de\u202f<strong>Mariona Esplugues <\/strong>con el apoyo de <strong>E\u00f2lia Centre Superior d\u2019Art Dram\u00e0tic <\/strong><\/p>\r\n<p><br \/>&nbsp;<\/p>","txt_reviews":"Ferran Baile|Recomana|\u201cUn valiente striptease emocional y terap\u00e9utico, a medio camino, entre el mon\u00f3logo y la performance\u201d \r\nNeus M\u00f2nico|Teatre Barcelona|\u201cMariona Esplugues se come el escenario. Su interpretaci\u00f3n es brillante (movimiento, voz e interpretaci\u00f3n)\u201d ","hashtag":"Boja","have_promo":"","slogan":"","id_exhibicio":2204,"id_versio":1745,"id_local":4,"txt_seo_desc":"","data_images":"[{\"localizer\":\"V4PORTADAWIDE\",\"url\":\"media\/ver\/port\/wide\/v4\/3170B\/01_091_00059040\/1-Portada_0_2880x1260.jpg\",\"thumb_url\":\"\",\"title\":\"Boja - La Villarroel\",\"description\":\"boja a la villarroel\",\"copyright\":\"\",\"order\":9},{\"localizer\":\"V4PORTADAWIDEMOBILE\",\"url\":\"media\/ver\/port\/wide\/mobile\/v4\/3170B\/01_092_00059041\/3-Portada_Mobile_828x1800.jpg\",\"thumb_url\":\"\",\"title\":\"Boja - La Villarroel\",\"description\":\"boja a la villarroel\",\"copyright\":\"\",\"order\":10},{\"localizer\":\"V4PORTADA\",\"url\":\"media\/ver\/port\/v4\/3170B\/01_090_00059042\/2-Portada_1_760x760.jpg\",\"thumb_url\":\"\",\"title\":\"Boja - La Villarroel\",\"description\":\"boja a la villarroel\",\"copyright\":\"\",\"order\":11},{\"localizer\":\"V4CARTELL\",\"url\":\"media\/ver\/cartell\/v4\/3170B\/01_089_00059043\/4-Cartell_web_720x1100.jpg\",\"thumb_url\":\"\",\"title\":\"Boja - La Villarroel\",\"description\":\"boja a la villarroel\",\"copyright\":\"\",\"order\":12},{\"localizer\":\"V3SLIDE\",\"url\":\"media\/ftgalslide\/v3\/31769\/01_086_00059552\/Disseny_sense_titol_-_2026-01-23T135101419.jpg\",\"thumb_url\":\"media\/ftgalslide\/v3\/31769\/01_086_00059552\/Disseny_sense_titol_-_2026-01-23T135101419_thumb.jpg\",\"title\":\"Boja - La Villarroel\",\"description\":\"boja a la villarroel\",\"copyright\":\"https:\/\/youtu.be\/DEk-hyJ0IEk\",\"order\":15},{\"localizer\":\"V3SLIDE\",\"url\":\"media\/ftgalslide\/v3\/31769\/01_086_00059553\/Disseny_sense_titol_-_2026-01-23T135107275.jpg\",\"thumb_url\":\"media\/ftgalslide\/v3\/31769\/01_086_00059553\/Disseny_sense_titol_-_2026-01-23T135107275_thumb.jpg\",\"title\":\"Boja - La Villarroel\",\"description\":\"boja a la villarroel\",\"copyright\":\"\",\"order\":16},{\"localizer\":\"V3SLIDE\",\"url\":\"media\/ftgalslide\/v3\/31769\/01_086_00059554\/Disseny_sense_titol_-_2026-01-23T135113379.jpg\",\"thumb_url\":\"media\/ftgalslide\/v3\/31769\/01_086_00059554\/Disseny_sense_titol_-_2026-01-23T135113379_thumb.jpg\",\"title\":\"Boja - La Villarroel\",\"description\":\"boja a la villarroel\",\"copyright\":\"\",\"order\":17}]","material__texto_intro":"","data_material":null,"data_gallery":"","data_discounts":"[]","contract_is_open":false,"in_tour":false},"yoast_head":"<!-- This site is optimized with the Yoast SEO plugin v27.5 - https:\/\/yoast.com\/product\/yoast-seo-wordpress\/ -->\n<title>Boja - La Villarroel<\/title>\n<meta name=\"robots\" content=\"index, follow, max-snippet:-1, max-image-preview:large, max-video-preview:-1\" \/>\n<link rel=\"canonical\" href=\"https:\/\/www.lavillarroel.cat\/es\/ex\/boja-2\/\" \/>\n<script type=\"application\/ld+json\" class=\"yoast-schema-graph\">{\"@context\":\"https:\\\/\\\/schema.org\",\"@graph\":[{\"@type\":\"WebPage\",\"@id\":\"https:\\\/\\\/www.lavillarroel.cat\\\/es\\\/ex\\\/boja-2\\\/\",\"url\":\"https:\\\/\\\/www.lavillarroel.cat\\\/es\\\/ex\\\/boja-2\\\/\",\"name\":\"Boja - La Villarroel\",\"isPartOf\":{\"@id\":\"https:\\\/\\\/www.lavillarroel.cat\\\/es\\\/#website\"},\"datePublished\":\"2024-09-04T13:09:29+00:00\",\"dateModified\":\"2026-02-03T16:36:18+00:00\",\"breadcrumb\":{\"@id\":\"https:\\\/\\\/www.lavillarroel.cat\\\/es\\\/ex\\\/boja-2\\\/#breadcrumb\"},\"inLanguage\":\"es\",\"potentialAction\":[{\"@type\":\"ReadAction\",\"target\":[\"https:\\\/\\\/www.lavillarroel.cat\\\/es\\\/ex\\\/boja-2\\\/\"]}]},{\"@type\":\"BreadcrumbList\",\"@id\":\"https:\\\/\\\/www.lavillarroel.cat\\\/es\\\/ex\\\/boja-2\\\/#breadcrumb\",\"itemListElement\":[{\"@type\":\"ListItem\",\"position\":1,\"name\":\"Inici\",\"item\":\"https:\\\/\\\/www.lavillarroel.cat\\\/es\\\/\"},{\"@type\":\"ListItem\",\"position\":2,\"name\":\"Espectacles\",\"item\":\"https:\\\/\\\/www.lavillarroel.cat\\\/es\\\/ex\\\/\"},{\"@type\":\"ListItem\",\"position\":3,\"name\":\"Boja\"}]},{\"@type\":\"WebSite\",\"@id\":\"https:\\\/\\\/www.lavillarroel.cat\\\/es\\\/#website\",\"url\":\"https:\\\/\\\/www.lavillarroel.cat\\\/es\\\/\",\"name\":\"La Villarroel\",\"description\":\"\",\"publisher\":{\"@id\":\"https:\\\/\\\/www.lavillarroel.cat\\\/es\\\/#organization\"},\"potentialAction\":[{\"@type\":\"SearchAction\",\"target\":{\"@type\":\"EntryPoint\",\"urlTemplate\":\"https:\\\/\\\/www.lavillarroel.cat\\\/es\\\/?s={search_term_string}\"},\"query-input\":{\"@type\":\"PropertyValueSpecification\",\"valueRequired\":true,\"valueName\":\"search_term_string\"}}],\"inLanguage\":\"es\"},{\"@type\":\"Organization\",\"@id\":\"https:\\\/\\\/www.lavillarroel.cat\\\/es\\\/#organization\",\"name\":\"La Villarroel\",\"url\":\"https:\\\/\\\/www.lavillarroel.cat\\\/es\\\/\",\"logo\":{\"@type\":\"ImageObject\",\"inLanguage\":\"es\",\"@id\":\"https:\\\/\\\/www.lavillarroel.cat\\\/es\\\/#\\\/schema\\\/logo\\\/image\\\/\",\"url\":\"https:\\\/\\\/www.lavillarroel.cat\\\/wp-content\\\/uploads\\\/sites\\\/5\\\/2017\\\/09\\\/teatre-villaroel-logo.svg\",\"contentUrl\":\"https:\\\/\\\/www.lavillarroel.cat\\\/wp-content\\\/uploads\\\/sites\\\/5\\\/2017\\\/09\\\/teatre-villaroel-logo.svg\",\"width\":1,\"height\":1,\"caption\":\"La Villarroel\"},\"image\":{\"@id\":\"https:\\\/\\\/www.lavillarroel.cat\\\/es\\\/#\\\/schema\\\/logo\\\/image\\\/\"},\"sameAs\":[\"http:\\\/\\\/www.facebook.com\\\/TeatreVillarroel\",\"https:\\\/\\\/x.com\\\/la_villarroel\",\"http:\\\/\\\/instagram.com\\\/la_villarroel\",\"http:\\\/\\\/www.youtube.com\\\/user\\\/LaVillarroel#p\\\/u\"]}]}<\/script>\n<!-- \/ Yoast SEO plugin. -->","yoast_head_json":{"title":"Boja - La Villarroel","robots":{"index":"index","follow":"follow","max-snippet":"max-snippet:-1","max-image-preview":"max-image-preview:large","max-video-preview":"max-video-preview:-1"},"canonical":"https:\/\/www.lavillarroel.cat\/es\/ex\/boja-2\/","schema":{"@context":"https:\/\/schema.org","@graph":[{"@type":"WebPage","@id":"https:\/\/www.lavillarroel.cat\/es\/ex\/boja-2\/","url":"https:\/\/www.lavillarroel.cat\/es\/ex\/boja-2\/","name":"Boja - La Villarroel","isPartOf":{"@id":"https:\/\/www.lavillarroel.cat\/es\/#website"},"datePublished":"2024-09-04T13:09:29+00:00","dateModified":"2026-02-03T16:36:18+00:00","breadcrumb":{"@id":"https:\/\/www.lavillarroel.cat\/es\/ex\/boja-2\/#breadcrumb"},"inLanguage":"es","potentialAction":[{"@type":"ReadAction","target":["https:\/\/www.lavillarroel.cat\/es\/ex\/boja-2\/"]}]},{"@type":"BreadcrumbList","@id":"https:\/\/www.lavillarroel.cat\/es\/ex\/boja-2\/#breadcrumb","itemListElement":[{"@type":"ListItem","position":1,"name":"Inici","item":"https:\/\/www.lavillarroel.cat\/es\/"},{"@type":"ListItem","position":2,"name":"Espectacles","item":"https:\/\/www.lavillarroel.cat\/es\/ex\/"},{"@type":"ListItem","position":3,"name":"Boja"}]},{"@type":"WebSite","@id":"https:\/\/www.lavillarroel.cat\/es\/#website","url":"https:\/\/www.lavillarroel.cat\/es\/","name":"La Villarroel","description":"","publisher":{"@id":"https:\/\/www.lavillarroel.cat\/es\/#organization"},"potentialAction":[{"@type":"SearchAction","target":{"@type":"EntryPoint","urlTemplate":"https:\/\/www.lavillarroel.cat\/es\/?s={search_term_string}"},"query-input":{"@type":"PropertyValueSpecification","valueRequired":true,"valueName":"search_term_string"}}],"inLanguage":"es"},{"@type":"Organization","@id":"https:\/\/www.lavillarroel.cat\/es\/#organization","name":"La Villarroel","url":"https:\/\/www.lavillarroel.cat\/es\/","logo":{"@type":"ImageObject","inLanguage":"es","@id":"https:\/\/www.lavillarroel.cat\/es\/#\/schema\/logo\/image\/","url":"https:\/\/www.lavillarroel.cat\/wp-content\/uploads\/sites\/5\/2017\/09\/teatre-villaroel-logo.svg","contentUrl":"https:\/\/www.lavillarroel.cat\/wp-content\/uploads\/sites\/5\/2017\/09\/teatre-villaroel-logo.svg","width":1,"height":1,"caption":"La Villarroel"},"image":{"@id":"https:\/\/www.lavillarroel.cat\/es\/#\/schema\/logo\/image\/"},"sameAs":["http:\/\/www.facebook.com\/TeatreVillarroel","https:\/\/x.com\/la_villarroel","http:\/\/instagram.com\/la_villarroel","http:\/\/www.youtube.com\/user\/LaVillarroel#p\/u"]}]}},"translations":[{"id":3842,"locale":"ca"},{"id":3843,"locale":"es"}],"_links":{"self":[{"href":"https:\/\/www.lavillarroel.cat\/es\/wp-json\/wp\/v2\/ex\/3843","targetHints":{"allow":["GET"]}}],"collection":[{"href":"https:\/\/www.lavillarroel.cat\/es\/wp-json\/wp\/v2\/ex"}],"about":[{"href":"https:\/\/www.lavillarroel.cat\/es\/wp-json\/wp\/v2\/types\/ex"}],"author":[{"embeddable":true,"href":"https:\/\/www.lavillarroel.cat\/es\/wp-json\/wp\/v2\/users\/2"}],"replies":[{"embeddable":true,"href":"https:\/\/www.lavillarroel.cat\/es\/wp-json\/wp\/v2\/comments?post=3843"}],"acf:term":[{"embeddable":true,"taxonomy":"season","href":"https:\/\/www.lavillarroel.cat\/es\/wp-json\/wp\/v2\/season\/100"}],"wp:attachment":[{"href":"https:\/\/www.lavillarroel.cat\/es\/wp-json\/wp\/v2\/media?parent=3843"}],"curies":[{"name":"wp","href":"https:\/\/api.w.org\/{rel}","templated":true}]}}

<p>¿Qué ocurre, realmente, dentro de la consulta de un psiquiatra?</p>
<p><em>BOJA</em> es un espectáculo que retrata en primera persona la experiencia vivida por la actriz durante los últimos 16 años en consultas de diversos psiquiatras.</p>
<p>¿Qué me pasa? ¿Qué me pasa? Mariona lleva años haciéndose esa pregunta. Nadie puede llegar a imaginar que las respuestas a su pregunta puedan ser tan inéditas como cómicas.</p>
<p>Un espectáculo sobre la búsqueda de la propia identidad y del sentido de la vida cuando parece que ya nada tiene sentido.<br /></p>

Espectáculo en catalán y castellano con canciones cantadas en inglés

<ul>
<li>Recomendada a partir de 14 años 
</li><li>El lunes <strong>16 de febrero</strong> tendrá lugar un <strong>coloquio postfunción</strong> con la participación de Eva A., psicóloga psicoterapeuta de jóvenes y adultos con más de 20 años de profesión, y la compañía.
</li><li>El lunes <strong>23 de febrero</strong> tendrá lugar un <strong>coloquio postfunción</strong> con la participación de Sara Guila Fidel Kinori, especialista en Psicologia Clínica, adjunta del Servicio de Psiquiatría del Hospital Universitari Vall d’Hebron, y la compañía.<br /></li></ul>

¿Qué ocurre, realmente, dentro de la consulta de un psiquiatra?

<p>Autoría: <strong>Mariona Esplugues <br /></strong>Dirección: <strong>Mariona Esplugues y Andrea Castellanos </strong></p>
<p>Intérprete: <strong>Mariona Esplugues </strong></p>
<p>Escenografía y vestuario: <strong>Andrea Castellanos y Mariona Esplugues <br /></strong>Iluminación: <strong>Ona Grau <br /></strong>Espacio sonoro: <strong>Marc Oller <br /></strong>Apoyo audiovisual: <strong>Andrea Monje</strong> </p>
<p>Asesoramiento de producción: <strong>Andrea Castellanos <br /></strong>Jefa técnica del teatro: <strong>Marta Pérez </strong> </p>
<p>Márquetin y comunicación de la compañía: <strong>Nil Martín <br /></strong>Márquetin y comunicación del teatro: <strong>La Villarroel   </strong></p>
<p>Agradecimientos: <strong>Carol López, Mar Medina, Núria Sánchez, Queralt Casasayas </strong></p>
<p>Es una producción de <strong>Mariona Esplugues </strong>con el apoyo de <strong>Eòlia Centre Superior d’Art Dramàtic </strong></p>
<p><br />&nbsp;</p>

Ferran Baile|Recomana|“Un valiente striptease emocional y terapéutico, a medio camino, entre el monólogo y la performance” 
Neus Mònico|Teatre Barcelona|“Mariona Esplugues se come el escenario. Su interpretación es brillante (movimiento, voz e interpretación)”
