{"id":3905,"date":"2024-11-08T10:44:31","date_gmt":"2024-11-08T09:44:31","guid":{"rendered":"https:\/\/www.lavillarroel.cat\/ex\/combat-de-direccio-2024\/"},"modified":"2024-12-05T19:31:56","modified_gmt":"2024-12-05T18:31:56","slug":"combat-de-direccio-2024","status":"publish","type":"ex","link":"https:\/\/www.lavillarroel.cat\/es\/ex\/combat-de-direccio-2024\/","title":{"rendered":"Combat de direcci\u00f3 2024"},"content":{"rendered":"","protected":false},"excerpt":{"rendered":"","protected":false},"author":2,"featured_media":0,"comment_status":"closed","ping_status":"closed","template":"","class_list":["post-3905","ex","type-ex","status-publish","hentry","season-2024-25-es"],"acf":{"txt_synopsis":"<p><strong>\u00bfAceptas el desaf\u00edo?<\/strong> <\/p>\r\n<p>Se acerca el Combate de Direcci\u00f3n que tendr\u00e1 lugar el pr\u00f3ximo <strong>lunes 9 de diciembre a las 19 h en La Villarroel.<\/strong><\/p>\r\n<p>Se trata de un juego de agilidad y creatividad esc\u00e9nica pensado como un encuentro festivo entre los profesionales de la direcci\u00f3n y de la interpretaci\u00f3n con el objetivo de disfrutar compartiendo el hecho teatral y pasando un buen rato. En esta edici\u00f3n las directoras y directores tendr\u00e1n que mostrar sus capacidades haciendo una versi\u00f3n contempor\u00e1nea de un texto cl\u00e1sico que recibir\u00e1n 12 horas antes del primer -y \u00fanico- ensayo. <\/p>\r\n<p><strong>El jurado<\/strong> ser\u00e1 nuestro querido p\u00fablico que determinar\u00e1 cu\u00e1l de las <strong>cuatro direcciones se alza con la victoria. <br \/>&nbsp;\u00bfTe atreves a formar parte de esta experiencia? \u00a1Ap\u00fantate! <\/strong><\/p>\r\n<p>Las personas seleccionadas a la convocatoria de direcci\u00f3n e interpretaci\u00f3n para participar en el combate son: <\/p>\r\n<p><strong>Convocatoria de Direcci\u00f3n:<\/strong>&nbsp; <\/p>\r\n<ul>\r\n<li>Lorena Faus&nbsp; \r\n<\/li><li>H\u00e9ctor Gonz\u00e1lez Mart\u00ed \r\n<\/li><li>Queralt Riera \r\n<\/li><li>H\u00e9ctor Mellinas Andreu <\/li><\/ul>\r\n<p><strong>Convocatoria de Interpretaci\u00f3n:&nbsp; <\/strong><\/p>\r\n<ul>\r\n<li>Marta Bessa \r\n<\/li><li>Empar Capilla \r\n<\/li><li>Marco Di Tieri \r\n<\/li><li>Marina Nicolau \r\n<\/li><li>Llu\u00eds Oliver \r\n<\/li><li>Francesc Romeu \r\n<\/li><li>Adriana Segurado \r\n<\/li><li>Marc Torres Quintana <\/li><\/ul>","main_buy_link":"https:\/\/proticketing.com\/lavillarroel\/es_ES\/entradas\/evento\/40715","main_buy_links":"[\"https:\/\/proticketing.com\/lavillarroel\/es_ES\/entradas\/evento\/40715\"]","group_buy_link":"","show_language":"Espect\u00e1culo en catal\u00e1n  ","show_duration":"150","show_start_date":"20241209000000","show_end_date":"20241209000000","show_sort_date":"20250518000000","txt_custom_show_dates":"el 9 de diciembre de 2024 ","show_disciplines":"11","show_ultimes_funcions":false,"hide_tarifes_especials":true,"show_properament":false,"txt_additional_info":"<ul>\r\n<li>Recomendado a partir de 14 a\u00f1os <\/li><\/ul>","txt_present":"","show_season":[100],"txt_season":"[\"2024\/25\"]","txt_cycle":"","txt_claim":"Se acerca el Combate de Direcci\u00f3n que tendr\u00e1 lugar el pr\u00f3ximo lunes 9 de diciembre a las 19 h en La Villarroel.&nbsp; ","txt_cast_excerpt":"","txt_cast":"<p>Autor\u00eda: <strong>Asociaci\u00f3n de Profesionales de la Interpretaci\u00f3n y de la Direcci\u00f3n de Catalu\u00f1a<\/strong><\/p>\r\n<p>Guion y presentaci\u00f3n: <strong>Cia Casa Real, Roc\u00edo Manzano, Salvador S. S\u00e1nchez y Raquel Loscos<\/strong><\/p>\r\n<p>Convocatoria de Direcci\u00f3n:&nbsp; <br \/><strong>Lorena Faus&nbsp; <br \/>H\u00e9ctor Gonz\u00e1lez Mart\u00ed&nbsp; <br \/>Queralt Riera&nbsp; <br \/>H\u00e9ctor Mellinas Andreu<\/strong> <\/p>\r\n<p>Convocatoria de Interpretaci\u00f3n:&nbsp; <br \/><strong>Marta Bessa&nbsp; <br \/>Empar Capilla&nbsp; <br \/>Marco Di Tieri&nbsp; <br \/>Marina Nicolau&nbsp; <br \/>Llu\u00eds Oliver&nbsp; <br \/>Francesc Romeu <br \/>Adriana Segurado&nbsp; <br \/>Marc Torres Quintana<\/strong>&nbsp; <\/p>\r\n<p>Jefa t\u00e9cnica del teatro: <strong>Marta P\u00e9rez <\/strong><\/p>\r\n<p>M\u00e1rquetin y comunicaci\u00f3n: <strong>La Villarroel <\/strong><\/p>\r\n<p>Colaboradores: <strong>Asociaci\u00f3n de Actores y Actrices Profesionales Valencianos, Asociaci\u00f3n de Actores y Actrices Profesionales de las Islas Baleares, y La Villarroel <\/strong><\/p>\r\n<p>Es una producci\u00f3n de la <strong>Asociaci\u00f3n de Profesionales de la Interpretaci\u00f3n y de la Direcci\u00f3n de Catalu\u00f1a <\/strong><\/p>","txt_reviews":"","hashtag":"CombatDeDirecci\u00f32024","have_promo":"","slogan":"","id_exhibicio":2218,"id_versio":1755,"id_local":4,"txt_seo_desc":"Combat de Direcci\u00f3 en la Villarroel","data_images":"[{\"localizer\":\"V4PORTADAWIDE\",\"url\":\"media\/ver\/port\/wide\/v4\/316AB\/01_091_00058505\/Portada-0-combat-de-direccio-villarroel.jpg\",\"thumb_url\":\"\",\"title\":\"Combat de direcci\u00f3 - La Villarroel\",\"description\":\"combat de direccio a la villarroel\",\"copyright\":\"\",\"order\":1},{\"localizer\":\"V4PORTADAWIDEMOBILE\",\"url\":\"media\/ver\/port\/wide\/mobile\/v4\/316AB\/01_092_00058506\/Portada-mobile-combat-de-direccio-villarroel.jpg\",\"thumb_url\":\"\",\"title\":\"Combat de direcci\u00f3 - La Villarroel\",\"description\":\"combat de direccio a la villarroel\",\"copyright\":\"\",\"order\":2},{\"localizer\":\"V4PORTADA\",\"url\":\"media\/ver\/port\/v4\/316AB\/01_090_00058507\/Portada-1-combat-de-direccio-villarroel.jpg\",\"thumb_url\":\"\",\"title\":\"Combat de direcci\u00f3 - La Villarroel\",\"description\":\"combat de direccio a la villarroel\",\"copyright\":\"\",\"order\":3},{\"localizer\":\"V4CARTELL\",\"url\":\"media\/ver\/cartell\/v4\/316AB\/01_089_00058508\/Cartell-web-combat-de-direccio-villarroel.jpg\",\"thumb_url\":\"\",\"title\":\"Combat de direcci\u00f3 - La Villarroel\",\"description\":\"combat de direccio a la villarroel\",\"copyright\":\"\",\"order\":4}]","material__texto_intro":"","data_material":null,"data_gallery":"","data_discounts":"[]","contract_is_open":false,"in_tour":false},"yoast_head":"<!-- This site is optimized with the Yoast SEO plugin v27.5 - https:\/\/yoast.com\/product\/yoast-seo-wordpress\/ -->\n<title>Combat de direcci\u00f3 2024 - La Villarroel<\/title>\n<meta name=\"robots\" content=\"index, follow, max-snippet:-1, max-image-preview:large, max-video-preview:-1\" \/>\n<link rel=\"canonical\" href=\"https:\/\/www.lavillarroel.cat\/es\/ex\/combat-de-direccio-2024\/\" \/>\n<script type=\"application\/ld+json\" class=\"yoast-schema-graph\">{\"@context\":\"https:\\\/\\\/schema.org\",\"@graph\":[{\"@type\":\"WebPage\",\"@id\":\"https:\\\/\\\/www.lavillarroel.cat\\\/es\\\/ex\\\/combat-de-direccio-2024\\\/\",\"url\":\"https:\\\/\\\/www.lavillarroel.cat\\\/es\\\/ex\\\/combat-de-direccio-2024\\\/\",\"name\":\"Combat de direcci\u00f3 2024 - La Villarroel\",\"isPartOf\":{\"@id\":\"https:\\\/\\\/www.lavillarroel.cat\\\/es\\\/#website\"},\"datePublished\":\"2024-11-08T09:44:31+00:00\",\"dateModified\":\"2024-12-05T18:31:56+00:00\",\"breadcrumb\":{\"@id\":\"https:\\\/\\\/www.lavillarroel.cat\\\/es\\\/ex\\\/combat-de-direccio-2024\\\/#breadcrumb\"},\"inLanguage\":\"es\",\"potentialAction\":[{\"@type\":\"ReadAction\",\"target\":[\"https:\\\/\\\/www.lavillarroel.cat\\\/es\\\/ex\\\/combat-de-direccio-2024\\\/\"]}]},{\"@type\":\"BreadcrumbList\",\"@id\":\"https:\\\/\\\/www.lavillarroel.cat\\\/es\\\/ex\\\/combat-de-direccio-2024\\\/#breadcrumb\",\"itemListElement\":[{\"@type\":\"ListItem\",\"position\":1,\"name\":\"Inici\",\"item\":\"https:\\\/\\\/www.lavillarroel.cat\\\/es\\\/\"},{\"@type\":\"ListItem\",\"position\":2,\"name\":\"Espectacles\",\"item\":\"https:\\\/\\\/www.lavillarroel.cat\\\/es\\\/ex\\\/\"},{\"@type\":\"ListItem\",\"position\":3,\"name\":\"Combat de direcci\u00f3 2024\"}]},{\"@type\":\"WebSite\",\"@id\":\"https:\\\/\\\/www.lavillarroel.cat\\\/es\\\/#website\",\"url\":\"https:\\\/\\\/www.lavillarroel.cat\\\/es\\\/\",\"name\":\"La Villarroel\",\"description\":\"\",\"publisher\":{\"@id\":\"https:\\\/\\\/www.lavillarroel.cat\\\/es\\\/#organization\"},\"potentialAction\":[{\"@type\":\"SearchAction\",\"target\":{\"@type\":\"EntryPoint\",\"urlTemplate\":\"https:\\\/\\\/www.lavillarroel.cat\\\/es\\\/?s={search_term_string}\"},\"query-input\":{\"@type\":\"PropertyValueSpecification\",\"valueRequired\":true,\"valueName\":\"search_term_string\"}}],\"inLanguage\":\"es\"},{\"@type\":\"Organization\",\"@id\":\"https:\\\/\\\/www.lavillarroel.cat\\\/es\\\/#organization\",\"name\":\"La Villarroel\",\"url\":\"https:\\\/\\\/www.lavillarroel.cat\\\/es\\\/\",\"logo\":{\"@type\":\"ImageObject\",\"inLanguage\":\"es\",\"@id\":\"https:\\\/\\\/www.lavillarroel.cat\\\/es\\\/#\\\/schema\\\/logo\\\/image\\\/\",\"url\":\"https:\\\/\\\/www.lavillarroel.cat\\\/wp-content\\\/uploads\\\/sites\\\/5\\\/2017\\\/09\\\/teatre-villaroel-logo.svg\",\"contentUrl\":\"https:\\\/\\\/www.lavillarroel.cat\\\/wp-content\\\/uploads\\\/sites\\\/5\\\/2017\\\/09\\\/teatre-villaroel-logo.svg\",\"width\":1,\"height\":1,\"caption\":\"La Villarroel\"},\"image\":{\"@id\":\"https:\\\/\\\/www.lavillarroel.cat\\\/es\\\/#\\\/schema\\\/logo\\\/image\\\/\"},\"sameAs\":[\"http:\\\/\\\/www.facebook.com\\\/TeatreVillarroel\",\"https:\\\/\\\/x.com\\\/la_villarroel\",\"http:\\\/\\\/instagram.com\\\/la_villarroel\",\"http:\\\/\\\/www.youtube.com\\\/user\\\/LaVillarroel#p\\\/u\"]}]}<\/script>\n<!-- \/ Yoast SEO plugin. -->","yoast_head_json":{"title":"Combat de direcci\u00f3 2024 - La Villarroel","robots":{"index":"index","follow":"follow","max-snippet":"max-snippet:-1","max-image-preview":"max-image-preview:large","max-video-preview":"max-video-preview:-1"},"canonical":"https:\/\/www.lavillarroel.cat\/es\/ex\/combat-de-direccio-2024\/","schema":{"@context":"https:\/\/schema.org","@graph":[{"@type":"WebPage","@id":"https:\/\/www.lavillarroel.cat\/es\/ex\/combat-de-direccio-2024\/","url":"https:\/\/www.lavillarroel.cat\/es\/ex\/combat-de-direccio-2024\/","name":"Combat de direcci\u00f3 2024 - La Villarroel","isPartOf":{"@id":"https:\/\/www.lavillarroel.cat\/es\/#website"},"datePublished":"2024-11-08T09:44:31+00:00","dateModified":"2024-12-05T18:31:56+00:00","breadcrumb":{"@id":"https:\/\/www.lavillarroel.cat\/es\/ex\/combat-de-direccio-2024\/#breadcrumb"},"inLanguage":"es","potentialAction":[{"@type":"ReadAction","target":["https:\/\/www.lavillarroel.cat\/es\/ex\/combat-de-direccio-2024\/"]}]},{"@type":"BreadcrumbList","@id":"https:\/\/www.lavillarroel.cat\/es\/ex\/combat-de-direccio-2024\/#breadcrumb","itemListElement":[{"@type":"ListItem","position":1,"name":"Inici","item":"https:\/\/www.lavillarroel.cat\/es\/"},{"@type":"ListItem","position":2,"name":"Espectacles","item":"https:\/\/www.lavillarroel.cat\/es\/ex\/"},{"@type":"ListItem","position":3,"name":"Combat de direcci\u00f3 2024"}]},{"@type":"WebSite","@id":"https:\/\/www.lavillarroel.cat\/es\/#website","url":"https:\/\/www.lavillarroel.cat\/es\/","name":"La Villarroel","description":"","publisher":{"@id":"https:\/\/www.lavillarroel.cat\/es\/#organization"},"potentialAction":[{"@type":"SearchAction","target":{"@type":"EntryPoint","urlTemplate":"https:\/\/www.lavillarroel.cat\/es\/?s={search_term_string}"},"query-input":{"@type":"PropertyValueSpecification","valueRequired":true,"valueName":"search_term_string"}}],"inLanguage":"es"},{"@type":"Organization","@id":"https:\/\/www.lavillarroel.cat\/es\/#organization","name":"La Villarroel","url":"https:\/\/www.lavillarroel.cat\/es\/","logo":{"@type":"ImageObject","inLanguage":"es","@id":"https:\/\/www.lavillarroel.cat\/es\/#\/schema\/logo\/image\/","url":"https:\/\/www.lavillarroel.cat\/wp-content\/uploads\/sites\/5\/2017\/09\/teatre-villaroel-logo.svg","contentUrl":"https:\/\/www.lavillarroel.cat\/wp-content\/uploads\/sites\/5\/2017\/09\/teatre-villaroel-logo.svg","width":1,"height":1,"caption":"La Villarroel"},"image":{"@id":"https:\/\/www.lavillarroel.cat\/es\/#\/schema\/logo\/image\/"},"sameAs":["http:\/\/www.facebook.com\/TeatreVillarroel","https:\/\/x.com\/la_villarroel","http:\/\/instagram.com\/la_villarroel","http:\/\/www.youtube.com\/user\/LaVillarroel#p\/u"]}]}},"translations":[{"id":3904,"locale":"ca"},{"id":3905,"locale":"es"}],"_links":{"self":[{"href":"https:\/\/www.lavillarroel.cat\/es\/wp-json\/wp\/v2\/ex\/3905","targetHints":{"allow":["GET"]}}],"collection":[{"href":"https:\/\/www.lavillarroel.cat\/es\/wp-json\/wp\/v2\/ex"}],"about":[{"href":"https:\/\/www.lavillarroel.cat\/es\/wp-json\/wp\/v2\/types\/ex"}],"author":[{"embeddable":true,"href":"https:\/\/www.lavillarroel.cat\/es\/wp-json\/wp\/v2\/users\/2"}],"replies":[{"embeddable":true,"href":"https:\/\/www.lavillarroel.cat\/es\/wp-json\/wp\/v2\/comments?post=3905"}],"acf:term":[{"embeddable":true,"taxonomy":"season","href":"https:\/\/www.lavillarroel.cat\/es\/wp-json\/wp\/v2\/season\/100"}],"wp:attachment":[{"href":"https:\/\/www.lavillarroel.cat\/es\/wp-json\/wp\/v2\/media?parent=3905"}],"curies":[{"name":"wp","href":"https:\/\/api.w.org\/{rel}","templated":true}]}}

Combat de direcció 2024

<p><strong>¿Aceptas el desafío?</strong> </p>
<p>Se acerca el Combate de Dirección que tendrá lugar el próximo <strong>lunes 9 de diciembre a las 19 h en La Villarroel.</strong></p>
<p>Se trata de un juego de agilidad y creatividad escénica pensado como un encuentro festivo entre los profesionales de la dirección y de la interpretación con el objetivo de disfrutar compartiendo el hecho teatral y pasando un buen rato. En esta edición las directoras y directores tendrán que mostrar sus capacidades haciendo una versión contemporánea de un texto clásico que recibirán 12 horas antes del primer -y único- ensayo. </p>
<p><strong>El jurado</strong> será nuestro querido público que determinará cuál de las <strong>cuatro direcciones se alza con la victoria. <br />&nbsp;¿Te atreves a formar parte de esta experiencia? ¡Apúntate! </strong></p>
<p>Las personas seleccionadas a la convocatoria de dirección e interpretación para participar en el combate son: </p>
<p><strong>Convocatoria de Dirección:</strong>&nbsp; </p>
<ul>
<li>Lorena Faus&nbsp; 
</li><li>Héctor González Martí 
</li><li>Queralt Riera 
</li><li>Héctor Mellinas Andreu </li></ul>
<p><strong>Convocatoria de Interpretación:&nbsp; </strong></p>
<ul>
<li>Marta Bessa 
</li><li>Empar Capilla 
</li><li>Marco Di Tieri 
</li><li>Marina Nicolau 
</li><li>Lluís Oliver 
</li><li>Francesc Romeu 
</li><li>Adriana Segurado 
</li><li>Marc Torres Quintana </li></ul>

Espectáculo en catalán

<ul>
<li>Recomendado a partir de 14 años </li></ul>

Se acerca el Combate de Dirección que tendrá lugar el próximo lunes 9 de diciembre a las 19 h en La Villarroel.&nbsp;

<p>Autoría: <strong>Asociación de Profesionales de la Interpretación y de la Dirección de Cataluña</strong></p>
<p>Guion y presentación: <strong>Cia Casa Real, Rocío Manzano, Salvador S. Sánchez y Raquel Loscos</strong></p>
<p>Convocatoria de Dirección:&nbsp; <br /><strong>Lorena Faus&nbsp; <br />Héctor González Martí&nbsp; <br />Queralt Riera&nbsp; <br />Héctor Mellinas Andreu</strong> </p>
<p>Convocatoria de Interpretación:&nbsp; <br /><strong>Marta Bessa&nbsp; <br />Empar Capilla&nbsp; <br />Marco Di Tieri&nbsp; <br />Marina Nicolau&nbsp; <br />Lluís Oliver&nbsp; <br />Francesc Romeu <br />Adriana Segurado&nbsp; <br />Marc Torres Quintana</strong>&nbsp; </p>
<p>Jefa técnica del teatro: <strong>Marta Pérez </strong></p>
<p>Márquetin y comunicación: <strong>La Villarroel </strong></p>
<p>Colaboradores: <strong>Asociación de Actores y Actrices Profesionales Valencianos, Asociación de Actores y Actrices Profesionales de las Islas Baleares, y La Villarroel </strong></p>
<p>Es una producción de la <strong>Asociación de Profesionales de la Interpretación y de la Dirección de Cataluña </strong></p>

CombatDeDirecció2024

Combat de Direcció en la Villarroel

[{"localizer":"V4PORTADAWIDE","url":"media/ver/port/wide/v4/316AB/01_091_00058505/Portada-0-combat-de-direccio-villarroel.jpg","thumb_url":"","title":"Combat de direcció - La Villarroel","description":"combat de direccio a la villarroel","copyright":"","order":1},{"localizer":"V4PORTADAWIDEMOBILE","url":"media/ver/port/wide/mobile/v4/316AB/01_092_00058506/Portada-mobile-combat-de-direccio-villarroel.jpg","thumb_url":"","title":"Combat de direcció - La Villarroel","description":"combat de direccio a la villarroel","copyright":"","order":2},{"localizer":"V4PORTADA","url":"media/ver/port/v4/316AB/01_090_00058507/Portada-1-combat-de-direccio-villarroel.jpg","thumb_url":"","title":"Combat de direcció - La Villarroel","description":"combat de direccio a la villarroel","copyright":"","order":3},{"localizer":"V4CARTELL","url":"media/ver/cartell/v4/316AB/01_089_00058508/Cartell-web-combat-de-direccio-villarroel.jpg","thumb_url":"","title":"Combat de direcció - La Villarroel","description":"combat de direccio a la villarroel","copyright":"","order":4}]

<!-- This site is optimized with the Yoast SEO plugin v27.5 - https://yoast.com/product/yoast-seo-wordpress/ -->
<title>Combat de direcció 2024 - La Villarroel</title>
<meta name="robots" content="index, follow, max-snippet:-1, max-image-preview:large, max-video-preview:-1" />
<link rel="canonical" href="https://www.lavillarroel.cat/es/ex/combat-de-direccio-2024/" />
<script type="application/ld+json" class="yoast-schema-graph">{"@context":"https:\/\/schema.org","@graph":[{"@type":"WebPage","@id":"https:\/\/www.lavillarroel.cat\/es\/ex\/combat-de-direccio-2024\/","url":"https:\/\/www.lavillarroel.cat\/es\/ex\/combat-de-direccio-2024\/","name":"Combat de direcció 2024 - La Villarroel","isPartOf":{"@id":"https:\/\/www.lavillarroel.cat\/es\/#website"},"datePublished":"2024-11-08T09:44:31+00:00","dateModified":"2024-12-05T18:31:56+00:00","breadcrumb":{"@id":"https:\/\/www.lavillarroel.cat\/es\/ex\/combat-de-direccio-2024\/#breadcrumb"},"inLanguage":"es","potentialAction":[{"@type":"ReadAction","target":["https:\/\/www.lavillarroel.cat\/es\/ex\/combat-de-direccio-2024\/"]}]},{"@type":"BreadcrumbList","@id":"https:\/\/www.lavillarroel.cat\/es\/ex\/combat-de-direccio-2024\/#breadcrumb","itemListElement":[{"@type":"ListItem","position":1,"name":"Inici","item":"https:\/\/www.lavillarroel.cat\/es\/"},{"@type":"ListItem","position":2,"name":"Espectacles","item":"https:\/\/www.lavillarroel.cat\/es\/ex\/"},{"@type":"ListItem","position":3,"name":"Combat de direcció 2024"}]},{"@type":"WebSite","@id":"https:\/\/www.lavillarroel.cat\/es\/#website","url":"https:\/\/www.lavillarroel.cat\/es\/","name":"La Villarroel","description":"","publisher":{"@id":"https:\/\/www.lavillarroel.cat\/es\/#organization"},"potentialAction":[{"@type":"SearchAction","target":{"@type":"EntryPoint","urlTemplate":"https:\/\/www.lavillarroel.cat\/es\/?s={search_term_string}"},"query-input":{"@type":"PropertyValueSpecification","valueRequired":true,"valueName":"search_term_string"}}],"inLanguage":"es"},{"@type":"Organization","@id":"https:\/\/www.lavillarroel.cat\/es\/#organization","name":"La Villarroel","url":"https:\/\/www.lavillarroel.cat\/es\/","logo":{"@type":"ImageObject","inLanguage":"es","@id":"https:\/\/www.lavillarroel.cat\/es\/#\/schema\/logo\/image\/","url":"https:\/\/www.lavillarroel.cat\/wp-content\/uploads\/sites\/5\/2017\/09\/teatre-villaroel-logo.svg","contentUrl":"https:\/\/www.lavillarroel.cat\/wp-content\/uploads\/sites\/5\/2017\/09\/teatre-villaroel-logo.svg","width":1,"height":1,"caption":"La Villarroel"},"image":{"@id":"https:\/\/www.lavillarroel.cat\/es\/#\/schema\/logo\/image\/"},"sameAs":["http:\/\/www.facebook.com\/TeatreVillarroel","https:\/\/x.com\/la_villarroel","http:\/\/instagram.com\/la_villarroel","http:\/\/www.youtube.com\/user\/LaVillarroel#p\/u"]}]}</script>
<!-- / Yoast SEO plugin. -->

Combat de direcció 2024 - La Villarroel
