{"id":4179,"date":"2025-09-04T16:45:10","date_gmt":"2025-09-04T14:45:10","guid":{"rendered":"https:\/\/www.lavillarroel.cat\/ex\/sere\/"},"modified":"2026-01-19T14:00:23","modified_gmt":"2026-01-19T13:00:23","slug":"sere","status":"publish","type":"ex","link":"https:\/\/www.lavillarroel.cat\/es\/ex\/sere\/","title":{"rendered":"Ser\u00e9"},"content":{"rendered":"","protected":false},"excerpt":{"rendered":"","protected":false},"author":2,"featured_media":0,"comment_status":"closed","ping_status":"closed","template":"","class_list":["post-4179","ex","type-ex","status-publish","hentry","season-2025-26"],"acf":{"txt_synopsis":"<p><strong>Ser\u00e9 es mucha m\u00e1s que una obra de teatro; es un recordatorio vital de la historia, un homenaje a la memoria y una poderosa invitaci\u00f3n a la reflexi\u00f3n.<\/strong>&nbsp; <\/p>\r\n<p>&nbsp;El actor es tomado por una voz. Ser\u00e9 es un manual de supervivencia. Un instructivo de fuga. A partir del testimonio que dio Guillermo Fern\u00e1ndez en 1985 durante el Juicio a las Juntas sobre su secuestro y fuga del centro clandestino de detenci\u00f3n llamado Mansi\u00f3n Ser\u00e9, un actor pondr\u00e1 su cuerpo. <\/p>","main_buy_link":"https:\/\/tickets.oneboxtds.com\/lavillarroel\/events\/47921?hl=es-ES","main_buy_links":"[\"https:\/\/tickets.oneboxtds.com\/lavillarroel\/events\/47921?hl=es-ES\"]","group_buy_link":"https:\/\/www.promentrada.com\/es\/programacion\/c\/1816-sere-grupos.html","show_language":"Espect\u00e1culo en castellano ","show_duration":"85","show_start_date":"20260124000000","show_end_date":"20260201000000","show_sort_date":"20260124000000","txt_custom_show_dates":"del 24 de enero al 1 de febrero de 2026 ","show_disciplines":"11","show_ultimes_funcions":false,"hide_tarifes_especials":false,"show_properament":false,"txt_additional_info":"Recomendado a partir de 16 a\u00f1os ","txt_present":"","show_season":[102],"txt_season":"[\"2025\/26\"]","txt_cycle":"Off La Villarroel","txt_claim":"","txt_cast_excerpt":"","txt_cast":"<p>Dramaturgia y direcci\u00f3n: <strong>Lautaro Delgado Tymruk y Sof\u00eda Brito<\/strong> <br \/>Dramaturgista: <strong>Conrado Beretta&nbsp; <\/strong><\/p>\r\n<p>Int\u00e9rpretes: <strong>Lautaro Delgado Tymruk <\/strong><\/p>\r\n<p>Escenograf\u00eda:<strong> Richy Salguero <br \/><\/strong>luminaci\u00f3n: <strong>Ricardo Sica <\/strong><\/p>\r\n<p>Direcci\u00f3n de producci\u00f3n: <strong>Lautaro Delgado Tymruk y Sof\u00eda Brito<\/strong> <br \/>Producci\u00f3n ejecutiva: <strong>Compa\u00f1\u00eda SER\u00c9 <\/strong><\/p>\r\n<p>Jefa t\u00e9cnica del teatro: <strong>Marta P\u00e9rez<\/strong>&nbsp; <\/p>\r\n<p>Marketing y comunicaci\u00f3n: <strong>La Villarroel<\/strong>&nbsp; <\/p>\r\n<p>Agradecimientos: <strong>Guillermo Fernandez, Carlos Garc\u00eda, Ana Mar\u00eda Careaga, Damian Loreti, Emiliano Ruy, Carola Noriega, Eugenia Levin, Sabrina Osowski, Archivo de la memoria, Andrea Copani.<\/strong> <\/p>\r\n<p>Distribuci\u00f3n:&nbsp; <br \/>Catalu\u00f1a - <strong>FOCUS<\/strong>,&nbsp; <br \/>Resto de Espa\u00f1a: <strong>Elena Mart\u00ednez<\/strong> <br \/>Resto del mundo: <strong>D\u00e9bora Staiff<\/strong> <\/p>\r\n<p>Es una producci\u00f3n de la <strong>Compa\u00f1\u00eda SER\u00c9<\/strong>&nbsp; <\/p>","txt_reviews":"Osvaldo Quiroga|La Izquierda Diario|\u201cUna memorable actuaci\u00f3n en un espect\u00e1culo que quedar\u00e1 en la memoria de los espectadores\u201d \r\nJuan Pablo Russo|Escribiendo Cine|\u201cUn relato visceral que trasciende la representaci\u00f3n teatral para convertirse en un acto pol\u00edtico de resistencia y reivindicaci\u00f3n.\u201d \r\nElsa Drucaroff|La Agenda|\u201cExtraordinaria. Una pieza conmovedora\u201d ","hashtag":"Ser\u00e9","have_promo":"","slogan":"","id_exhibicio":2318,"id_versio":1811,"id_local":4,"txt_seo_desc":"Ser\u00e9 a La Villarroel de Barcelona","data_images":"[{\"localizer\":\"V4PORTADAWIDE\",\"url\":\"media\/ver\/port\/wide\/v4\/3170C\/01_091_00059148\/1-Portada_0_2880x1260SERE.jpg\",\"thumb_url\":\"\",\"title\":\"Ser\u00e9 - L'off La Villarroel - Barcelona \",\"description\":\"sere a la villarroel de barcelona\",\"copyright\":\"\",\"order\":1},{\"localizer\":\"V4PORTADA\",\"url\":\"media\/ver\/port\/v4\/3170C\/01_090_00059149\/2-Portada_1_760x760SERE.jpg\",\"thumb_url\":\"\",\"title\":\"Ser\u00e9 - L'off La Villarroel - Barcelona \",\"description\":\"sere a la villarroel de barcelona\",\"copyright\":\"\",\"order\":2},{\"localizer\":\"V4PORTADAWIDEMOBILE\",\"url\":\"media\/ver\/port\/wide\/mobile\/v4\/3170C\/01_092_00059150\/3-Portada_Mobile_828x1800SERE.jpg\",\"thumb_url\":\"\",\"title\":\"Ser\u00e9 - L'off La Villarroel - Barcelona \",\"description\":\"sere a la villarroel de barcelona\",\"copyright\":\"\",\"order\":3},{\"localizer\":\"V4CARTELL\",\"url\":\"media\/ver\/cartell\/v4\/3170C\/01_089_00059151\/4-Cartell_web_720x1100SERE.jpg\",\"thumb_url\":\"\",\"title\":\"Ser\u00e9 - L'off La Villarroel - Barcelona \",\"description\":\"sere a la villarroel de barcelona\",\"copyright\":\"\",\"order\":4},{\"localizer\":\"V3SLIDE\",\"url\":\"media\/ftgalslide\/v3\/3170C\/01_086_00059153\/Foto_Sere01_por_Ricardo_Sica.jpg\",\"thumb_url\":\"media\/ftgalslide\/v3\/3170C\/01_086_00059153\/Foto_Sere01_por_Ricardo_Sica_thumb.jpg\",\"title\":\"Ser\u00e9 - L'off La Villarroel - Barcelona \",\"description\":\"sere a la villarroel de barcelona\",\"copyright\":\"https:\/\/youtu.be\/RHx8HVHSjMc\",\"order\":6},{\"localizer\":\"V3SLIDE\",\"url\":\"media\/ftgalslide\/v3\/31769\/01_086_00059527\/Foto_Sere2_por_Ricardo_Sica.jpg\",\"thumb_url\":\"media\/ftgalslide\/v3\/31769\/01_086_00059527\/Foto_Sere2_por_Ricardo_Sica_thumb.jpg\",\"title\":\"Ser\u00e9 - La Villarroel\",\"description\":\"ser\u00e9 a la villarroel\",\"copyright\":\"\",\"order\":9},{\"localizer\":\"V3SLIDE\",\"url\":\"media\/ftgalslide\/v3\/31769\/01_086_00059528\/Sere_by_Laly_Sola_2.jpg\",\"thumb_url\":\"media\/ftgalslide\/v3\/31769\/01_086_00059528\/Sere_by_Laly_Sola_2_thumb.jpg\",\"title\":\"Ser\u00e9 - La Villarroel\",\"description\":\"ser\u00e9 a la villarroel\",\"copyright\":\"\",\"order\":10}]","material__texto_intro":"","data_material":null,"data_gallery":"","data_discounts":"[]","contract_is_open":false,"in_tour":false},"yoast_head":"<!-- This site is optimized with the Yoast SEO plugin v27.5 - https:\/\/yoast.com\/product\/yoast-seo-wordpress\/ -->\n<title>Ser\u00e9 - La Villarroel<\/title>\n<meta name=\"robots\" content=\"index, follow, max-snippet:-1, max-image-preview:large, max-video-preview:-1\" \/>\n<link rel=\"canonical\" href=\"https:\/\/www.lavillarroel.cat\/es\/ex\/sere\/\" \/>\n<script type=\"application\/ld+json\" class=\"yoast-schema-graph\">{\"@context\":\"https:\\\/\\\/schema.org\",\"@graph\":[{\"@type\":\"WebPage\",\"@id\":\"https:\\\/\\\/www.lavillarroel.cat\\\/es\\\/ex\\\/sere\\\/\",\"url\":\"https:\\\/\\\/www.lavillarroel.cat\\\/es\\\/ex\\\/sere\\\/\",\"name\":\"Ser\u00e9 - La Villarroel\",\"isPartOf\":{\"@id\":\"https:\\\/\\\/www.lavillarroel.cat\\\/es\\\/#website\"},\"datePublished\":\"2025-09-04T14:45:10+00:00\",\"dateModified\":\"2026-01-19T13:00:23+00:00\",\"breadcrumb\":{\"@id\":\"https:\\\/\\\/www.lavillarroel.cat\\\/es\\\/ex\\\/sere\\\/#breadcrumb\"},\"inLanguage\":\"es\",\"potentialAction\":[{\"@type\":\"ReadAction\",\"target\":[\"https:\\\/\\\/www.lavillarroel.cat\\\/es\\\/ex\\\/sere\\\/\"]}]},{\"@type\":\"BreadcrumbList\",\"@id\":\"https:\\\/\\\/www.lavillarroel.cat\\\/es\\\/ex\\\/sere\\\/#breadcrumb\",\"itemListElement\":[{\"@type\":\"ListItem\",\"position\":1,\"name\":\"Inici\",\"item\":\"https:\\\/\\\/www.lavillarroel.cat\\\/es\\\/\"},{\"@type\":\"ListItem\",\"position\":2,\"name\":\"Espectacles\",\"item\":\"https:\\\/\\\/www.lavillarroel.cat\\\/es\\\/ex\\\/\"},{\"@type\":\"ListItem\",\"position\":3,\"name\":\"Ser\u00e9\"}]},{\"@type\":\"WebSite\",\"@id\":\"https:\\\/\\\/www.lavillarroel.cat\\\/es\\\/#website\",\"url\":\"https:\\\/\\\/www.lavillarroel.cat\\\/es\\\/\",\"name\":\"La Villarroel\",\"description\":\"\",\"publisher\":{\"@id\":\"https:\\\/\\\/www.lavillarroel.cat\\\/es\\\/#organization\"},\"potentialAction\":[{\"@type\":\"SearchAction\",\"target\":{\"@type\":\"EntryPoint\",\"urlTemplate\":\"https:\\\/\\\/www.lavillarroel.cat\\\/es\\\/?s={search_term_string}\"},\"query-input\":{\"@type\":\"PropertyValueSpecification\",\"valueRequired\":true,\"valueName\":\"search_term_string\"}}],\"inLanguage\":\"es\"},{\"@type\":\"Organization\",\"@id\":\"https:\\\/\\\/www.lavillarroel.cat\\\/es\\\/#organization\",\"name\":\"La Villarroel\",\"url\":\"https:\\\/\\\/www.lavillarroel.cat\\\/es\\\/\",\"logo\":{\"@type\":\"ImageObject\",\"inLanguage\":\"es\",\"@id\":\"https:\\\/\\\/www.lavillarroel.cat\\\/es\\\/#\\\/schema\\\/logo\\\/image\\\/\",\"url\":\"https:\\\/\\\/www.lavillarroel.cat\\\/wp-content\\\/uploads\\\/sites\\\/5\\\/2017\\\/09\\\/teatre-villaroel-logo.svg\",\"contentUrl\":\"https:\\\/\\\/www.lavillarroel.cat\\\/wp-content\\\/uploads\\\/sites\\\/5\\\/2017\\\/09\\\/teatre-villaroel-logo.svg\",\"width\":1,\"height\":1,\"caption\":\"La Villarroel\"},\"image\":{\"@id\":\"https:\\\/\\\/www.lavillarroel.cat\\\/es\\\/#\\\/schema\\\/logo\\\/image\\\/\"},\"sameAs\":[\"http:\\\/\\\/www.facebook.com\\\/TeatreVillarroel\",\"https:\\\/\\\/x.com\\\/la_villarroel\",\"http:\\\/\\\/instagram.com\\\/la_villarroel\",\"http:\\\/\\\/www.youtube.com\\\/user\\\/LaVillarroel#p\\\/u\"]}]}<\/script>\n<!-- \/ Yoast SEO plugin. -->","yoast_head_json":{"title":"Ser\u00e9 - La Villarroel","robots":{"index":"index","follow":"follow","max-snippet":"max-snippet:-1","max-image-preview":"max-image-preview:large","max-video-preview":"max-video-preview:-1"},"canonical":"https:\/\/www.lavillarroel.cat\/es\/ex\/sere\/","schema":{"@context":"https:\/\/schema.org","@graph":[{"@type":"WebPage","@id":"https:\/\/www.lavillarroel.cat\/es\/ex\/sere\/","url":"https:\/\/www.lavillarroel.cat\/es\/ex\/sere\/","name":"Ser\u00e9 - La Villarroel","isPartOf":{"@id":"https:\/\/www.lavillarroel.cat\/es\/#website"},"datePublished":"2025-09-04T14:45:10+00:00","dateModified":"2026-01-19T13:00:23+00:00","breadcrumb":{"@id":"https:\/\/www.lavillarroel.cat\/es\/ex\/sere\/#breadcrumb"},"inLanguage":"es","potentialAction":[{"@type":"ReadAction","target":["https:\/\/www.lavillarroel.cat\/es\/ex\/sere\/"]}]},{"@type":"BreadcrumbList","@id":"https:\/\/www.lavillarroel.cat\/es\/ex\/sere\/#breadcrumb","itemListElement":[{"@type":"ListItem","position":1,"name":"Inici","item":"https:\/\/www.lavillarroel.cat\/es\/"},{"@type":"ListItem","position":2,"name":"Espectacles","item":"https:\/\/www.lavillarroel.cat\/es\/ex\/"},{"@type":"ListItem","position":3,"name":"Ser\u00e9"}]},{"@type":"WebSite","@id":"https:\/\/www.lavillarroel.cat\/es\/#website","url":"https:\/\/www.lavillarroel.cat\/es\/","name":"La Villarroel","description":"","publisher":{"@id":"https:\/\/www.lavillarroel.cat\/es\/#organization"},"potentialAction":[{"@type":"SearchAction","target":{"@type":"EntryPoint","urlTemplate":"https:\/\/www.lavillarroel.cat\/es\/?s={search_term_string}"},"query-input":{"@type":"PropertyValueSpecification","valueRequired":true,"valueName":"search_term_string"}}],"inLanguage":"es"},{"@type":"Organization","@id":"https:\/\/www.lavillarroel.cat\/es\/#organization","name":"La Villarroel","url":"https:\/\/www.lavillarroel.cat\/es\/","logo":{"@type":"ImageObject","inLanguage":"es","@id":"https:\/\/www.lavillarroel.cat\/es\/#\/schema\/logo\/image\/","url":"https:\/\/www.lavillarroel.cat\/wp-content\/uploads\/sites\/5\/2017\/09\/teatre-villaroel-logo.svg","contentUrl":"https:\/\/www.lavillarroel.cat\/wp-content\/uploads\/sites\/5\/2017\/09\/teatre-villaroel-logo.svg","width":1,"height":1,"caption":"La Villarroel"},"image":{"@id":"https:\/\/www.lavillarroel.cat\/es\/#\/schema\/logo\/image\/"},"sameAs":["http:\/\/www.facebook.com\/TeatreVillarroel","https:\/\/x.com\/la_villarroel","http:\/\/instagram.com\/la_villarroel","http:\/\/www.youtube.com\/user\/LaVillarroel#p\/u"]}]}},"translations":[{"id":4178,"locale":"ca"},{"id":4179,"locale":"es"}],"_links":{"self":[{"href":"https:\/\/www.lavillarroel.cat\/es\/wp-json\/wp\/v2\/ex\/4179","targetHints":{"allow":["GET"]}}],"collection":[{"href":"https:\/\/www.lavillarroel.cat\/es\/wp-json\/wp\/v2\/ex"}],"about":[{"href":"https:\/\/www.lavillarroel.cat\/es\/wp-json\/wp\/v2\/types\/ex"}],"author":[{"embeddable":true,"href":"https:\/\/www.lavillarroel.cat\/es\/wp-json\/wp\/v2\/users\/2"}],"replies":[{"embeddable":true,"href":"https:\/\/www.lavillarroel.cat\/es\/wp-json\/wp\/v2\/comments?post=4179"}],"acf:term":[{"embeddable":true,"taxonomy":"season","href":"https:\/\/www.lavillarroel.cat\/es\/wp-json\/wp\/v2\/season\/102"}],"wp:attachment":[{"href":"https:\/\/www.lavillarroel.cat\/es\/wp-json\/wp\/v2\/media?parent=4179"}],"curies":[{"name":"wp","href":"https:\/\/api.w.org\/{rel}","templated":true}]}}

Seré

<p><strong>Seré es mucha más que una obra de teatro; es un recordatorio vital de la historia, un homenaje a la memoria y una poderosa invitación a la reflexión.</strong>&nbsp; </p>
<p>&nbsp;El actor es tomado por una voz. Seré es un manual de supervivencia. Un instructivo de fuga. A partir del testimonio que dio Guillermo Fernández en 1985 durante el Juicio a las Juntas sobre su secuestro y fuga del centro clandestino de detención llamado Mansión Seré, un actor pondrá su cuerpo. </p>

Espectáculo en castellano

Recomendado a partir de 16 años

<p>Dramaturgia y dirección: <strong>Lautaro Delgado Tymruk y Sofía Brito</strong> <br />Dramaturgista: <strong>Conrado Beretta&nbsp; </strong></p>
<p>Intérpretes: <strong>Lautaro Delgado Tymruk </strong></p>
<p>Escenografía:<strong> Richy Salguero <br /></strong>luminación: <strong>Ricardo Sica </strong></p>
<p>Dirección de producción: <strong>Lautaro Delgado Tymruk y Sofía Brito</strong> <br />Producción ejecutiva: <strong>Compañía SERÉ </strong></p>
<p>Jefa técnica del teatro: <strong>Marta Pérez</strong>&nbsp; </p>
<p>Marketing y comunicación: <strong>La Villarroel</strong>&nbsp; </p>
<p>Agradecimientos: <strong>Guillermo Fernandez, Carlos García, Ana María Careaga, Damian Loreti, Emiliano Ruy, Carola Noriega, Eugenia Levin, Sabrina Osowski, Archivo de la memoria, Andrea Copani.</strong> </p>
<p>Distribución:&nbsp; <br />Cataluña - <strong>FOCUS</strong>,&nbsp; <br />Resto de España: <strong>Elena Martínez</strong> <br />Resto del mundo: <strong>Débora Staiff</strong> </p>
<p>Es una producción de la <strong>Compañía SERÉ</strong>&nbsp; </p>

Osvaldo Quiroga|La Izquierda Diario|“Una memorable actuación en un espectáculo que quedará en la memoria de los espectadores” 
Juan Pablo Russo|Escribiendo Cine|“Un relato visceral que trasciende la representación teatral para convertirse en un acto político de resistencia y reivindicación.” 
Elsa Drucaroff|La Agenda|“Extraordinaria. Una pieza conmovedora”

Seré a La Villarroel de Barcelona

[{"localizer":"V4PORTADAWIDE","url":"media/ver/port/wide/v4/3170C/01_091_00059148/1-Portada_0_2880x1260SERE.jpg","thumb_url":"","title":"Seré - L'off La Villarroel - Barcelona ","description":"sere a la villarroel de barcelona","copyright":"","order":1},{"localizer":"V4PORTADA","url":"media/ver/port/v4/3170C/01_090_00059149/2-Portada_1_760x760SERE.jpg","thumb_url":"","title":"Seré - L'off La Villarroel - Barcelona ","description":"sere a la villarroel de barcelona","copyright":"","order":2},{"localizer":"V4PORTADAWIDEMOBILE","url":"media/ver/port/wide/mobile/v4/3170C/01_092_00059150/3-Portada_Mobile_828x1800SERE.jpg","thumb_url":"","title":"Seré - L'off La Villarroel - Barcelona ","description":"sere a la villarroel de barcelona","copyright":"","order":3},{"localizer":"V4CARTELL","url":"media/ver/cartell/v4/3170C/01_089_00059151/4-Cartell_web_720x1100SERE.jpg","thumb_url":"","title":"Seré - L'off La Villarroel - Barcelona ","description":"sere a la villarroel de barcelona","copyright":"","order":4},{"localizer":"V3SLIDE","url":"media/ftgalslide/v3/3170C/01_086_00059153/Foto_Sere01_por_Ricardo_Sica.jpg","thumb_url":"media/ftgalslide/v3/3170C/01_086_00059153/Foto_Sere01_por_Ricardo_Sica_thumb.jpg","title":"Seré - L'off La Villarroel - Barcelona ","description":"sere a la villarroel de barcelona","copyright":"https://youtu.be/RHx8HVHSjMc","order":6},{"localizer":"V3SLIDE","url":"media/ftgalslide/v3/31769/01_086_00059527/Foto_Sere2_por_Ricardo_Sica.jpg","thumb_url":"media/ftgalslide/v3/31769/01_086_00059527/Foto_Sere2_por_Ricardo_Sica_thumb.jpg","title":"Seré - La Villarroel","description":"seré a la villarroel","copyright":"","order":9},{"localizer":"V3SLIDE","url":"media/ftgalslide/v3/31769/01_086_00059528/Sere_by_Laly_Sola_2.jpg","thumb_url":"media/ftgalslide/v3/31769/01_086_00059528/Sere_by_Laly_Sola_2_thumb.jpg","title":"Seré - La Villarroel","description":"seré a la villarroel","copyright":"","order":10}]

<!-- This site is optimized with the Yoast SEO plugin v27.5 - https://yoast.com/product/yoast-seo-wordpress/ -->
<title>Seré - La Villarroel</title>
<meta name="robots" content="index, follow, max-snippet:-1, max-image-preview:large, max-video-preview:-1" />
<link rel="canonical" href="https://www.lavillarroel.cat/es/ex/sere/" />
<script type="application/ld+json" class="yoast-schema-graph">{"@context":"https:\/\/schema.org","@graph":[{"@type":"WebPage","@id":"https:\/\/www.lavillarroel.cat\/es\/ex\/sere\/","url":"https:\/\/www.lavillarroel.cat\/es\/ex\/sere\/","name":"Seré - La Villarroel","isPartOf":{"@id":"https:\/\/www.lavillarroel.cat\/es\/#website"},"datePublished":"2025-09-04T14:45:10+00:00","dateModified":"2026-01-19T13:00:23+00:00","breadcrumb":{"@id":"https:\/\/www.lavillarroel.cat\/es\/ex\/sere\/#breadcrumb"},"inLanguage":"es","potentialAction":[{"@type":"ReadAction","target":["https:\/\/www.lavillarroel.cat\/es\/ex\/sere\/"]}]},{"@type":"BreadcrumbList","@id":"https:\/\/www.lavillarroel.cat\/es\/ex\/sere\/#breadcrumb","itemListElement":[{"@type":"ListItem","position":1,"name":"Inici","item":"https:\/\/www.lavillarroel.cat\/es\/"},{"@type":"ListItem","position":2,"name":"Espectacles","item":"https:\/\/www.lavillarroel.cat\/es\/ex\/"},{"@type":"ListItem","position":3,"name":"Seré"}]},{"@type":"WebSite","@id":"https:\/\/www.lavillarroel.cat\/es\/#website","url":"https:\/\/www.lavillarroel.cat\/es\/","name":"La Villarroel","description":"","publisher":{"@id":"https:\/\/www.lavillarroel.cat\/es\/#organization"},"potentialAction":[{"@type":"SearchAction","target":{"@type":"EntryPoint","urlTemplate":"https:\/\/www.lavillarroel.cat\/es\/?s={search_term_string}"},"query-input":{"@type":"PropertyValueSpecification","valueRequired":true,"valueName":"search_term_string"}}],"inLanguage":"es"},{"@type":"Organization","@id":"https:\/\/www.lavillarroel.cat\/es\/#organization","name":"La Villarroel","url":"https:\/\/www.lavillarroel.cat\/es\/","logo":{"@type":"ImageObject","inLanguage":"es","@id":"https:\/\/www.lavillarroel.cat\/es\/#\/schema\/logo\/image\/","url":"https:\/\/www.lavillarroel.cat\/wp-content\/uploads\/sites\/5\/2017\/09\/teatre-villaroel-logo.svg","contentUrl":"https:\/\/www.lavillarroel.cat\/wp-content\/uploads\/sites\/5\/2017\/09\/teatre-villaroel-logo.svg","width":1,"height":1,"caption":"La Villarroel"},"image":{"@id":"https:\/\/www.lavillarroel.cat\/es\/#\/schema\/logo\/image\/"},"sameAs":["http:\/\/www.facebook.com\/TeatreVillarroel","https:\/\/x.com\/la_villarroel","http:\/\/instagram.com\/la_villarroel","http:\/\/www.youtube.com\/user\/LaVillarroel#p\/u"]}]}</script>
<!-- / Yoast SEO plugin. -->

Seré - La Villarroel
