{"id":4187,"date":"2025-09-04T17:07:15","date_gmt":"2025-09-04T15:07:15","guid":{"rendered":"https:\/\/www.lavillarroel.cat\/ex\/besties\/"},"modified":"2025-10-29T11:06:14","modified_gmt":"2025-10-29T10:06:14","slug":"besties","status":"publish","type":"ex","link":"https:\/\/www.lavillarroel.cat\/es\/ex\/besties\/","title":{"rendered":"B\u00e8sties"},"content":{"rendered":"","protected":false},"excerpt":{"rendered":"","protected":false},"author":2,"featured_media":0,"comment_status":"closed","ping_status":"closed","template":"","class_list":["post-4187","ex","type-ex","status-publish","hentry","season-2025-26"],"acf":{"txt_synopsis":"<p><strong>\u00bfHasta d\u00f3nde estar\u00eda dispuesta a llegar una madre para que su hija consiga lo que desea?<\/strong> <\/p>\r\n<p>Sobre el escenario, una psicoterapeuta (Marta Marco) repasa las repercusiones de un caso extremo: la hija de ocho a\u00f1os de su paciente quiere ponerse pechos. A trav\u00e9s de una circunstancia que puede parecernos aberrante y anormal nos invita a revisar nuestra cultura. \u00bfCu\u00e1ndo, y c\u00f3mo, empezamos a darnos cuenta de que nuestra moral est\u00e1 siendo dirigida por la cultura popular? \u00bfPor una sociedad en la que la sexualidad y el g\u00e9nero son una parte importante de qui\u00e9nes somos, c\u00f3mo nos identificamos y c\u00f3mo nos definimos?\u202f <\/p>\r\n<p>B\u00e8sties\u202fnos habla sin tapujos de la cultura de la hipersexualizaci\u00f3n y la pornificaci\u00f3n de los y las menores. Un texto desgarrador que abre debates necesarios. \u202f <\/p>","main_buy_link":"https:\/\/tickets.oneboxtds.com\/lavillarroel\/events\/48068?hl=es-ES","main_buy_links":"[\"https:\/\/tickets.oneboxtds.com\/lavillarroel\/events\/48068?hl=es-ES\"]","group_buy_link":"","show_language":"Espect\u00e1culo en catalan","show_duration":"70","show_start_date":"20251108000000","show_end_date":"20251108000000","show_sort_date":"20251108000000","txt_custom_show_dates":"el 8 de noviembre de 2025 ","show_disciplines":"11","show_ultimes_funcions":false,"hide_tarifes_especials":false,"show_properament":false,"txt_additional_info":"Recomendado a partir de 14 a\u00f1os ","txt_present":"","show_season":[102],"txt_season":"[\"2025\/26\"]","txt_cycle":"RBLS","txt_claim":"\u00bfHasta d\u00f3nde estar\u00eda dispuesta a llegar una madre para que su hija consiga lo que desea?","txt_cast_excerpt":"","txt_cast":"<p>Autor\u00eda: <strong>Monica Dolan&nbsp; <br \/><\/strong>Traducci\u00f3n: <strong>Adriana Nadal <br \/><\/strong>Direcci\u00f3n: <strong>Pau Roca<\/strong>&nbsp; <\/p>\r\n<p>Int\u00e9rprete: <strong>Marta Marco<\/strong>&nbsp; <\/p>\r\n<p>Escenograf\u00eda: <strong>Paula Bosch&nbsp; <br \/><\/strong>Vestuario: <strong>Pol Cornudella<\/strong>&nbsp; <br \/>Iluminaci\u00f3n: <strong>Guillem Gelabert<\/strong> <\/p>\r\n<p>Producci\u00f3n: <strong>Pol Cornudella y Adriana Nadal <\/strong><\/p>\r\n<p>Jefe t\u00e9cnica del teatro: <strong>Marta P\u00e9rez<\/strong>&nbsp; <\/p>\r\n<p>Marketing y comunicaci\u00f3n: <strong>La Villarroel<\/strong>&nbsp; <br \/>Redes: <strong>Eladi Bonastre <br \/><\/strong>Dise\u00f1o imagen: <strong>Kiku Pi\u00f1ol <br \/><\/strong>Dise\u00f1o gr\u00e1fico: <strong>Edu Buch <\/strong><\/p>\r\n<p>Distribuci\u00f3n: <strong>Anita L\u00fcscher\u202f<\/strong> (<a href=\"mailto:aluscher@mediterraneagira.com\">aluscher@mediterraneagira.com<\/a>)\u202f\u202f <\/p>\r\n<p>Es una producci\u00f3n de <strong>Sixto Paz Produccions&nbsp; <br \/><\/strong><\/p>","txt_reviews":"Santi Fondevila|ARA| \u201cUna sobrecogedora historia sobre la sexualizaci\u00f3n infantil.\u201d \r\nMart\u00ed Figueras|Recomana| \u201cPau Roca dirige con precisi\u00f3n a una actriz may\u00fascula como lo es Marta Marco.\u201d \r\n-|Catorze|\u201cEl texto est\u00e1 interpretado con una potencia y elegancia que provoca una carga emocional creciente.\u201d ","hashtag":"B\u00e8sties","have_promo":"","slogan":"","id_exhibicio":2332,"id_versio":1599,"id_local":4,"txt_seo_desc":"B\u00e8sties a La Villarroel de Barcelona","data_images":"[{\"localizer\":\"V3SLIDE\",\"url\":\"media\/ftgalslide\/v3\/3163F\/01_086_00055774\/Dsitri.jpg\",\"thumb_url\":\"media\/ftgalslide\/v3\/3163F\/01_086_00055774\/Dsitri_thumb.jpg\",\"title\":\"B\u00e8sties\",\"description\":\"besties\",\"copyright\":\"\",\"order\":2},{\"localizer\":\"V3CARTELL\",\"url\":\"media\/ver\/cartell\/v3\/31641\/01_085_00055931\/MicrosoftTeams-image_(4).png\",\"thumb_url\":\"media\/ver\/cartell\/v3\/31641\/01_085_00055931\/MicrosoftTeams-image_(4)_thumb.jpg\",\"title\":\"B\u00e8sties\",\"description\":\"besties\",\"copyright\":\"\",\"order\":3},{\"localizer\":\"V4PORTADAWIDE\",\"url\":\"media\/ver\/port\/wide\/v4\/3170D\/01_091_00059201\/1-Portada_0_2880x1260.jpg\",\"thumb_url\":\"\",\"title\":\"B\u00e8sties - La Villarroel - Barcelona\",\"description\":\"besties a la villarroel de barcelona\",\"copyright\":\"\",\"order\":4},{\"localizer\":\"V4PORTADA\",\"url\":\"media\/ver\/port\/v4\/3170D\/01_090_00059202\/2-Portada_1_760x760.jpg\",\"thumb_url\":\"\",\"title\":\"B\u00e8sties - La Villarroel - Barcelona\",\"description\":\"besties a la villarroel de barcelona\",\"copyright\":\"\",\"order\":5},{\"localizer\":\"V4CARTELL\",\"url\":\"media\/ver\/cartell\/v4\/3170D\/01_089_00059203\/4-Cartell_web_720x1100.jpg\",\"thumb_url\":\"\",\"title\":\"B\u00e8sties - La Villarroel - Barcelona\",\"description\":\"besties a la villarroel de barcelona\",\"copyright\":\"\",\"order\":6},{\"localizer\":\"V4PORTADAWIDEMOBILE\",\"url\":\"media\/ver\/port\/wide\/mobile\/v4\/3170D\/01_092_00059204\/3-Portada_Mobile_828x1800.jpg\",\"thumb_url\":\"\",\"title\":\"B\u00e8sties - La Villarroel - Barcelona\",\"description\":\"besties a la villarroel de barcelona\",\"copyright\":\"\",\"order\":7}]","material__texto_intro":"","data_material":null,"data_gallery":"","data_discounts":"[]","contract_is_open":false,"in_tour":false},"yoast_head":"<!-- This site is optimized with the Yoast SEO plugin v27.5 - https:\/\/yoast.com\/product\/yoast-seo-wordpress\/ -->\n<title>B\u00e8sties - La Villarroel<\/title>\n<meta name=\"robots\" content=\"index, follow, max-snippet:-1, max-image-preview:large, max-video-preview:-1\" \/>\n<link rel=\"canonical\" href=\"https:\/\/www.lavillarroel.cat\/es\/ex\/besties\/\" \/>\n<script type=\"application\/ld+json\" class=\"yoast-schema-graph\">{\"@context\":\"https:\\\/\\\/schema.org\",\"@graph\":[{\"@type\":\"WebPage\",\"@id\":\"https:\\\/\\\/www.lavillarroel.cat\\\/es\\\/ex\\\/besties\\\/\",\"url\":\"https:\\\/\\\/www.lavillarroel.cat\\\/es\\\/ex\\\/besties\\\/\",\"name\":\"B\u00e8sties - La Villarroel\",\"isPartOf\":{\"@id\":\"https:\\\/\\\/www.lavillarroel.cat\\\/es\\\/#website\"},\"datePublished\":\"2025-09-04T15:07:15+00:00\",\"dateModified\":\"2025-10-29T10:06:14+00:00\",\"breadcrumb\":{\"@id\":\"https:\\\/\\\/www.lavillarroel.cat\\\/es\\\/ex\\\/besties\\\/#breadcrumb\"},\"inLanguage\":\"es\",\"potentialAction\":[{\"@type\":\"ReadAction\",\"target\":[\"https:\\\/\\\/www.lavillarroel.cat\\\/es\\\/ex\\\/besties\\\/\"]}]},{\"@type\":\"BreadcrumbList\",\"@id\":\"https:\\\/\\\/www.lavillarroel.cat\\\/es\\\/ex\\\/besties\\\/#breadcrumb\",\"itemListElement\":[{\"@type\":\"ListItem\",\"position\":1,\"name\":\"Inici\",\"item\":\"https:\\\/\\\/www.lavillarroel.cat\\\/es\\\/\"},{\"@type\":\"ListItem\",\"position\":2,\"name\":\"Espectacles\",\"item\":\"https:\\\/\\\/www.lavillarroel.cat\\\/es\\\/ex\\\/\"},{\"@type\":\"ListItem\",\"position\":3,\"name\":\"B\u00e8sties\"}]},{\"@type\":\"WebSite\",\"@id\":\"https:\\\/\\\/www.lavillarroel.cat\\\/es\\\/#website\",\"url\":\"https:\\\/\\\/www.lavillarroel.cat\\\/es\\\/\",\"name\":\"La Villarroel\",\"description\":\"\",\"publisher\":{\"@id\":\"https:\\\/\\\/www.lavillarroel.cat\\\/es\\\/#organization\"},\"potentialAction\":[{\"@type\":\"SearchAction\",\"target\":{\"@type\":\"EntryPoint\",\"urlTemplate\":\"https:\\\/\\\/www.lavillarroel.cat\\\/es\\\/?s={search_term_string}\"},\"query-input\":{\"@type\":\"PropertyValueSpecification\",\"valueRequired\":true,\"valueName\":\"search_term_string\"}}],\"inLanguage\":\"es\"},{\"@type\":\"Organization\",\"@id\":\"https:\\\/\\\/www.lavillarroel.cat\\\/es\\\/#organization\",\"name\":\"La Villarroel\",\"url\":\"https:\\\/\\\/www.lavillarroel.cat\\\/es\\\/\",\"logo\":{\"@type\":\"ImageObject\",\"inLanguage\":\"es\",\"@id\":\"https:\\\/\\\/www.lavillarroel.cat\\\/es\\\/#\\\/schema\\\/logo\\\/image\\\/\",\"url\":\"https:\\\/\\\/www.lavillarroel.cat\\\/wp-content\\\/uploads\\\/sites\\\/5\\\/2017\\\/09\\\/teatre-villaroel-logo.svg\",\"contentUrl\":\"https:\\\/\\\/www.lavillarroel.cat\\\/wp-content\\\/uploads\\\/sites\\\/5\\\/2017\\\/09\\\/teatre-villaroel-logo.svg\",\"width\":1,\"height\":1,\"caption\":\"La Villarroel\"},\"image\":{\"@id\":\"https:\\\/\\\/www.lavillarroel.cat\\\/es\\\/#\\\/schema\\\/logo\\\/image\\\/\"},\"sameAs\":[\"http:\\\/\\\/www.facebook.com\\\/TeatreVillarroel\",\"https:\\\/\\\/x.com\\\/la_villarroel\",\"http:\\\/\\\/instagram.com\\\/la_villarroel\",\"http:\\\/\\\/www.youtube.com\\\/user\\\/LaVillarroel#p\\\/u\"]}]}<\/script>\n<!-- \/ Yoast SEO plugin. -->","yoast_head_json":{"title":"B\u00e8sties - La Villarroel","robots":{"index":"index","follow":"follow","max-snippet":"max-snippet:-1","max-image-preview":"max-image-preview:large","max-video-preview":"max-video-preview:-1"},"canonical":"https:\/\/www.lavillarroel.cat\/es\/ex\/besties\/","schema":{"@context":"https:\/\/schema.org","@graph":[{"@type":"WebPage","@id":"https:\/\/www.lavillarroel.cat\/es\/ex\/besties\/","url":"https:\/\/www.lavillarroel.cat\/es\/ex\/besties\/","name":"B\u00e8sties - La Villarroel","isPartOf":{"@id":"https:\/\/www.lavillarroel.cat\/es\/#website"},"datePublished":"2025-09-04T15:07:15+00:00","dateModified":"2025-10-29T10:06:14+00:00","breadcrumb":{"@id":"https:\/\/www.lavillarroel.cat\/es\/ex\/besties\/#breadcrumb"},"inLanguage":"es","potentialAction":[{"@type":"ReadAction","target":["https:\/\/www.lavillarroel.cat\/es\/ex\/besties\/"]}]},{"@type":"BreadcrumbList","@id":"https:\/\/www.lavillarroel.cat\/es\/ex\/besties\/#breadcrumb","itemListElement":[{"@type":"ListItem","position":1,"name":"Inici","item":"https:\/\/www.lavillarroel.cat\/es\/"},{"@type":"ListItem","position":2,"name":"Espectacles","item":"https:\/\/www.lavillarroel.cat\/es\/ex\/"},{"@type":"ListItem","position":3,"name":"B\u00e8sties"}]},{"@type":"WebSite","@id":"https:\/\/www.lavillarroel.cat\/es\/#website","url":"https:\/\/www.lavillarroel.cat\/es\/","name":"La Villarroel","description":"","publisher":{"@id":"https:\/\/www.lavillarroel.cat\/es\/#organization"},"potentialAction":[{"@type":"SearchAction","target":{"@type":"EntryPoint","urlTemplate":"https:\/\/www.lavillarroel.cat\/es\/?s={search_term_string}"},"query-input":{"@type":"PropertyValueSpecification","valueRequired":true,"valueName":"search_term_string"}}],"inLanguage":"es"},{"@type":"Organization","@id":"https:\/\/www.lavillarroel.cat\/es\/#organization","name":"La Villarroel","url":"https:\/\/www.lavillarroel.cat\/es\/","logo":{"@type":"ImageObject","inLanguage":"es","@id":"https:\/\/www.lavillarroel.cat\/es\/#\/schema\/logo\/image\/","url":"https:\/\/www.lavillarroel.cat\/wp-content\/uploads\/sites\/5\/2017\/09\/teatre-villaroel-logo.svg","contentUrl":"https:\/\/www.lavillarroel.cat\/wp-content\/uploads\/sites\/5\/2017\/09\/teatre-villaroel-logo.svg","width":1,"height":1,"caption":"La Villarroel"},"image":{"@id":"https:\/\/www.lavillarroel.cat\/es\/#\/schema\/logo\/image\/"},"sameAs":["http:\/\/www.facebook.com\/TeatreVillarroel","https:\/\/x.com\/la_villarroel","http:\/\/instagram.com\/la_villarroel","http:\/\/www.youtube.com\/user\/LaVillarroel#p\/u"]}]}},"translations":[{"id":4186,"locale":"ca"},{"id":4187,"locale":"es"}],"_links":{"self":[{"href":"https:\/\/www.lavillarroel.cat\/es\/wp-json\/wp\/v2\/ex\/4187","targetHints":{"allow":["GET"]}}],"collection":[{"href":"https:\/\/www.lavillarroel.cat\/es\/wp-json\/wp\/v2\/ex"}],"about":[{"href":"https:\/\/www.lavillarroel.cat\/es\/wp-json\/wp\/v2\/types\/ex"}],"author":[{"embeddable":true,"href":"https:\/\/www.lavillarroel.cat\/es\/wp-json\/wp\/v2\/users\/2"}],"replies":[{"embeddable":true,"href":"https:\/\/www.lavillarroel.cat\/es\/wp-json\/wp\/v2\/comments?post=4187"}],"acf:term":[{"embeddable":true,"taxonomy":"season","href":"https:\/\/www.lavillarroel.cat\/es\/wp-json\/wp\/v2\/season\/102"}],"wp:attachment":[{"href":"https:\/\/www.lavillarroel.cat\/es\/wp-json\/wp\/v2\/media?parent=4187"}],"curies":[{"name":"wp","href":"https:\/\/api.w.org\/{rel}","templated":true}]}}

Bèsties

<p><strong>¿Hasta dónde estaría dispuesta a llegar una madre para que su hija consiga lo que desea?</strong> </p>
<p>Sobre el escenario, una psicoterapeuta (Marta Marco) repasa las repercusiones de un caso extremo: la hija de ocho años de su paciente quiere ponerse pechos. A través de una circunstancia que puede parecernos aberrante y anormal nos invita a revisar nuestra cultura. ¿Cuándo, y cómo, empezamos a darnos cuenta de que nuestra moral está siendo dirigida por la cultura popular? ¿Por una sociedad en la que la sexualidad y el género son una parte importante de quiénes somos, cómo nos identificamos y cómo nos definimos?  </p>
<p>Bèsties nos habla sin tapujos de la cultura de la hipersexualización y la pornificación de los y las menores. Un texto desgarrador que abre debates necesarios.   </p>

Espectáculo en catalan

Recomendado a partir de 14 años

¿Hasta dónde estaría dispuesta a llegar una madre para que su hija consiga lo que desea?

<p>Autoría: <strong>Monica Dolan&nbsp; <br /></strong>Traducción: <strong>Adriana Nadal <br /></strong>Dirección: <strong>Pau Roca</strong>&nbsp; </p>
<p>Intérprete: <strong>Marta Marco</strong>&nbsp; </p>
<p>Escenografía: <strong>Paula Bosch&nbsp; <br /></strong>Vestuario: <strong>Pol Cornudella</strong>&nbsp; <br />Iluminación: <strong>Guillem Gelabert</strong> </p>
<p>Producción: <strong>Pol Cornudella y Adriana Nadal </strong></p>
<p>Jefe técnica del teatro: <strong>Marta Pérez</strong>&nbsp; </p>
<p>Marketing y comunicación: <strong>La Villarroel</strong>&nbsp; <br />Redes: <strong>Eladi Bonastre <br /></strong>Diseño imagen: <strong>Kiku Piñol <br /></strong>Diseño gráfico: <strong>Edu Buch </strong></p>
<p>Distribución: <strong>Anita Lüscher </strong> (<a href="mailto:aluscher@mediterraneagira.com">aluscher@mediterraneagira.com</a>)   </p>
<p>Es una producción de <strong>Sixto Paz Produccions&nbsp; <br /></strong></p>

Santi Fondevila|ARA| “Una sobrecogedora historia sobre la sexualización infantil.” 
Martí Figueras|Recomana| “Pau Roca dirige con precisión a una actriz mayúscula como lo es Marta Marco.” 
-|Catorze|“El texto está interpretado con una potencia y elegancia que provoca una carga emocional creciente.”

Bèsties a La Villarroel de Barcelona

[{"localizer":"V3SLIDE","url":"media/ftgalslide/v3/3163F/01_086_00055774/Dsitri.jpg","thumb_url":"media/ftgalslide/v3/3163F/01_086_00055774/Dsitri_thumb.jpg","title":"Bèsties","description":"besties","copyright":"","order":2},{"localizer":"V3CARTELL","url":"media/ver/cartell/v3/31641/01_085_00055931/MicrosoftTeams-image_(4).png","thumb_url":"media/ver/cartell/v3/31641/01_085_00055931/MicrosoftTeams-image_(4)_thumb.jpg","title":"Bèsties","description":"besties","copyright":"","order":3},{"localizer":"V4PORTADAWIDE","url":"media/ver/port/wide/v4/3170D/01_091_00059201/1-Portada_0_2880x1260.jpg","thumb_url":"","title":"Bèsties - La Villarroel - Barcelona","description":"besties a la villarroel de barcelona","copyright":"","order":4},{"localizer":"V4PORTADA","url":"media/ver/port/v4/3170D/01_090_00059202/2-Portada_1_760x760.jpg","thumb_url":"","title":"Bèsties - La Villarroel - Barcelona","description":"besties a la villarroel de barcelona","copyright":"","order":5},{"localizer":"V4CARTELL","url":"media/ver/cartell/v4/3170D/01_089_00059203/4-Cartell_web_720x1100.jpg","thumb_url":"","title":"Bèsties - La Villarroel - Barcelona","description":"besties a la villarroel de barcelona","copyright":"","order":6},{"localizer":"V4PORTADAWIDEMOBILE","url":"media/ver/port/wide/mobile/v4/3170D/01_092_00059204/3-Portada_Mobile_828x1800.jpg","thumb_url":"","title":"Bèsties - La Villarroel - Barcelona","description":"besties a la villarroel de barcelona","copyright":"","order":7}]

<!-- This site is optimized with the Yoast SEO plugin v27.5 - https://yoast.com/product/yoast-seo-wordpress/ -->
<title>Bèsties - La Villarroel</title>
<meta name="robots" content="index, follow, max-snippet:-1, max-image-preview:large, max-video-preview:-1" />
<link rel="canonical" href="https://www.lavillarroel.cat/es/ex/besties/" />
<script type="application/ld+json" class="yoast-schema-graph">{"@context":"https:\/\/schema.org","@graph":[{"@type":"WebPage","@id":"https:\/\/www.lavillarroel.cat\/es\/ex\/besties\/","url":"https:\/\/www.lavillarroel.cat\/es\/ex\/besties\/","name":"Bèsties - La Villarroel","isPartOf":{"@id":"https:\/\/www.lavillarroel.cat\/es\/#website"},"datePublished":"2025-09-04T15:07:15+00:00","dateModified":"2025-10-29T10:06:14+00:00","breadcrumb":{"@id":"https:\/\/www.lavillarroel.cat\/es\/ex\/besties\/#breadcrumb"},"inLanguage":"es","potentialAction":[{"@type":"ReadAction","target":["https:\/\/www.lavillarroel.cat\/es\/ex\/besties\/"]}]},{"@type":"BreadcrumbList","@id":"https:\/\/www.lavillarroel.cat\/es\/ex\/besties\/#breadcrumb","itemListElement":[{"@type":"ListItem","position":1,"name":"Inici","item":"https:\/\/www.lavillarroel.cat\/es\/"},{"@type":"ListItem","position":2,"name":"Espectacles","item":"https:\/\/www.lavillarroel.cat\/es\/ex\/"},{"@type":"ListItem","position":3,"name":"Bèsties"}]},{"@type":"WebSite","@id":"https:\/\/www.lavillarroel.cat\/es\/#website","url":"https:\/\/www.lavillarroel.cat\/es\/","name":"La Villarroel","description":"","publisher":{"@id":"https:\/\/www.lavillarroel.cat\/es\/#organization"},"potentialAction":[{"@type":"SearchAction","target":{"@type":"EntryPoint","urlTemplate":"https:\/\/www.lavillarroel.cat\/es\/?s={search_term_string}"},"query-input":{"@type":"PropertyValueSpecification","valueRequired":true,"valueName":"search_term_string"}}],"inLanguage":"es"},{"@type":"Organization","@id":"https:\/\/www.lavillarroel.cat\/es\/#organization","name":"La Villarroel","url":"https:\/\/www.lavillarroel.cat\/es\/","logo":{"@type":"ImageObject","inLanguage":"es","@id":"https:\/\/www.lavillarroel.cat\/es\/#\/schema\/logo\/image\/","url":"https:\/\/www.lavillarroel.cat\/wp-content\/uploads\/sites\/5\/2017\/09\/teatre-villaroel-logo.svg","contentUrl":"https:\/\/www.lavillarroel.cat\/wp-content\/uploads\/sites\/5\/2017\/09\/teatre-villaroel-logo.svg","width":1,"height":1,"caption":"La Villarroel"},"image":{"@id":"https:\/\/www.lavillarroel.cat\/es\/#\/schema\/logo\/image\/"},"sameAs":["http:\/\/www.facebook.com\/TeatreVillarroel","https:\/\/x.com\/la_villarroel","http:\/\/instagram.com\/la_villarroel","http:\/\/www.youtube.com\/user\/LaVillarroel#p\/u"]}]}</script>
<!-- / Yoast SEO plugin. -->

Bèsties - La Villarroel
