{"id":4203,"date":"2025-09-18T15:33:54","date_gmt":"2025-09-18T13:33:54","guid":{"rendered":"https:\/\/www.lavillarroel.cat\/ex\/les-coses-excepcionals\/"},"modified":"2025-11-25T09:41:35","modified_gmt":"2025-11-25T08:41:35","slug":"les-coses-excepcionals","status":"publish","type":"ex","link":"https:\/\/www.lavillarroel.cat\/es\/ex\/les-coses-excepcionals\/","title":{"rendered":"Les coses excepcionals"},"content":{"rendered":"","protected":false},"excerpt":{"rendered":"","protected":false},"author":2,"featured_media":0,"comment_status":"closed","ping_status":"closed","template":"","class_list":["post-4203","ex","type-ex","status-publish","hentry","season-2025-26"],"acf":{"txt_synopsis":"<strong>Una comedia luminosa sobre las crisis personales.<\/strong> <br \/><br \/>Tengo seis a\u00f1os. Mi madre est\u00e1 en el hospital. Mi padre dice que ha hecho \u201calgo est\u00fapido.\u201d Le cuesta ser feliz.<br \/>As\u00ed que empiezas a hacer una lista de las cosas excepcionales de este mundo. Cada una de las cosas que hacen que la vida merezca la pena.<br \/>1- El helado<br \/>2- Las pelis de Kung-Fu<br \/>3- Quemar cosas<br \/>4- Re\u00edr tan fuerte que te salga leche por la nariz.<br \/>5- Las gr\u00faas de las obras<br \/>6- Yo<br \/>La dejas en su almohada. Sabes que la ha le\u00eddo porque te ha corregido la ortograf\u00eda. La lista no tarda al tener vida propia.<br \/>Les Coses Exepcionals es una comedia sobre la depresi\u00f3n y sobre aquello que estamos dispuestos a hacer por aquellos que amamos.<br \/>Traducida al catal\u00e1n como \u2018Les Coses Excepcionals\u2019, \u2018Every Brilliant Thing\u2019 se estren\u00f3 al Fringe Festival de Ludlow en 2013, desde entonces ha girado por el Reino Unido, Edimburgo, Nueva York, Australia (al Perth International Festival y en Melbourne, Wellington, Nueva Zelanda y Carolina del sur)<br \/>Lyn Gardner describi\u00f3 el espect\u00e1culo como \u201cuna de las obras m\u00e1s divertidas que ver\u00e9is nunca sobre la depresi\u00f3n\u201d a la cr\u00edtica que hizo para The Guardian.<br \/>(*) El espect\u00e1culo requiere la participaci\u00f3n del p\u00fablico","main_buy_link":"","main_buy_links":"","group_buy_link":"","show_language":"Espect\u00e1culo en catal\u00e1n","show_duration":"70","show_start_date":"20251109000000","show_end_date":"20251109000000","show_sort_date":"20251109000000","txt_custom_show_dates":"el 9 de noviembre de 2025 ","show_disciplines":"11","show_ultimes_funcions":false,"hide_tarifes_especials":false,"show_properament":false,"txt_additional_info":"","txt_present":"","show_season":[102],"txt_season":"[\"2025\/26\"]","txt_cycle":"RBLS","txt_claim":"Una com\u00e8dia lluminosa sobre les crisis personals. ","txt_cast_excerpt":"","txt_cast":"<p>T\u00edtulo original: <strong>Every Brilliant Thing<\/strong><br \/>Autor\u00eda: <strong>Duncan Macmillan<\/strong><br \/>Traducci\u00f3n: <strong>Adriana Nadal<\/strong><br \/>Direcci\u00f3n: <strong>Sixto Paz Produccions<\/strong><\/p>\r\n<p>Int\u00e9rprete: <strong>Pau Roca<\/strong> <\/p>\r\n<p>Escenograf\u00eda: <strong>Paula Bosch<\/strong> <br \/>Iluminaci\u00f3n: <strong>Ignasi Bosch\/Guillem Gelabert<\/strong><\/p>\r\n<p>Producci\u00f3n: <strong>Adriana Nadal y Pol Cornudella<\/strong><\/p>\r\n<p>Jefa t\u00e9cnica del teatro: <strong>Marta P\u00e9rez<\/strong> <br \/><br \/>Marketing y comunicaci\u00f3n: <strong>La Villarroel<\/strong> <br \/>Redes: <strong>Eladi Bonastre<\/strong><br \/>Dise\u00f1o imagen: <strong>Kiku Pi\u00f1ol<\/strong><br \/>Dise\u00f1o gr\u00e1fico: <strong>Edu Buch<br \/><\/strong>&nbsp;<br \/>Primera representaci\u00f3n en el <strong>Teatre Heartbreack Hotel el 26 de mar\u00e7 de 2025<br \/><\/strong><br \/>Distribuci\u00f3n: <strong>Anita L\u00fcscher&nbsp; (<\/strong><a href=\"mailto:aluscher@mediterraneagira.com\"><strong>aluscher@mediterraneagira.com<\/strong><\/a><strong>)<\/strong> <\/p>\r\n<p>Es una producci\u00f3n de<strong> Sixto Paz Produccions<\/strong><br \/><\/p>","txt_reviews":"Andreu Gomila|TIME OUT|\"Excepcional.|\r\nMarcos Ord\u00f3\u00f1ez|EL PA\u00cdS|\"Comedia brillante y optimista... Funci\u00f3n con el coraz\u00f3n en la mano que atrapa.\"\r\nAida Pallar\u00e9s|EL PERI\u00d3DICO|\"Una experi\u00e8ncia col\u00b7lectiva y transformadora.\"","hashtag":"LesCosesExcepcionals","have_promo":"","slogan":"","id_exhibicio":2340,"id_versio":1776,"id_local":4,"txt_seo_desc":"","data_images":"[{\"localizer\":\"V3CARTELL\",\"url\":\"media\/ver\/cartell\/v3\/31708\/01_085_00058803\/Cartell_722_x_1030px_(1).jpg\",\"thumb_url\":\"media\/ver\/cartell\/v3\/31708\/01_085_00058803\/Cartell_722_x_1030px_(1)_thumb.jpg\",\"title\":\"Les coses expecionals - Mediterranea\",\"description\":\"les coses exepcions mediterrabea\",\"copyright\":\"\",\"order\":5},{\"localizer\":\"V4PORTADAWIDE\",\"url\":\"media\/ver\/port\/wide\/v4\/3170D\/01_091_00059263\/1-Portada_0_2880x1260.jpg\",\"thumb_url\":\"\",\"title\":\"Les coses excepcionals - La Villarroel\",\"description\":\"les coses excepcionals a la villarroel\",\"copyright\":\"\",\"order\":7},{\"localizer\":\"V4PORTADAWIDEMOBILE\",\"url\":\"media\/ver\/port\/wide\/mobile\/v4\/3170D\/01_092_00059264\/3-Portada_Mobile_828x1800.jpg\",\"thumb_url\":\"\",\"title\":\"Les coses excepcionals - La Villarroel\",\"description\":\"les coses excepcionals a la villarroel\",\"copyright\":\"\",\"order\":8},{\"localizer\":\"V4PORTADA\",\"url\":\"media\/ver\/port\/v4\/3170D\/01_090_00059265\/2-Portada_1_760x760.jpg\",\"thumb_url\":\"\",\"title\":\"Les coses excepcionals - La Villarroel\",\"description\":\"les coses excepcionals a la villarroel\",\"copyright\":\"\",\"order\":9},{\"localizer\":\"V3CARTELL\",\"url\":\"media\/ver\/cartell\/v3\/3170E\/01_085_00059329\/MEDITERRANEA_CARTELLS.png\",\"thumb_url\":\"media\/ver\/cartell\/v3\/3170E\/01_085_00059329\/MEDITERRANEA_CARTELLS_thumb.jpg\",\"title\":\"Les coses excepcionals - Mediterranea\",\"description\":\"les coses excepcionals mediterranea\",\"copyright\":\"\",\"order\":10},{\"localizer\":\"V3SLIDEDISTRI\",\"url\":\"media\/ftgalslide\/v3\/3170E\/01_086_00059330\/MEDITERRANEA_FOTO_HORITZONTAL.png\",\"thumb_url\":\"media\/ftgalslide\/v3\/3170E\/01_086_00059330\/MEDITERRANEA_FOTO_HORITZONTAL_thumb.jpg\",\"title\":\"Les coses excepcionals - Mediterranea\",\"description\":\"les coses excepcionals mediterranea\",\"copyright\":\"\",\"order\":11}]","material__texto_intro":"","data_material":null,"data_gallery":"","data_discounts":"[]","contract_is_open":true,"in_tour":false},"yoast_head":"<!-- This site is optimized with the Yoast SEO plugin v27.5 - https:\/\/yoast.com\/product\/yoast-seo-wordpress\/ -->\n<title>Les coses excepcionals - La Villarroel<\/title>\n<meta name=\"robots\" content=\"index, follow, max-snippet:-1, max-image-preview:large, max-video-preview:-1\" \/>\n<link rel=\"canonical\" href=\"https:\/\/www.lavillarroel.cat\/es\/ex\/les-coses-excepcionals\/\" \/>\n<script type=\"application\/ld+json\" class=\"yoast-schema-graph\">{\"@context\":\"https:\\\/\\\/schema.org\",\"@graph\":[{\"@type\":\"WebPage\",\"@id\":\"https:\\\/\\\/www.lavillarroel.cat\\\/es\\\/ex\\\/les-coses-excepcionals\\\/\",\"url\":\"https:\\\/\\\/www.lavillarroel.cat\\\/es\\\/ex\\\/les-coses-excepcionals\\\/\",\"name\":\"Les coses excepcionals - La Villarroel\",\"isPartOf\":{\"@id\":\"https:\\\/\\\/www.lavillarroel.cat\\\/es\\\/#website\"},\"datePublished\":\"2025-09-18T13:33:54+00:00\",\"dateModified\":\"2025-11-25T08:41:35+00:00\",\"breadcrumb\":{\"@id\":\"https:\\\/\\\/www.lavillarroel.cat\\\/es\\\/ex\\\/les-coses-excepcionals\\\/#breadcrumb\"},\"inLanguage\":\"es\",\"potentialAction\":[{\"@type\":\"ReadAction\",\"target\":[\"https:\\\/\\\/www.lavillarroel.cat\\\/es\\\/ex\\\/les-coses-excepcionals\\\/\"]}]},{\"@type\":\"BreadcrumbList\",\"@id\":\"https:\\\/\\\/www.lavillarroel.cat\\\/es\\\/ex\\\/les-coses-excepcionals\\\/#breadcrumb\",\"itemListElement\":[{\"@type\":\"ListItem\",\"position\":1,\"name\":\"Inici\",\"item\":\"https:\\\/\\\/www.lavillarroel.cat\\\/es\\\/\"},{\"@type\":\"ListItem\",\"position\":2,\"name\":\"Espectacles\",\"item\":\"https:\\\/\\\/www.lavillarroel.cat\\\/es\\\/ex\\\/\"},{\"@type\":\"ListItem\",\"position\":3,\"name\":\"Les coses excepcionals\"}]},{\"@type\":\"WebSite\",\"@id\":\"https:\\\/\\\/www.lavillarroel.cat\\\/es\\\/#website\",\"url\":\"https:\\\/\\\/www.lavillarroel.cat\\\/es\\\/\",\"name\":\"La Villarroel\",\"description\":\"\",\"publisher\":{\"@id\":\"https:\\\/\\\/www.lavillarroel.cat\\\/es\\\/#organization\"},\"potentialAction\":[{\"@type\":\"SearchAction\",\"target\":{\"@type\":\"EntryPoint\",\"urlTemplate\":\"https:\\\/\\\/www.lavillarroel.cat\\\/es\\\/?s={search_term_string}\"},\"query-input\":{\"@type\":\"PropertyValueSpecification\",\"valueRequired\":true,\"valueName\":\"search_term_string\"}}],\"inLanguage\":\"es\"},{\"@type\":\"Organization\",\"@id\":\"https:\\\/\\\/www.lavillarroel.cat\\\/es\\\/#organization\",\"name\":\"La Villarroel\",\"url\":\"https:\\\/\\\/www.lavillarroel.cat\\\/es\\\/\",\"logo\":{\"@type\":\"ImageObject\",\"inLanguage\":\"es\",\"@id\":\"https:\\\/\\\/www.lavillarroel.cat\\\/es\\\/#\\\/schema\\\/logo\\\/image\\\/\",\"url\":\"https:\\\/\\\/www.lavillarroel.cat\\\/wp-content\\\/uploads\\\/sites\\\/5\\\/2017\\\/09\\\/teatre-villaroel-logo.svg\",\"contentUrl\":\"https:\\\/\\\/www.lavillarroel.cat\\\/wp-content\\\/uploads\\\/sites\\\/5\\\/2017\\\/09\\\/teatre-villaroel-logo.svg\",\"width\":1,\"height\":1,\"caption\":\"La Villarroel\"},\"image\":{\"@id\":\"https:\\\/\\\/www.lavillarroel.cat\\\/es\\\/#\\\/schema\\\/logo\\\/image\\\/\"},\"sameAs\":[\"http:\\\/\\\/www.facebook.com\\\/TeatreVillarroel\",\"https:\\\/\\\/x.com\\\/la_villarroel\",\"http:\\\/\\\/instagram.com\\\/la_villarroel\",\"http:\\\/\\\/www.youtube.com\\\/user\\\/LaVillarroel#p\\\/u\"]}]}<\/script>\n<!-- \/ Yoast SEO plugin. -->","yoast_head_json":{"title":"Les coses excepcionals - La Villarroel","robots":{"index":"index","follow":"follow","max-snippet":"max-snippet:-1","max-image-preview":"max-image-preview:large","max-video-preview":"max-video-preview:-1"},"canonical":"https:\/\/www.lavillarroel.cat\/es\/ex\/les-coses-excepcionals\/","schema":{"@context":"https:\/\/schema.org","@graph":[{"@type":"WebPage","@id":"https:\/\/www.lavillarroel.cat\/es\/ex\/les-coses-excepcionals\/","url":"https:\/\/www.lavillarroel.cat\/es\/ex\/les-coses-excepcionals\/","name":"Les coses excepcionals - La Villarroel","isPartOf":{"@id":"https:\/\/www.lavillarroel.cat\/es\/#website"},"datePublished":"2025-09-18T13:33:54+00:00","dateModified":"2025-11-25T08:41:35+00:00","breadcrumb":{"@id":"https:\/\/www.lavillarroel.cat\/es\/ex\/les-coses-excepcionals\/#breadcrumb"},"inLanguage":"es","potentialAction":[{"@type":"ReadAction","target":["https:\/\/www.lavillarroel.cat\/es\/ex\/les-coses-excepcionals\/"]}]},{"@type":"BreadcrumbList","@id":"https:\/\/www.lavillarroel.cat\/es\/ex\/les-coses-excepcionals\/#breadcrumb","itemListElement":[{"@type":"ListItem","position":1,"name":"Inici","item":"https:\/\/www.lavillarroel.cat\/es\/"},{"@type":"ListItem","position":2,"name":"Espectacles","item":"https:\/\/www.lavillarroel.cat\/es\/ex\/"},{"@type":"ListItem","position":3,"name":"Les coses excepcionals"}]},{"@type":"WebSite","@id":"https:\/\/www.lavillarroel.cat\/es\/#website","url":"https:\/\/www.lavillarroel.cat\/es\/","name":"La Villarroel","description":"","publisher":{"@id":"https:\/\/www.lavillarroel.cat\/es\/#organization"},"potentialAction":[{"@type":"SearchAction","target":{"@type":"EntryPoint","urlTemplate":"https:\/\/www.lavillarroel.cat\/es\/?s={search_term_string}"},"query-input":{"@type":"PropertyValueSpecification","valueRequired":true,"valueName":"search_term_string"}}],"inLanguage":"es"},{"@type":"Organization","@id":"https:\/\/www.lavillarroel.cat\/es\/#organization","name":"La Villarroel","url":"https:\/\/www.lavillarroel.cat\/es\/","logo":{"@type":"ImageObject","inLanguage":"es","@id":"https:\/\/www.lavillarroel.cat\/es\/#\/schema\/logo\/image\/","url":"https:\/\/www.lavillarroel.cat\/wp-content\/uploads\/sites\/5\/2017\/09\/teatre-villaroel-logo.svg","contentUrl":"https:\/\/www.lavillarroel.cat\/wp-content\/uploads\/sites\/5\/2017\/09\/teatre-villaroel-logo.svg","width":1,"height":1,"caption":"La Villarroel"},"image":{"@id":"https:\/\/www.lavillarroel.cat\/es\/#\/schema\/logo\/image\/"},"sameAs":["http:\/\/www.facebook.com\/TeatreVillarroel","https:\/\/x.com\/la_villarroel","http:\/\/instagram.com\/la_villarroel","http:\/\/www.youtube.com\/user\/LaVillarroel#p\/u"]}]}},"translations":[{"id":4202,"locale":"ca"},{"id":4203,"locale":"es"}],"_links":{"self":[{"href":"https:\/\/www.lavillarroel.cat\/es\/wp-json\/wp\/v2\/ex\/4203","targetHints":{"allow":["GET"]}}],"collection":[{"href":"https:\/\/www.lavillarroel.cat\/es\/wp-json\/wp\/v2\/ex"}],"about":[{"href":"https:\/\/www.lavillarroel.cat\/es\/wp-json\/wp\/v2\/types\/ex"}],"author":[{"embeddable":true,"href":"https:\/\/www.lavillarroel.cat\/es\/wp-json\/wp\/v2\/users\/2"}],"replies":[{"embeddable":true,"href":"https:\/\/www.lavillarroel.cat\/es\/wp-json\/wp\/v2\/comments?post=4203"}],"acf:term":[{"embeddable":true,"taxonomy":"season","href":"https:\/\/www.lavillarroel.cat\/es\/wp-json\/wp\/v2\/season\/102"}],"wp:attachment":[{"href":"https:\/\/www.lavillarroel.cat\/es\/wp-json\/wp\/v2\/media?parent=4203"}],"curies":[{"name":"wp","href":"https:\/\/api.w.org\/{rel}","templated":true}]}}

<strong>Una comedia luminosa sobre las crisis personales.</strong> <br /><br />Tengo seis años. Mi madre está en el hospital. Mi padre dice que ha hecho “algo estúpido.” Le cuesta ser feliz.<br />Así que empiezas a hacer una lista de las cosas excepcionales de este mundo. Cada una de las cosas que hacen que la vida merezca la pena.<br />1- El helado<br />2- Las pelis de Kung-Fu<br />3- Quemar cosas<br />4- Reír tan fuerte que te salga leche por la nariz.<br />5- Las grúas de las obras<br />6- Yo<br />La dejas en su almohada. Sabes que la ha leído porque te ha corregido la ortografía. La lista no tarda al tener vida propia.<br />Les Coses Exepcionals es una comedia sobre la depresión y sobre aquello que estamos dispuestos a hacer por aquellos que amamos.<br />Traducida al catalán como ‘Les Coses Excepcionals’, ‘Every Brilliant Thing’ se estrenó al Fringe Festival de Ludlow en 2013, desde entonces ha girado por el Reino Unido, Edimburgo, Nueva York, Australia (al Perth International Festival y en Melbourne, Wellington, Nueva Zelanda y Carolina del sur)<br />Lyn Gardner describió el espectáculo como “una de las obras más divertidas que veréis nunca sobre la depresión” a la crítica que hizo para The Guardian.<br />(*) El espectáculo requiere la participación del público

Espectáculo en catalán

Una comèdia lluminosa sobre les crisis personals.

<p>Título original: <strong>Every Brilliant Thing</strong><br />Autoría: <strong>Duncan Macmillan</strong><br />Traducción: <strong>Adriana Nadal</strong><br />Dirección: <strong>Sixto Paz Produccions</strong></p>
<p>Intérprete: <strong>Pau Roca</strong> </p>
<p>Escenografía: <strong>Paula Bosch</strong> <br />Iluminación: <strong>Ignasi Bosch/Guillem Gelabert</strong></p>
<p>Producción: <strong>Adriana Nadal y Pol Cornudella</strong></p>
<p>Jefa técnica del teatro: <strong>Marta Pérez</strong> <br /><br />Marketing y comunicación: <strong>La Villarroel</strong> <br />Redes: <strong>Eladi Bonastre</strong><br />Diseño imagen: <strong>Kiku Piñol</strong><br />Diseño gráfico: <strong>Edu Buch<br /></strong>&nbsp;<br />Primera representación en el <strong>Teatre Heartbreack Hotel el 26 de març de 2025<br /></strong><br />Distribución: <strong>Anita Lüscher&nbsp; (</strong><a href="mailto:aluscher@mediterraneagira.com"><strong>aluscher@mediterraneagira.com</strong></a><strong>)</strong> </p>
<p>Es una producción de<strong> Sixto Paz Produccions</strong><br /></p>

Andreu Gomila|TIME OUT|"Excepcional.|
Marcos Ordóñez|EL PAÍS|"Comedia brillante y optimista... Función con el corazón en la mano que atrapa."
Aida Pallarés|EL PERIÓDICO|"Una experiència col·lectiva y transformadora."
