{"id":4439,"date":"2026-09-03T15:52:19","date_gmt":"2026-09-03T13:52:19","guid":{"rendered":"https:\/\/www.lavillarroel.cat\/ex\/yo-digo-papa\/"},"modified":"2026-09-03T17:29:17","modified_gmt":"2026-09-03T15:29:17","slug":"i-say-potato","status":"publish","type":"ex","link":"https:\/\/www.lavillarroel.cat\/es\/ex\/i-say-potato\/","title":{"rendered":"I say potato"},"content":{"rendered":"","protected":false},"excerpt":{"rendered":"","protected":false},"author":2,"featured_media":0,"comment_status":"closed","ping_status":"closed","template":"","class_list":["post-4439","ex","type-ex","status-publish","hentry"],"acf":{"txt_synopsis":"<p> <strong>La segunda parte de la exitosa You say tomato (para quienes la hayan visto) <\/strong> <\/p><p> <\/p><p><strong>Una mirada sobre el paso del tiempo (para quienes no la hayan visto) <\/strong> <\/p><p> <\/p><p>I Say Potato es una comedia sobre la soledad y sobre el paso del tiempo; es una eleg\u00eda por la vida que un d\u00eda so\u00f1amos tener y es, sobre todo, una apasionada discusi\u00f3n con un ex. Es una historia de amor, supongo, pero del amor de verdad, que ni dura para siempre ni desaparece nunca del todo.  <\/p>","main_buy_link":"https:\/\/tickets.oneboxtds.com\/lavillarroel\/events\/58866?hl=es-ES","main_buy_links":"[\"https:\/\/tickets.oneboxtds.com\/lavillarroel\/events\/58866?hl=es-ES\"]","group_buy_link":"https:\/\/www.promentrada.com\/es\/programacion\/c\/2158-i-say-potato-grupos.html","show_language":"Espect\u00e1culo en catal\u00e1n  ","show_duration":"70","show_start_date":"20270212000000","show_end_date":"20270314000000","show_sort_date":"20270212000000","txt_custom_show_dates":"","show_disciplines":"6","show_ultimes_funcions":false,"hide_tarifes_especials":false,"show_properament":false,"txt_additional_info":"<p>Recomendado para <strong>todas las edades <\/strong> <\/p>","txt_present":"","show_season":false,"txt_season":"[\"2026\/27\"]","txt_cycle":"","txt_claim":"","txt_cast_excerpt":"","txt_cast":"<p>Autor\u00eda y dramaturgia: <strong>Joan Yago<br><\/strong>Direcci\u00f3n: <strong>Joan Maria Segura i Bernadas <\/strong> <\/p><p> <\/p><p>Int\u00e9rpretes: <strong>Anna Moliner y Joan Negri\u00e9<\/strong>  <\/p><p> <\/p><p>Escenograf\u00eda: <strong>Enric Planas<br><\/strong>Vestuario: <strong>Carlota Ricart<br><\/strong>Iluminaci\u00f3n: <strong>Isa Joaniquet<br><\/strong>M\u00fasica y espacio sonoro: <strong>Xavier Mestres <\/strong> <\/p><p> <\/p><p>Producci\u00f3n ejecutiva: <strong>Joan Negri\u00e9<br><\/strong>Productora: <strong>Roser Soler<br><\/strong>Producci\u00f3n en gira: <strong>\u00c0ngel Monlle\u00f3<br><\/strong>Gerencia: <strong>Manel Torres<\/strong>  <\/p><p> <\/p><p>Regidur\u00eda: <strong>Marc Pinyol<br><\/strong>Responsable t\u00e9cnico: <strong>Ramon Beneito<br><\/strong>Jefe t\u00e9cnico del teatro: <strong>Andr\u00e9s Piza <\/strong> <\/p><p> <\/p><p>Prensa y comunicaci\u00f3n: <strong>Laia Mar\u00edn<br><\/strong>Marketing y comunicaci\u00f3n del teatro: <strong>La Villarroel<br><\/strong>Fotograf\u00eda del cartel: <strong>Sergi Panizo<br><\/strong>Dise\u00f1o gr\u00e1fico:<strong> Albert Ru\u00e9 <\/strong> <\/p><p> <\/p><p><strong> <\/strong> <\/p><p> <\/p><p>Con el apoyo de: <strong>Institut Catal\u00e0 de les Empreses Culturals (ICEC) - Generalitat de Catalunya<\/strong> <\/p><p>  <\/p><p>Agradecimientos: <strong>La Virgueria, Nau Ivanow, E\u00f2lia i Atrium, Dana Carbonell-Sala Siconi<\/strong>  <\/p><p> <\/p><p>Distribuci\u00f3n: <strong>Mar Puig <\/strong> <\/p><p> <\/p><p>Es una producci\u00f3n de <strong>Sala Trono <\/strong> <\/p>","txt_reviews":"","hashtag":"Yo digo patata","have_promo":"","slogan":"","id_exhibicio":2422,"id_versio":1887,"id_local":4,"txt_seo_desc":"I say potato a La Villarroel de Barcelona","data_images":"[{\"localizer\":\"V4CARTELL\",\"url\":\"media\/ver\/cartell\/v4\/2026\/09\/e859ad74-63af-4840-b8b9-431b3a965c86.jpg\",\"thumb_url\":\"media\/ver\/cartell\/v4\/2026\/09\/e6a30d0c-bcf8-4c5e-8e5a-e64274b88e5e.jpg\",\"title\":\"I say potato a La Villarroel de Barcelona\",\"description\":\"<p>I&nbsp;say&nbsp;potato&nbsp;a&nbsp;La&nbsp;Villarroel&nbsp;de&nbsp;Barcelona<\/p>\",\"copyright\":\"\",\"order\":0},{\"localizer\":\"V4PORTADA\",\"url\":\"media\/ver\/port\/v4\/2026\/09\/54dd3c2a-6818-41f8-be4d-c90ee610c6ee.jpg\",\"thumb_url\":\"media\/ver\/port\/v4\/2026\/09\/a2e1ea37-a6e4-415c-9d0a-2570a3de2385.jpg\",\"title\":\"I say potato a La Villarroel de Barcelona\",\"description\":\"<p>I&nbsp;say&nbsp;potato&nbsp;a&nbsp;La&nbsp;Villarroel&nbsp;de&nbsp;Barcelona<\/p>\",\"copyright\":\"\",\"order\":0},{\"localizer\":\"V4PORTADAWIDE\",\"url\":\"media\/ver\/port\/wide\/v4\/2026\/09\/b16fcfa7-ef7f-4385-936a-4a6deaf277a3.jpg\",\"thumb_url\":\"media\/ver\/port\/wide\/v4\/2026\/09\/51957764-0265-4088-b9cb-403f4b61f4e1.jpg\",\"title\":\"I say potato a La Villarroel de Barcelona\",\"description\":\"<p>I&nbsp;say&nbsp;potato&nbsp;a&nbsp;La&nbsp;Villarroel&nbsp;de&nbsp;Barcelona<\/p>\",\"copyright\":\"\",\"order\":0},{\"localizer\":\"V4PORTADAWIDEMOBILE\",\"url\":\"media\/ver\/port\/wide\/mobile\/v4\/2026\/09\/8771a430-6cbe-489d-95e7-6dbe4f9950da.jpg\",\"thumb_url\":\"media\/ver\/port\/wide\/mobile\/v4\/2026\/09\/9dd1b88c-ab2a-40e0-91f8-efed4bebdfe1.jpg\",\"title\":\"I say potato a La Villarroel de Barcelona\",\"description\":\"<p>I&nbsp;say&nbsp;potato&nbsp;a&nbsp;La&nbsp;Villarroel&nbsp;de&nbsp;Barcelona<\/p>\",\"copyright\":\"\",\"order\":0}]","material__texto_intro":"","data_material":null,"data_gallery":"","data_discounts":"[]","contract_is_open":false,"in_tour":false},"yoast_head":"<!-- This site is optimized with the Yoast SEO plugin v28.4 - https:\/\/yoast.com\/product\/yoast-seo-wordpress\/ -->\n<title>I say potato - La Villarroel<\/title>\n<meta name=\"robots\" content=\"index, follow, max-snippet:-1, max-image-preview:large, max-video-preview:-1\" \/>\n<link rel=\"canonical\" href=\"https:\/\/www.lavillarroel.cat\/es\/ex\/i-say-potato\/\" \/>\n<script type=\"application\/ld+json\" class=\"yoast-schema-graph\">{\"@context\":\"https:\\\/\\\/schema.org\",\"@graph\":[{\"@type\":\"WebPage\",\"@id\":\"https:\\\/\\\/www.lavillarroel.cat\\\/es\\\/ex\\\/i-say-potato\\\/\",\"url\":\"https:\\\/\\\/www.lavillarroel.cat\\\/es\\\/ex\\\/i-say-potato\\\/\",\"name\":\"I say potato - La Villarroel\",\"isPartOf\":{\"@id\":\"https:\\\/\\\/www.lavillarroel.cat\\\/es\\\/#website\"},\"datePublished\":\"2026-09-03T13:52:19+00:00\",\"dateModified\":\"2026-09-03T15:29:17+00:00\",\"breadcrumb\":{\"@id\":\"https:\\\/\\\/www.lavillarroel.cat\\\/es\\\/ex\\\/i-say-potato\\\/#breadcrumb\"},\"inLanguage\":\"es\",\"potentialAction\":[{\"@type\":\"ReadAction\",\"target\":[\"https:\\\/\\\/www.lavillarroel.cat\\\/es\\\/ex\\\/i-say-potato\\\/\"]}]},{\"@type\":\"BreadcrumbList\",\"@id\":\"https:\\\/\\\/www.lavillarroel.cat\\\/es\\\/ex\\\/i-say-potato\\\/#breadcrumb\",\"itemListElement\":[{\"@type\":\"ListItem\",\"position\":1,\"name\":\"Inici\",\"item\":\"https:\\\/\\\/www.lavillarroel.cat\\\/es\\\/\"},{\"@type\":\"ListItem\",\"position\":2,\"name\":\"Espectacles\",\"item\":\"https:\\\/\\\/www.lavillarroel.cat\\\/es\\\/ex\\\/\"},{\"@type\":\"ListItem\",\"position\":3,\"name\":\"I say potato\"}]},{\"@type\":\"WebSite\",\"@id\":\"https:\\\/\\\/www.lavillarroel.cat\\\/es\\\/#website\",\"url\":\"https:\\\/\\\/www.lavillarroel.cat\\\/es\\\/\",\"name\":\"La Villarroel\",\"description\":\"\",\"publisher\":{\"@id\":\"https:\\\/\\\/www.lavillarroel.cat\\\/es\\\/#organization\"},\"potentialAction\":[{\"@type\":\"SearchAction\",\"target\":{\"@type\":\"EntryPoint\",\"urlTemplate\":\"https:\\\/\\\/www.lavillarroel.cat\\\/es\\\/?s={search_term_string}\"},\"query-input\":{\"@type\":\"PropertyValueSpecification\",\"valueRequired\":true,\"valueName\":\"search_term_string\"}}],\"inLanguage\":\"es\"},{\"@type\":\"Organization\",\"@id\":\"https:\\\/\\\/www.lavillarroel.cat\\\/es\\\/#organization\",\"name\":\"La Villarroel\",\"url\":\"https:\\\/\\\/www.lavillarroel.cat\\\/es\\\/\",\"logo\":{\"@type\":\"ImageObject\",\"inLanguage\":\"es\",\"@id\":\"https:\\\/\\\/www.lavillarroel.cat\\\/es\\\/#\\\/schema\\\/logo\\\/image\\\/\",\"url\":\"https:\\\/\\\/www.lavillarroel.cat\\\/wp-content\\\/uploads\\\/sites\\\/5\\\/2017\\\/09\\\/teatre-villaroel-logo.svg\",\"contentUrl\":\"https:\\\/\\\/www.lavillarroel.cat\\\/wp-content\\\/uploads\\\/sites\\\/5\\\/2017\\\/09\\\/teatre-villaroel-logo.svg\",\"width\":1,\"height\":1,\"caption\":\"La Villarroel\"},\"image\":{\"@id\":\"https:\\\/\\\/www.lavillarroel.cat\\\/es\\\/#\\\/schema\\\/logo\\\/image\\\/\"},\"sameAs\":[\"http:\\\/\\\/www.facebook.com\\\/TeatreVillarroel\",\"https:\\\/\\\/x.com\\\/la_villarroel\",\"http:\\\/\\\/instagram.com\\\/la_villarroel\",\"http:\\\/\\\/www.youtube.com\\\/user\\\/LaVillarroel#p\\\/u\"]}]}<\/script>\n<!-- \/ Yoast SEO plugin. -->","yoast_head_json":{"title":"I say potato - La Villarroel","robots":{"index":"index","follow":"follow","max-snippet":"max-snippet:-1","max-image-preview":"max-image-preview:large","max-video-preview":"max-video-preview:-1"},"canonical":"https:\/\/www.lavillarroel.cat\/es\/ex\/i-say-potato\/","schema":{"@context":"https:\/\/schema.org","@graph":[{"@type":"WebPage","@id":"https:\/\/www.lavillarroel.cat\/es\/ex\/i-say-potato\/","url":"https:\/\/www.lavillarroel.cat\/es\/ex\/i-say-potato\/","name":"I say potato - La Villarroel","isPartOf":{"@id":"https:\/\/www.lavillarroel.cat\/es\/#website"},"datePublished":"2026-09-03T13:52:19+00:00","dateModified":"2026-09-03T15:29:17+00:00","breadcrumb":{"@id":"https:\/\/www.lavillarroel.cat\/es\/ex\/i-say-potato\/#breadcrumb"},"inLanguage":"es","potentialAction":[{"@type":"ReadAction","target":["https:\/\/www.lavillarroel.cat\/es\/ex\/i-say-potato\/"]}]},{"@type":"BreadcrumbList","@id":"https:\/\/www.lavillarroel.cat\/es\/ex\/i-say-potato\/#breadcrumb","itemListElement":[{"@type":"ListItem","position":1,"name":"Inici","item":"https:\/\/www.lavillarroel.cat\/es\/"},{"@type":"ListItem","position":2,"name":"Espectacles","item":"https:\/\/www.lavillarroel.cat\/es\/ex\/"},{"@type":"ListItem","position":3,"name":"I say potato"}]},{"@type":"WebSite","@id":"https:\/\/www.lavillarroel.cat\/es\/#website","url":"https:\/\/www.lavillarroel.cat\/es\/","name":"La Villarroel","description":"","publisher":{"@id":"https:\/\/www.lavillarroel.cat\/es\/#organization"},"potentialAction":[{"@type":"SearchAction","target":{"@type":"EntryPoint","urlTemplate":"https:\/\/www.lavillarroel.cat\/es\/?s={search_term_string}"},"query-input":{"@type":"PropertyValueSpecification","valueRequired":true,"valueName":"search_term_string"}}],"inLanguage":"es"},{"@type":"Organization","@id":"https:\/\/www.lavillarroel.cat\/es\/#organization","name":"La Villarroel","url":"https:\/\/www.lavillarroel.cat\/es\/","logo":{"@type":"ImageObject","inLanguage":"es","@id":"https:\/\/www.lavillarroel.cat\/es\/#\/schema\/logo\/image\/","url":"https:\/\/www.lavillarroel.cat\/wp-content\/uploads\/sites\/5\/2017\/09\/teatre-villaroel-logo.svg","contentUrl":"https:\/\/www.lavillarroel.cat\/wp-content\/uploads\/sites\/5\/2017\/09\/teatre-villaroel-logo.svg","width":1,"height":1,"caption":"La Villarroel"},"image":{"@id":"https:\/\/www.lavillarroel.cat\/es\/#\/schema\/logo\/image\/"},"sameAs":["http:\/\/www.facebook.com\/TeatreVillarroel","https:\/\/x.com\/la_villarroel","http:\/\/instagram.com\/la_villarroel","http:\/\/www.youtube.com\/user\/LaVillarroel#p\/u"]}]}},"translations":[{"id":4438,"locale":"ca"},{"id":4439,"locale":"es"}],"_links":{"self":[{"href":"https:\/\/www.lavillarroel.cat\/es\/wp-json\/wp\/v2\/ex\/4439","targetHints":{"allow":["GET"]}}],"collection":[{"href":"https:\/\/www.lavillarroel.cat\/es\/wp-json\/wp\/v2\/ex"}],"about":[{"href":"https:\/\/www.lavillarroel.cat\/es\/wp-json\/wp\/v2\/types\/ex"}],"author":[{"embeddable":true,"href":"https:\/\/www.lavillarroel.cat\/es\/wp-json\/wp\/v2\/users\/2"}],"replies":[{"embeddable":true,"href":"https:\/\/www.lavillarroel.cat\/es\/wp-json\/wp\/v2\/comments?post=4439"}],"wp:attachment":[{"href":"https:\/\/www.lavillarroel.cat\/es\/wp-json\/wp\/v2\/media?parent=4439"}],"curies":[{"name":"wp","href":"https:\/\/api.w.org\/{rel}","templated":true}]}}

<p> <strong>La segunda parte de la exitosa You say tomato (para quienes la hayan visto) </strong> </p><p> </p><p><strong>Una mirada sobre el paso del tiempo (para quienes no la hayan visto) </strong> </p><p> </p><p>I Say Potato es una comedia sobre la soledad y sobre el paso del tiempo; es una elegía por la vida que un día soñamos tener y es, sobre todo, una apasionada discusión con un ex. Es una historia de amor, supongo, pero del amor de verdad, que ni dura para siempre ni desaparece nunca del todo.  </p>

Espectáculo en catalán

<p>Autoría y dramaturgia: <strong>Joan Yago<br></strong>Dirección: <strong>Joan Maria Segura i Bernadas </strong> </p><p> </p><p>Intérpretes: <strong>Anna Moliner y Joan Negrié</strong>  </p><p> </p><p>Escenografía: <strong>Enric Planas<br></strong>Vestuario: <strong>Carlota Ricart<br></strong>Iluminación: <strong>Isa Joaniquet<br></strong>Música y espacio sonoro: <strong>Xavier Mestres </strong> </p><p> </p><p>Producción ejecutiva: <strong>Joan Negrié<br></strong>Productora: <strong>Roser Soler<br></strong>Producción en gira: <strong>Àngel Monlleó<br></strong>Gerencia: <strong>Manel Torres</strong>  </p><p> </p><p>Regiduría: <strong>Marc Pinyol<br></strong>Responsable técnico: <strong>Ramon Beneito<br></strong>Jefe técnico del teatro: <strong>Andrés Piza </strong> </p><p> </p><p>Prensa y comunicación: <strong>Laia Marín<br></strong>Marketing y comunicación del teatro: <strong>La Villarroel<br></strong>Fotografía del cartel: <strong>Sergi Panizo<br></strong>Diseño gráfico:<strong> Albert Rué </strong> </p><p> </p><p><strong> </strong> </p><p> </p><p>Con el apoyo de: <strong>Institut Català de les Empreses Culturals (ICEC) - Generalitat de Catalunya</strong> </p><p>  </p><p>Agradecimientos: <strong>La Virgueria, Nau Ivanow, Eòlia i Atrium, Dana Carbonell-Sala Siconi</strong>  </p><p> </p><p>Distribución: <strong>Mar Puig </strong> </p><p> </p><p>Es una producción de <strong>Sala Trono </strong> </p>
