{"id":4455,"date":"2026-09-03T16:25:21","date_gmt":"2026-09-03T14:25:21","guid":{"rendered":"https:\/\/www.lavillarroel.cat\/ex\/una-canco-llunyana\/"},"modified":"2026-09-03T16:25:21","modified_gmt":"2026-09-03T14:25:21","slug":"una-canco-llunyana","status":"publish","type":"ex","link":"https:\/\/www.lavillarroel.cat\/es\/ex\/una-canco-llunyana\/","title":{"rendered":"Una can\u00e7\u00f3 llunyana"},"content":{"rendered":"","protected":false},"excerpt":{"rendered":"","protected":false},"author":2,"featured_media":0,"comment_status":"closed","ping_status":"closed","template":"","class_list":["post-4455","ex","type-ex","status-publish","hentry"],"acf":{"txt_synopsis":"<p>Una ma\u00f1ana de invierno, Willem, un joven banquero establecido en Nueva York, recibe una llamada inesperada. Esta noticia lo obliga a regresar a \u00c1msterdam, la ciudad que dej\u00f3 atr\u00e1s hace a\u00f1os. Incapaz de encontrar su lugar en ese regreso inc\u00f3modo, Willem comienza a escribir una serie de cartas. <\/p><p> <\/p><p>A trav\u00e9s de ellas, reflexiona sobre su relaci\u00f3n con la familia, el amor que no supo conservar y la identidad que ha ido perdiendo por el camino. Con el paso de los d\u00edas, la escritura se convierte en la \u00fanica manera de poner palabras a lo que siente, de intentar comprender qu\u00e9 ha perdido y qu\u00e9 sigue a\u00fan vivo en su interior. <\/p><p><em>Una can\u00e7\u00f3 llunyana<\/em> es una obra que hace aflorar, con una mirada honesta y desnuda, la humanidad, la cotidianidad y la crudeza que habitan circunstancias como un regreso. Una pieza \u00edntima y precisa que habla de lo que permanece cuando el sonido se convierte en silencio. <\/p>","main_buy_link":"https:\/\/tickets.oneboxtds.com\/lavillarroel\/events\/58929?hl=es-ES","main_buy_links":"[\"https:\/\/tickets.oneboxtds.com\/lavillarroel\/events\/58929?hl=es-ES\"]","group_buy_link":"https:\/\/www.promentrada.com\/ca\/programacio\/c\/2167-una-canco-llunyana.html","show_language":"Espect\u00e1culo en catal\u00e0     ","show_duration":"75","show_start_date":"20270301000000","show_end_date":"20270322000000","show_sort_date":"20270301000000","txt_custom_show_dates":"","show_disciplines":"11","show_ultimes_funcions":false,"hide_tarifes_especials":false,"show_properament":false,"txt_additional_info":"<p>Recomendado a partir de <strong>14 a\u00f1os<\/strong>  <\/p><p>  <\/p>","txt_present":"","show_season":false,"txt_season":"[\"2026\/27\"]","txt_cycle":"Off La Villarroel ","txt_claim":"","txt_cast_excerpt":"","txt_cast":"<p>Autor\u00eda: <em>Simon Stephens<\/em> y <em>Mark Eitzel<\/em> <br>Adaptaci\u00f3n: <strong>Daniel Angl\u00e8s<\/strong> <br>Direcci\u00f3n: <strong>Oscar Fabr\u00e9s <\/strong> <\/p><p> <\/p><p> <\/p><p>Int\u00e9rpretes <strong>Eduardo Lloveras<\/strong> <\/p><p> <\/p><p>M\u00fasica original: <strong>Mark Eitzel<\/strong> <br>Composici\u00f3n, adaptaci\u00f3n y piano: <strong>Joel Riu<\/strong> <\/p><p>  <\/p><p>Dise\u00f1o del espacio esc\u00e9nico: <strong>Oscar Fabr\u00e9s<\/strong> <br>Dise\u00f1o de iluminaci\u00f3n:  <strong>Sergio Gracia<\/strong> <\/p><p>  <\/p><p>   <\/p><p>Producci\u00f3n ejecutiva: <strong>Oscar Fabr\u00e9s i Eduardo Lloveras<\/strong> <\/p><p>  <\/p><p>Jefe t\u00e9cnico del teatro:  <strong>Andr\u00e9s Piza<\/strong>  <\/p><p>   <\/p><p>M\u00e1rquetin y comunicaci\u00f3n: <strong>La Villarroel<\/strong>  <\/p><p>   <\/p><p>  <\/p><p>  <\/p><p>Esponsor: <strong>Iaios  <\/strong> <\/p><p>  <\/p><p>Agradecimientos: <strong>Jaume Vi\u00f1as, Casa Orlandai, Fundaci\u00f3 AISGE, Llotja Escola d&#39;Art i Disseny<\/strong> <\/p><p> <\/p><p>Es una producci\u00f3n de <strong>Oscar Fabr\u00e9s y Eduardo Lloveras<\/strong> <\/p><p> <\/p>","txt_reviews":"","hashtag":"UnaCan\u00e7oLlunyana","have_promo":"","slogan":"","id_exhibicio":2431,"id_versio":1893,"id_local":4,"txt_seo_desc":"Una can\u00e7\u00f3 llunyana a La Villarroel de Barcelona","data_images":"[{\"localizer\":\"V4CARTELL\",\"url\":\"media\/ver\/cartell\/v4\/2026\/09\/ce477b8f-7f2b-4aaa-b2f3-3e77febfd118.jpg\",\"thumb_url\":\"media\/ver\/cartell\/v4\/2026\/09\/9e5dc322-f15d-4e9f-bd0f-dd14d588f20e.jpg\",\"title\":\"Una can\u00e7\u00f3 llunyana a La Villarroel de Barcelona\",\"description\":\"<p>Una&nbsp;can\u00e7\u00f3&nbsp;llunyana&nbsp;a&nbsp;La&nbsp;Villarroel&nbsp;de&nbsp;Barcelona<\/p>\",\"copyright\":\"\",\"order\":0},{\"localizer\":\"V4PORTADA\",\"url\":\"media\/ver\/port\/v4\/2026\/09\/3d45d5e3-8dda-4090-a194-de8d64b2079f.jpg\",\"thumb_url\":\"media\/ver\/port\/v4\/2026\/09\/6fe307f3-4e45-4a61-b51d-c179ebe7fcc6.jpg\",\"title\":\"Una can\u00e7\u00f3 llunyana a La Villarroel de Barcelona\",\"description\":\"<p>Una&nbsp;can\u00e7\u00f3&nbsp;llunyana&nbsp;a&nbsp;La&nbsp;Villarroel&nbsp;de&nbsp;Barcelona<\/p>\",\"copyright\":\"\",\"order\":0},{\"localizer\":\"V4PORTADAWIDE\",\"url\":\"media\/ver\/port\/wide\/v4\/2026\/09\/1efe9d5e-b66e-41d5-b18c-872043ffa4f8.jpg\",\"thumb_url\":\"media\/ver\/port\/wide\/v4\/2026\/09\/9e24050b-6413-443f-8cd6-c7de9807d55e.jpg\",\"title\":\"Una can\u00e7\u00f3 llunyana a La Villarroel de Barcelona\",\"description\":\"<p>Una&nbsp;can\u00e7\u00f3&nbsp;llunyana&nbsp;a&nbsp;La&nbsp;Villarroel&nbsp;de&nbsp;Barcelona<\/p>\",\"copyright\":\"\",\"order\":0},{\"localizer\":\"V4PORTADAWIDEMOBILE\",\"url\":\"media\/ver\/port\/wide\/mobile\/v4\/2026\/09\/d2e12e91-0943-45e2-adfd-55fbd1ec78d4.jpg\",\"thumb_url\":\"media\/ver\/port\/wide\/mobile\/v4\/2026\/09\/1814a8a3-1547-429d-ade4-8461573c7130.jpg\",\"title\":\"Una can\u00e7\u00f3 llunyana a La Villarroel de Barcelona\",\"description\":\"<p>Una&nbsp;can\u00e7\u00f3&nbsp;llunyana&nbsp;a&nbsp;La&nbsp;Villarroel&nbsp;de&nbsp;Barcelona<\/p>\",\"copyright\":\"\",\"order\":0}]","material__texto_intro":"","data_material":null,"data_gallery":"","data_discounts":"[]","contract_is_open":false,"in_tour":false},"yoast_head":"<!-- This site is optimized with the Yoast SEO plugin v28.4 - https:\/\/yoast.com\/product\/yoast-seo-wordpress\/ -->\n<title>Una can\u00e7\u00f3 llunyana - La Villarroel<\/title>\n<meta name=\"robots\" content=\"index, follow, max-snippet:-1, max-image-preview:large, max-video-preview:-1\" \/>\n<link rel=\"canonical\" href=\"https:\/\/www.lavillarroel.cat\/es\/ex\/una-canco-llunyana\/\" \/>\n<script type=\"application\/ld+json\" class=\"yoast-schema-graph\">{\"@context\":\"https:\\\/\\\/schema.org\",\"@graph\":[{\"@type\":\"WebPage\",\"@id\":\"https:\\\/\\\/www.lavillarroel.cat\\\/es\\\/ex\\\/una-canco-llunyana\\\/\",\"url\":\"https:\\\/\\\/www.lavillarroel.cat\\\/es\\\/ex\\\/una-canco-llunyana\\\/\",\"name\":\"Una can\u00e7\u00f3 llunyana - La Villarroel\",\"isPartOf\":{\"@id\":\"https:\\\/\\\/www.lavillarroel.cat\\\/es\\\/#website\"},\"datePublished\":\"2026-09-03T14:25:21+00:00\",\"breadcrumb\":{\"@id\":\"https:\\\/\\\/www.lavillarroel.cat\\\/es\\\/ex\\\/una-canco-llunyana\\\/#breadcrumb\"},\"inLanguage\":\"es\",\"potentialAction\":[{\"@type\":\"ReadAction\",\"target\":[\"https:\\\/\\\/www.lavillarroel.cat\\\/es\\\/ex\\\/una-canco-llunyana\\\/\"]}]},{\"@type\":\"BreadcrumbList\",\"@id\":\"https:\\\/\\\/www.lavillarroel.cat\\\/es\\\/ex\\\/una-canco-llunyana\\\/#breadcrumb\",\"itemListElement\":[{\"@type\":\"ListItem\",\"position\":1,\"name\":\"Inici\",\"item\":\"https:\\\/\\\/www.lavillarroel.cat\\\/es\\\/\"},{\"@type\":\"ListItem\",\"position\":2,\"name\":\"Espectacles\",\"item\":\"https:\\\/\\\/www.lavillarroel.cat\\\/es\\\/ex\\\/\"},{\"@type\":\"ListItem\",\"position\":3,\"name\":\"Una can\u00e7\u00f3 llunyana\"}]},{\"@type\":\"WebSite\",\"@id\":\"https:\\\/\\\/www.lavillarroel.cat\\\/es\\\/#website\",\"url\":\"https:\\\/\\\/www.lavillarroel.cat\\\/es\\\/\",\"name\":\"La Villarroel\",\"description\":\"\",\"publisher\":{\"@id\":\"https:\\\/\\\/www.lavillarroel.cat\\\/es\\\/#organization\"},\"potentialAction\":[{\"@type\":\"SearchAction\",\"target\":{\"@type\":\"EntryPoint\",\"urlTemplate\":\"https:\\\/\\\/www.lavillarroel.cat\\\/es\\\/?s={search_term_string}\"},\"query-input\":{\"@type\":\"PropertyValueSpecification\",\"valueRequired\":true,\"valueName\":\"search_term_string\"}}],\"inLanguage\":\"es\"},{\"@type\":\"Organization\",\"@id\":\"https:\\\/\\\/www.lavillarroel.cat\\\/es\\\/#organization\",\"name\":\"La Villarroel\",\"url\":\"https:\\\/\\\/www.lavillarroel.cat\\\/es\\\/\",\"logo\":{\"@type\":\"ImageObject\",\"inLanguage\":\"es\",\"@id\":\"https:\\\/\\\/www.lavillarroel.cat\\\/es\\\/#\\\/schema\\\/logo\\\/image\\\/\",\"url\":\"https:\\\/\\\/www.lavillarroel.cat\\\/wp-content\\\/uploads\\\/sites\\\/5\\\/2017\\\/09\\\/teatre-villaroel-logo.svg\",\"contentUrl\":\"https:\\\/\\\/www.lavillarroel.cat\\\/wp-content\\\/uploads\\\/sites\\\/5\\\/2017\\\/09\\\/teatre-villaroel-logo.svg\",\"width\":1,\"height\":1,\"caption\":\"La Villarroel\"},\"image\":{\"@id\":\"https:\\\/\\\/www.lavillarroel.cat\\\/es\\\/#\\\/schema\\\/logo\\\/image\\\/\"},\"sameAs\":[\"http:\\\/\\\/www.facebook.com\\\/TeatreVillarroel\",\"https:\\\/\\\/x.com\\\/la_villarroel\",\"http:\\\/\\\/instagram.com\\\/la_villarroel\",\"http:\\\/\\\/www.youtube.com\\\/user\\\/LaVillarroel#p\\\/u\"]}]}<\/script>\n<!-- \/ Yoast SEO plugin. -->","yoast_head_json":{"title":"Una can\u00e7\u00f3 llunyana - La Villarroel","robots":{"index":"index","follow":"follow","max-snippet":"max-snippet:-1","max-image-preview":"max-image-preview:large","max-video-preview":"max-video-preview:-1"},"canonical":"https:\/\/www.lavillarroel.cat\/es\/ex\/una-canco-llunyana\/","schema":{"@context":"https:\/\/schema.org","@graph":[{"@type":"WebPage","@id":"https:\/\/www.lavillarroel.cat\/es\/ex\/una-canco-llunyana\/","url":"https:\/\/www.lavillarroel.cat\/es\/ex\/una-canco-llunyana\/","name":"Una can\u00e7\u00f3 llunyana - La Villarroel","isPartOf":{"@id":"https:\/\/www.lavillarroel.cat\/es\/#website"},"datePublished":"2026-09-03T14:25:21+00:00","breadcrumb":{"@id":"https:\/\/www.lavillarroel.cat\/es\/ex\/una-canco-llunyana\/#breadcrumb"},"inLanguage":"es","potentialAction":[{"@type":"ReadAction","target":["https:\/\/www.lavillarroel.cat\/es\/ex\/una-canco-llunyana\/"]}]},{"@type":"BreadcrumbList","@id":"https:\/\/www.lavillarroel.cat\/es\/ex\/una-canco-llunyana\/#breadcrumb","itemListElement":[{"@type":"ListItem","position":1,"name":"Inici","item":"https:\/\/www.lavillarroel.cat\/es\/"},{"@type":"ListItem","position":2,"name":"Espectacles","item":"https:\/\/www.lavillarroel.cat\/es\/ex\/"},{"@type":"ListItem","position":3,"name":"Una can\u00e7\u00f3 llunyana"}]},{"@type":"WebSite","@id":"https:\/\/www.lavillarroel.cat\/es\/#website","url":"https:\/\/www.lavillarroel.cat\/es\/","name":"La Villarroel","description":"","publisher":{"@id":"https:\/\/www.lavillarroel.cat\/es\/#organization"},"potentialAction":[{"@type":"SearchAction","target":{"@type":"EntryPoint","urlTemplate":"https:\/\/www.lavillarroel.cat\/es\/?s={search_term_string}"},"query-input":{"@type":"PropertyValueSpecification","valueRequired":true,"valueName":"search_term_string"}}],"inLanguage":"es"},{"@type":"Organization","@id":"https:\/\/www.lavillarroel.cat\/es\/#organization","name":"La Villarroel","url":"https:\/\/www.lavillarroel.cat\/es\/","logo":{"@type":"ImageObject","inLanguage":"es","@id":"https:\/\/www.lavillarroel.cat\/es\/#\/schema\/logo\/image\/","url":"https:\/\/www.lavillarroel.cat\/wp-content\/uploads\/sites\/5\/2017\/09\/teatre-villaroel-logo.svg","contentUrl":"https:\/\/www.lavillarroel.cat\/wp-content\/uploads\/sites\/5\/2017\/09\/teatre-villaroel-logo.svg","width":1,"height":1,"caption":"La Villarroel"},"image":{"@id":"https:\/\/www.lavillarroel.cat\/es\/#\/schema\/logo\/image\/"},"sameAs":["http:\/\/www.facebook.com\/TeatreVillarroel","https:\/\/x.com\/la_villarroel","http:\/\/instagram.com\/la_villarroel","http:\/\/www.youtube.com\/user\/LaVillarroel#p\/u"]}]}},"translations":[{"id":4454,"locale":"ca"},{"id":4455,"locale":"es"}],"_links":{"self":[{"href":"https:\/\/www.lavillarroel.cat\/es\/wp-json\/wp\/v2\/ex\/4455","targetHints":{"allow":["GET"]}}],"collection":[{"href":"https:\/\/www.lavillarroel.cat\/es\/wp-json\/wp\/v2\/ex"}],"about":[{"href":"https:\/\/www.lavillarroel.cat\/es\/wp-json\/wp\/v2\/types\/ex"}],"author":[{"embeddable":true,"href":"https:\/\/www.lavillarroel.cat\/es\/wp-json\/wp\/v2\/users\/2"}],"replies":[{"embeddable":true,"href":"https:\/\/www.lavillarroel.cat\/es\/wp-json\/wp\/v2\/comments?post=4455"}],"wp:attachment":[{"href":"https:\/\/www.lavillarroel.cat\/es\/wp-json\/wp\/v2\/media?parent=4455"}],"curies":[{"name":"wp","href":"https:\/\/api.w.org\/{rel}","templated":true}]}}

Una cançó llunyana

<p>Una mañana de invierno, Willem, un joven banquero establecido en Nueva York, recibe una llamada inesperada. Esta noticia lo obliga a regresar a Ámsterdam, la ciudad que dejó atrás hace años. Incapaz de encontrar su lugar en ese regreso incómodo, Willem comienza a escribir una serie de cartas. </p><p> </p><p>A través de ellas, reflexiona sobre su relación con la familia, el amor que no supo conservar y la identidad que ha ido perdiendo por el camino. Con el paso de los días, la escritura se convierte en la única manera de poner palabras a lo que siente, de intentar comprender qué ha perdido y qué sigue aún vivo en su interior. </p><p><em>Una cançó llunyana</em> es una obra que hace aflorar, con una mirada honesta y desnuda, la humanidad, la cotidianidad y la crudeza que habitan circunstancias como un regreso. Una pieza íntima y precisa que habla de lo que permanece cuando el sonido se convierte en silencio. </p>

Espectáculo en català

<p>Recomendado a partir de <strong>14 años</strong>  </p><p>  </p>

<p>Autoría: <em>Simon Stephens</em> y <em>Mark Eitzel</em> <br>Adaptación: <strong>Daniel Anglès</strong> <br>Dirección: <strong>Oscar Fabrés </strong> </p><p> </p><p> </p><p>Intérpretes <strong>Eduardo Lloveras</strong> </p><p> </p><p>Música original: <strong>Mark Eitzel</strong> <br>Composición, adaptación y piano: <strong>Joel Riu</strong> </p><p>  </p><p>Diseño del espacio escénico: <strong>Oscar Fabrés</strong> <br>Diseño de iluminación:  <strong>Sergio Gracia</strong> </p><p>  </p><p>   </p><p>Producción ejecutiva: <strong>Oscar Fabrés i Eduardo Lloveras</strong> </p><p>  </p><p>Jefe técnico del teatro:  <strong>Andrés Piza</strong>  </p><p>   </p><p>Márquetin y comunicación: <strong>La Villarroel</strong>  </p><p>   </p><p>  </p><p>  </p><p>Esponsor: <strong>Iaios  </strong> </p><p>  </p><p>Agradecimientos: <strong>Jaume Viñas, Casa Orlandai, Fundació AISGE, Llotja Escola d&#39;Art i Disseny</strong> </p><p> </p><p>Es una producción de <strong>Oscar Fabrés y Eduardo Lloveras</strong> </p><p> </p>

UnaCançoLlunyana

Una cançó llunyana a La Villarroel de Barcelona

[{"localizer":"V4CARTELL","url":"media/ver/cartell/v4/2026/09/ce477b8f-7f2b-4aaa-b2f3-3e77febfd118.jpg","thumb_url":"media/ver/cartell/v4/2026/09/9e5dc322-f15d-4e9f-bd0f-dd14d588f20e.jpg","title":"Una cançó llunyana a La Villarroel de Barcelona","description":"<p>Una&nbsp;cançó&nbsp;llunyana&nbsp;a&nbsp;La&nbsp;Villarroel&nbsp;de&nbsp;Barcelona</p>","copyright":"","order":0},{"localizer":"V4PORTADA","url":"media/ver/port/v4/2026/09/3d45d5e3-8dda-4090-a194-de8d64b2079f.jpg","thumb_url":"media/ver/port/v4/2026/09/6fe307f3-4e45-4a61-b51d-c179ebe7fcc6.jpg","title":"Una cançó llunyana a La Villarroel de Barcelona","description":"<p>Una&nbsp;cançó&nbsp;llunyana&nbsp;a&nbsp;La&nbsp;Villarroel&nbsp;de&nbsp;Barcelona</p>","copyright":"","order":0},{"localizer":"V4PORTADAWIDE","url":"media/ver/port/wide/v4/2026/09/1efe9d5e-b66e-41d5-b18c-872043ffa4f8.jpg","thumb_url":"media/ver/port/wide/v4/2026/09/9e24050b-6413-443f-8cd6-c7de9807d55e.jpg","title":"Una cançó llunyana a La Villarroel de Barcelona","description":"<p>Una&nbsp;cançó&nbsp;llunyana&nbsp;a&nbsp;La&nbsp;Villarroel&nbsp;de&nbsp;Barcelona</p>","copyright":"","order":0},{"localizer":"V4PORTADAWIDEMOBILE","url":"media/ver/port/wide/mobile/v4/2026/09/d2e12e91-0943-45e2-adfd-55fbd1ec78d4.jpg","thumb_url":"media/ver/port/wide/mobile/v4/2026/09/1814a8a3-1547-429d-ade4-8461573c7130.jpg","title":"Una cançó llunyana a La Villarroel de Barcelona","description":"<p>Una&nbsp;cançó&nbsp;llunyana&nbsp;a&nbsp;La&nbsp;Villarroel&nbsp;de&nbsp;Barcelona</p>","copyright":"","order":0}]

<!-- This site is optimized with the Yoast SEO plugin v28.4 - https://yoast.com/product/yoast-seo-wordpress/ -->
<title>Una cançó llunyana - La Villarroel</title>
<meta name="robots" content="index, follow, max-snippet:-1, max-image-preview:large, max-video-preview:-1" />
<link rel="canonical" href="https://www.lavillarroel.cat/es/ex/una-canco-llunyana/" />
<script type="application/ld+json" class="yoast-schema-graph">{"@context":"https:\/\/schema.org","@graph":[{"@type":"WebPage","@id":"https:\/\/www.lavillarroel.cat\/es\/ex\/una-canco-llunyana\/","url":"https:\/\/www.lavillarroel.cat\/es\/ex\/una-canco-llunyana\/","name":"Una cançó llunyana - La Villarroel","isPartOf":{"@id":"https:\/\/www.lavillarroel.cat\/es\/#website"},"datePublished":"2026-09-03T14:25:21+00:00","breadcrumb":{"@id":"https:\/\/www.lavillarroel.cat\/es\/ex\/una-canco-llunyana\/#breadcrumb"},"inLanguage":"es","potentialAction":[{"@type":"ReadAction","target":["https:\/\/www.lavillarroel.cat\/es\/ex\/una-canco-llunyana\/"]}]},{"@type":"BreadcrumbList","@id":"https:\/\/www.lavillarroel.cat\/es\/ex\/una-canco-llunyana\/#breadcrumb","itemListElement":[{"@type":"ListItem","position":1,"name":"Inici","item":"https:\/\/www.lavillarroel.cat\/es\/"},{"@type":"ListItem","position":2,"name":"Espectacles","item":"https:\/\/www.lavillarroel.cat\/es\/ex\/"},{"@type":"ListItem","position":3,"name":"Una cançó llunyana"}]},{"@type":"WebSite","@id":"https:\/\/www.lavillarroel.cat\/es\/#website","url":"https:\/\/www.lavillarroel.cat\/es\/","name":"La Villarroel","description":"","publisher":{"@id":"https:\/\/www.lavillarroel.cat\/es\/#organization"},"potentialAction":[{"@type":"SearchAction","target":{"@type":"EntryPoint","urlTemplate":"https:\/\/www.lavillarroel.cat\/es\/?s={search_term_string}"},"query-input":{"@type":"PropertyValueSpecification","valueRequired":true,"valueName":"search_term_string"}}],"inLanguage":"es"},{"@type":"Organization","@id":"https:\/\/www.lavillarroel.cat\/es\/#organization","name":"La Villarroel","url":"https:\/\/www.lavillarroel.cat\/es\/","logo":{"@type":"ImageObject","inLanguage":"es","@id":"https:\/\/www.lavillarroel.cat\/es\/#\/schema\/logo\/image\/","url":"https:\/\/www.lavillarroel.cat\/wp-content\/uploads\/sites\/5\/2017\/09\/teatre-villaroel-logo.svg","contentUrl":"https:\/\/www.lavillarroel.cat\/wp-content\/uploads\/sites\/5\/2017\/09\/teatre-villaroel-logo.svg","width":1,"height":1,"caption":"La Villarroel"},"image":{"@id":"https:\/\/www.lavillarroel.cat\/es\/#\/schema\/logo\/image\/"},"sameAs":["http:\/\/www.facebook.com\/TeatreVillarroel","https:\/\/x.com\/la_villarroel","http:\/\/instagram.com\/la_villarroel","http:\/\/www.youtube.com\/user\/LaVillarroel#p\/u"]}]}</script>
<!-- / Yoast SEO plugin. -->

Una cançó llunyana - La Villarroel
